74.7.242.9 - - [18/Apr/2026:19:31:41 +0700] "GET /?path=%2Fhome%2Fntu100%2F.cagefs%2Ftmp&view_file=%2Fhome%2Fntu100%2F.cagefs%2Ftmp%2FphpOYqk6u HTTP/2" 200 25586 "https://mail.ntu100.vpsttt.vn/?path=%2Fhome%2Fntu100%2F.cagefs%2Ftmp&view_file=%2Fhome%2Fntu100%2F.cagefs%2Ftmp%2Fphp6gepvN" "Mozilla/5.0 AppleWebKit/537.36 (KHTML, like Gecko; compatible; GPTBot/1.3; +https://openai.com/gptbot)"
74.7.242.9 - - [18/Apr/2026:19:31:47 +0700] "GET /?path=%2Fhome%2Fntu100%2F.cagefs%2Ftmp&view_file=%2Fhome%2Fntu100%2F.cagefs%2Ftmp%2FphphozetE HTTP/2" 200 25586 "https://mail.ntu100.vpsttt.vn/?path=%2Fhome%2Fntu100%2F.cagefs%2Ftmp&view_file=%2Fhome%2Fntu100%2F.cagefs%2Ftmp%2FphpCLolrO" "Mozilla/5.0 AppleWebKit/537.36 (KHTML, like Gecko; compatible; GPTBot/1.3; +https://openai.com/gptbot)"
74.7.242.9 - - [18/Apr/2026:19:31:51 +0700] "GET /?path=%2Fhome%2Fntu100%2F.cagefs%2Ftmp&view_file=%2Fhome%2Fntu100%2F.cagefs%2Ftmp%2FphpZVdooe HTTP/2" 200 25603 "https://mail.ntu100.vpsttt.vn/?path=%2Fhome%2Fntu100%2F.cagefs%2Ftmp&view_file=%2Fhome%2Fntu100%2F.cagefs%2Ftmp%2FphpeFHmUz" "Mozilla/5.0 AppleWebKit/537.36 (KHTML, like Gecko; compatible; GPTBot/1.3; +https://openai.com/gptbot)"
74.7.242.9 - - [18/Apr/2026:19:31:55 +0700] "GET /?path=%2Fhome%2Fntu100%2F.cagefs%2Ftmp&view_file=%2Fhome%2Fntu100%2F.cagefs%2Ftmp%2FphpvhFRq5 HTTP/2" 200 25599 "https://mail.ntu100.vpsttt.vn/?path=%2Fhome%2Fntu100%2F.cagefs%2Ftmp&view_file=%2Fhome%2Fntu100%2F.cagefs%2Ftmp%2FphpHeFTJB" "Mozilla/5.0 AppleWebKit/537.36 (KHTML, like Gecko; compatible; GPTBot/1.3; +https://openai.com/gptbot)"
74.7.242.9 - - [18/Apr/2026:19:31:59 +0700] "GET /?path=%2Fhome%2Fntu100%2F.cagefs%2Ftmp&view_file=%2Fhome%2Fntu100%2F.cagefs%2Ftmp%2FphpK9CEUY HTTP/2" 200 25601 "https://mail.ntu100.vpsttt.vn/?path=%2Fhome%2Fntu100%2F.cagefs%2Ftmp&view_file=%2Fhome%2Fntu100%2F.cagefs%2Ftmp%2FphpKoyCt3" "Mozilla/5.0 AppleWebKit/537.36 (KHTML, like Gecko; compatible; GPTBot/1.3; +https://openai.com/gptbot)"
74.7.242.9 - - [18/Apr/2026:19:32:03 +0700] "GET /?path=%2Fhome%2Fntu100%2F.cagefs%2Ftmp&view_file=%2Fhome%2Fntu100%2F.cagefs%2Ftmp%2FphpIgyHZ6 HTTP/2" 200 25596 "https://mail.ntu100.vpsttt.vn/?path=%2Fhome%2Fntu100%2F.cagefs%2Ftmp&view_file=%2Fhome%2Fntu100%2F.cagefs%2Ftmp%2FphpanUDRF" "Mozilla/5.0 AppleWebKit/537.36 (KHTML, like Gecko; compatible; GPTBot/1.3; +https://openai.com/gptbot)"
74.7.242.9 - - [18/Apr/2026:19:32:07 +0700] "GET /?path=%2Fhome%2Fntu100%2F.cagefs%2Ftmp&view_file=%2Fhome%2Fntu100%2F.cagefs%2Ftmp%2FphpzYjyWd HTTP/2" 200 25590 "https://mail.ntu100.vpsttt.vn/?path=%2Fhome%2Fntu100%2F.cagefs%2Ftmp&view_file=%2Fhome%2Fntu100%2F.cagefs%2Ftmp%2FphpanUDRF" "Mozilla/5.0 AppleWebKit/537.36 (KHTML, like Gecko; compatible; GPTBot/1.3; +https://openai.com/gptbot)"
74.7.242.9 - - [18/Apr/2026:19:32:12 +0700] "GET /?path=%2Fhome%2Fntu100%2F.cagefs%2Ftmp&view_file=%2Fhome%2Fntu100%2F.cagefs%2Ftmp%2Fphp9gxVBU HTTP/2" 200 25592 "https://mail.ntu100.vpsttt.vn/?path=%2Fhome%2Fntu100%2F.cagefs%2Ftmp&view_file=%2Fhome%2Fntu100%2F.cagefs%2Ftmp%2FphphnXSuv" "Mozilla/5.0 AppleWebKit/537.36 (KHTML, like Gecko; compatible; GPTBot/1.3; +https://openai.com/gptbot)"
74.7.241.51 - - [18/Apr/2026:19:31:49 +0700] "GET /index.php?path=%2Fhome%2Fntu100%2F.cagefs%2Ftmp&view_file=%2Fhome%2Fntu100%2F.cagefs%2Ftmp%2Fphpzt48HJ HTTP/2" 200 1593 "https://www.ntu100.vpsttt.vn/index.php?path=%2Fhome%2Fntu100%2F.cagefs%2Ftmp&view_file=%2Fhome%2Fntu100%2F.cagefs%2Ftmp%2FphpNUMiWj" "Mozilla/5.0 AppleWebKit/537.36 (KHTML, like Gecko; compatible; GPTBot/1.3; +https://openai.com/gptbot)"
74.7.241.51 - - [18/Apr/2026:19:31:52 +0700] "GET /index.php?path=%2Fhome%2Fntu100%2F.cagefs%2Ftmp&view_file=%2Fhome%2Fntu100%2F.cagefs%2Ftmp%2FphpnoUljO HTTP/2" 200 1591 "https://www.ntu100.vpsttt.vn/index.php?path=%2Fhome%2Fntu100%2F.cagefs%2Ftmp&view_file=%2Fhome%2Fntu100%2F.cagefs%2Ftmp%2FphpIfBsPK" "Mozilla/5.0 AppleWebKit/537.36 (KHTML, like Gecko; compatible; GPTBot/1.3; +https://openai.com/gptbot)"
74.7.241.51 - - [18/Apr/2026:19:31:56 +0700] "GET /index.php?path=%2Fhome%2Fntu100%2F.cagefs%2Ftmp&view_file=%2Fhome%2Fntu100%2F.cagefs%2Ftmp%2Fphp4gjx6A HTTP/2" 200 1596 "https://www.ntu100.vpsttt.vn/index.php?path=%2Fhome%2Fntu100%2F.cagefs%2Ftmp&view_file=%2Fhome%2Fntu100%2F.cagefs%2Ftmp%2Fphp7lnwkK" "Mozilla/5.0 AppleWebKit/537.36 (KHTML, like Gecko; compatible; GPTBot/1.3; +https://openai.com/gptbot)"
74.7.241.51 - - [18/Apr/2026:19:31:59 +0700] "GET /index.php?path=%2Fhome%2Fntu100%2F.cagefs%2Ftmp&view_file=%2Fhome%2Fntu100%2F.cagefs%2Ftmp%2FphpLudrg5 HTTP/2" 200 1594 "https://www.ntu100.vpsttt.vn/index.php?path=%2Fhome%2Fntu100%2F.cagefs%2Ftmp&view_file=%2Fhome%2Fntu100%2F.cagefs%2Ftmp%2FphpGmhIjh" "Mozilla/5.0 AppleWebKit/537.36 (KHTML, like Gecko; compatible; GPTBot/1.3; +https://openai.com/gptbot)"
74.7.241.51 - - [18/Apr/2026:19:32:03 +0700] "GET /index.php?path=%2Fhome%2Fntu100%2F.cagefs%2Ftmp&view_file=%2Fhome%2Fntu100%2F.cagefs%2Ftmp%2Fphp5mULl9 HTTP/2" 200 1595 "https://www.ntu100.vpsttt.vn/index.php?path=%2Fhome%2Fntu100%2F.cagefs%2Ftmp&view_file=%2Fhome%2Fntu100%2F.cagefs%2Ftmp%2FphpgAjuZV" "Mozilla/5.0 AppleWebKit/537.36 (KHTML, like Gecko; compatible; GPTBot/1.3; +https://openai.com/gptbot)"
74.7.241.51 - - [18/Apr/2026:19:32:07 +0700] "GET /index.php?path=%2Fhome%2Fntu100%2F.cagefs%2Ftmp&view_file=%2Fhome%2Fntu100%2F.cagefs%2Ftmp%2FphpjP0s7J HTTP/2" 200 1593 "https://www.ntu100.vpsttt.vn/index.php?path=%2Fhome%2Fntu100%2F.cagefs%2Ftmp&view_file=%2Fhome%2Fntu100%2F.cagefs%2Ftmp%2FphpQQDG5F" "Mozilla/5.0 AppleWebKit/537.36 (KHTML, like Gecko; compatible; GPTBot/1.3; +https://openai.com/gptbot)"
74.7.241.51 - - [18/Apr/2026:19:32:10 +0700] "GET /index.php?path=%2Fhome%2Fntu100%2F.cagefs%2Ftmp&view_file=%2Fhome%2Fntu100%2F.cagefs%2Ftmp%2FphpC9Dgmk HTTP/2" 200 1596 "https://www.ntu100.vpsttt.vn/index.php?path=%2Fhome%2Fntu100%2F.cagefs%2Ftmp&view_file=%2Fhome%2Fntu100%2F.cagefs%2Ftmp%2Fphp8PAab7" "Mozilla/5.0 AppleWebKit/537.36 (KHTML, like Gecko; compatible; GPTBot/1.3; +https://openai.com/gptbot)"
74.7.241.51 - - [18/Apr/2026:19:32:13 +0700] "GET /index.php?path=%2Fhome%2Fntu100%2F.cagefs%2Ftmp&view_file=%2Fhome%2Fntu100%2F.cagefs%2Ftmp%2Fphp9Cs902 HTTP/2" 200 1592 "https://www.ntu100.vpsttt.vn/index.php?path=%2Fhome%2Fntu100%2F.cagefs%2Ftmp&view_file=%2Fhome%2Fntu100%2F.cagefs%2Ftmp%2FphpuQVllW" "Mozilla/5.0 AppleWebKit/537.36 (KHTML, like Gecko; compatible; GPTBot/1.3; +https://openai.com/gptbot)"
74.7.241.51 - - [18/Apr/2026:19:32:17 +0700] "GET /index.php?path=%2Fhome%2Fntu100%2F.cagefs%2Ftmp&view_file=%2Fhome%2Fntu100%2F.cagefs%2Ftmp%2Fphpe5b2FT HTTP/2" 200 1592 "https://www.ntu100.vpsttt.vn/index.php?path=%2Fhome%2Fntu100%2F.cagefs%2Ftmp&view_file=%2Fhome%2Fntu100%2F.cagefs%2Ftmp%2FphpuQVllW" "Mozilla/5.0 AppleWebKit/537.36 (KHTML, like Gecko; compatible; GPTBot/1.3; +https://openai.com/gptbot)"
74.7.241.49 - - [18/Apr/2026:19:31:40 +0700] "GET /?path=%2Fhome%2Fntu100%2F.cagefs%2Ftmp&view_file=%2Fhome%2Fntu100%2F.cagefs%2Ftmp%2FphploRzMP HTTP/2" 200 25591 "https://ntu100.vpsttt.vn/?path=%2Fhome%2Fntu100%2F.cagefs%2Ftmp&view_file=%2Fhome%2Fntu100%2F.cagefs%2Ftmp%2FphpddRw9D" "Mozilla/5.0 AppleWebKit/537.36 (KHTML, like Gecko; compatible; GPTBot/1.3; +https://openai.com/gptbot)"
74.7.241.49 - - [18/Apr/2026:19:31:46 +0700] "GET /?path=%2Fhome%2Fntu100%2F.cagefs%2Ftmp&view_file=%2Fhome%2Fntu100%2F.cagefs%2Ftmp%2FphpuRMkRX HTTP/2" 200 25580 "https://ntu100.vpsttt.vn/?path=%2Fhome%2Fntu100%2F.cagefs%2Ftmp&view_file=%2Fhome%2Fntu100%2F.cagefs%2Ftmp%2FphplFcSNc" "Mozilla/5.0 AppleWebKit/537.36 (KHTML, like Gecko; compatible; GPTBot/1.3; +https://openai.com/gptbot)"
74.7.241.49 - - [18/Apr/2026:19:31:50 +0700] "GET /?path=%2Fhome%2Fntu100%2F.cagefs%2Ftmp&view_file=%2Fhome%2Fntu100%2F.cagefs%2Ftmp%2FphpRcbuSr HTTP/2" 200 25563 "https://ntu100.vpsttt.vn/?path=%2Fhome%2Fntu100%2F.cagefs%2Ftmp&view_file=%2Fhome%2Fntu100%2F.cagefs%2Ftmp%2FphpCYNbDh" "Mozilla/5.0 AppleWebKit/537.36 (KHTML, like Gecko; compatible; GPTBot/1.3; +https://openai.com/gptbot)"
74.7.241.49 - - [18/Apr/2026:19:31:54 +0700] "GET /?path=%2Fhome%2Fntu100%2F.cagefs%2Ftmp&view_file=%2Fhome%2Fntu100%2F.cagefs%2Ftmp%2FphpaPImW2 HTTP/2" 200 25585 "https://ntu100.vpsttt.vn/?path=%2Fhome%2Fntu100%2F.cagefs%2Ftmp&view_file=%2Fhome%2Fntu100%2F.cagefs%2Ftmp%2FphpSDUVZV" "Mozilla/5.0 AppleWebKit/537.36 (KHTML, like Gecko; compatible; GPTBot/1.3; +https://openai.com/gptbot)"
74.7.241.49 - - [18/Apr/2026:19:31:59 +0700] "GET /?path=%2Fhome%2Fntu100%2F.cagefs%2Ftmp&view_file=%2Fhome%2Fntu100%2F.cagefs%2Ftmp%2FphpxUAcyS HTTP/2" 200 25569 "https://ntu100.vpsttt.vn/?path=%2Fhome%2Fntu100%2F.cagefs%2Ftmp&view_file=%2Fhome%2Fntu100%2F.cagefs%2Ftmp%2FphpPpzJ9X" "Mozilla/5.0 AppleWebKit/537.36 (KHTML, like Gecko; compatible; GPTBot/1.3; +https://openai.com/gptbot)"
74.7.241.49 - - [18/Apr/2026:19:32:03 +0700] "GET /?path=%2Fhome%2Fntu100%2F.cagefs%2Ftmp&view_file=%2Fhome%2Fntu100%2F.cagefs%2Ftmp%2FphpEFdyea HTTP/2" 200 25578 "https://ntu100.vpsttt.vn/?path=%2Fhome%2Fntu100%2F.cagefs%2Ftmp&view_file=%2Fhome%2Fntu100%2F.cagefs%2Ftmp%2FphpivfPKW" "Mozilla/5.0 AppleWebKit/537.36 (KHTML, like Gecko; compatible; GPTBot/1.3; +https://openai.com/gptbot)"
74.7.241.49 - - [18/Apr/2026:19:32:07 +0700] "GET /?path=%2Fhome%2Fntu100%2F.cagefs%2Ftmp&view_file=%2Fhome%2Fntu100%2F.cagefs%2Ftmp%2FphpFOTiRv HTTP/2" 200 25591 "https://ntu100.vpsttt.vn/?path=%2Fhome%2Fntu100%2F.cagefs%2Ftmp&view_file=%2Fhome%2Fntu100%2F.cagefs%2Ftmp%2FphpFi8gfq" "Mozilla/5.0 AppleWebKit/537.36 (KHTML, like Gecko; compatible; GPTBot/1.3; +https://openai.com/gptbot)"
74.7.241.49 - - [18/Apr/2026:19:32:12 +0700] "GET /?path=%2Fhome%2Fntu100%2F.cagefs%2Ftmp&view_file=%2Fhome%2Fntu100%2F.cagefs%2Ftmp%2FphphQmAnn HTTP/2" 200 25586 "https://ntu100.vpsttt.vn/?path=%2Fhome%2Fntu100%2F.cagefs%2Ftmp&view_file=%2Fhome%2Fntu100%2F.cagefs%2Ftmp%2FphpFi8gfq" "Mozilla/5.0 AppleWebKit/537.36 (KHTML, like Gecko; compatible; GPTBot/1.3; +https://openai.com/gptbot)"
74.7.241.49 - - [18/Apr/2026:19:32:16 +0700] "GET /?path=%2Fhome%2Fntu100%2F.cagefs%2Ftmp&view_file=%2Fhome%2Fntu100%2F.cagefs%2Ftmp%2FphpeFVIGs HTTP/2" 200 25561 "https://ntu100.vpsttt.vn/?path=%2Fhome%2Fntu100%2F.cagefs%2Ftmp&view_file=%2Fhome%2Fntu100%2F.cagefs%2Ftmp%2FphpTSwL5g" "Mozilla/5.0 AppleWebKit/537.36 (KHTML, like Gecko; compatible; GPTBot/1.3; +https://openai.com/gptbot)"
74.7.241.49 - - [18/Apr/2026:19:32:20 +0700] "GET /?path=%2Fhome%2Fntu100%2F.cagefs%2Ftmp&view_file=%2Fhome%2Fntu100%2F.cagefs%2Ftmp%2FphpGcnwHp HTTP/2" 200 25590 "https://ntu100.vpsttt.vn/?path=%2Fhome%2Fntu100%2F.cagefs%2Ftmp&view_file=%2Fhome%2Fntu100%2F.cagefs%2Ftmp%2FphpOJj4Bm" "Mozilla/5.0 AppleWebKit/537.36 (KHTML, like Gecko; compatible; GPTBot/1.3; +https://openai.com/gptbot)"
74.7.241.51 - - [18/Apr/2026:19:32:21 +0700] "GET /index.php?path=%2Fhome%2Fntu100%2F.cagefs%2Ftmp&view_file=%2Fhome%2Fntu100%2F.cagefs%2Ftmp%2FphpFQyRUq HTTP/2" 200 1591 "https://www.ntu100.vpsttt.vn/index.php?path=%2Fhome%2Fntu100%2F.cagefs%2Ftmp&view_file=%2Fhome%2Fntu100%2F.cagefs%2Ftmp%2Fphpf1dPJ9" "Mozilla/5.0 AppleWebKit/537.36 (KHTML, like Gecko; compatible; GPTBot/1.3; +https://openai.com/gptbot)"
74.7.241.51 - - [18/Apr/2026:19:32:25 +0700] "GET /index.php?path=%2Fhome%2Fntu100%2F.cagefs%2Ftmp&view_file=%2Fhome%2Fntu100%2F.cagefs%2Ftmp%2Fphpa0AzLj HTTP/2" 200 1593 "https://www.ntu100.vpsttt.vn/index.php?path=%2Fhome%2Fntu100%2F.cagefs%2Ftmp&view_file=%2Fhome%2Fntu100%2F.cagefs%2Ftmp%2Fphpb24JE2" "Mozilla/5.0 AppleWebKit/537.36 (KHTML, like Gecko; compatible; GPTBot/1.3; +https://openai.com/gptbot)"
74.7.241.51 - - [18/Apr/2026:19:32:29 +0700] "GET /index.php?path=%2Fhome%2Fntu100%2F.cagefs%2Ftmp&view_file=%2Fhome%2Fntu100%2F.cagefs%2Ftmp%2FphpKpFePY HTTP/2" 200 1596 "https://www.ntu100.vpsttt.vn/index.php?path=%2Fhome%2Fntu100%2F.cagefs%2Ftmp&view_file=%2Fhome%2Fntu100%2F.cagefs%2Ftmp%2Fphpzt48HJ" "Mozilla/5.0 AppleWebKit/537.36 (KHTML, like Gecko; compatible; GPTBot/1.3; +https://openai.com/gptbot)"
74.7.241.51 - - [18/Apr/2026:19:32:33 +0700] "GET /index.php?path=%2Fhome%2Fntu100%2F.cagefs%2Ftmp&view_file=%2Fhome%2Fntu100%2F.cagefs%2Ftmp%2FphpOUWi0A HTTP/2" 200 1598 "https://www.ntu100.vpsttt.vn/index.php?path=%2Fhome%2Fntu100%2F.cagefs%2Ftmp&view_file=%2Fhome%2Fntu100%2F.cagefs%2Ftmp%2FphpnoUljO" "Mozilla/5.0 AppleWebKit/537.36 (KHTML, like Gecko; compatible; GPTBot/1.3; +https://openai.com/gptbot)"
74.7.241.51 - - [18/Apr/2026:19:32:36 +0700] "GET /index.php?path=%2Fhome%2Fntu100%2F.cagefs%2Ftmp&view_file=%2Fhome%2Fntu100%2F.cagefs%2Ftmp%2FphpyzOmw2 HTTP/2" 200 1593 "https://www.ntu100.vpsttt.vn/index.php?path=%2Fhome%2Fntu100%2F.cagefs%2Ftmp&view_file=%2Fhome%2Fntu100%2F.cagefs%2Ftmp%2FphpnoUljO" "Mozilla/5.0 AppleWebKit/537.36 (KHTML, like Gecko; compatible; GPTBot/1.3; +https://openai.com/gptbot)"
103.178.235.9 - - [18/Apr/2026:19:32:42 +0700] "POST /wp-admin/admin-ajax.php?action=async_litespeed&nonce=S9qbm3CJHVJSa1SfWWaMq1iUzbNoLzz7&litespeed_type=imgoptm HTTP/1.1" 200 3175 "-" "WordPress/6.9.4; https://ntu100.vpsttt.vn"
74.7.241.51 - - [18/Apr/2026:19:32:40 +0700] "GET /index.php?path=%2Fhome%2Fntu100%2F.cagefs%2Ftmp&view_file=%2Fhome%2Fntu100%2F.cagefs%2Ftmp%2Fphpztie8I HTTP/2" 200 1591 "https://www.ntu100.vpsttt.vn/index.php?path=%2Fhome%2Fntu100%2F.cagefs%2Ftmp&view_file=%2Fhome%2Fntu100%2F.cagefs%2Ftmp%2FphpLudrg5" "Mozilla/5.0 AppleWebKit/537.36 (KHTML, like Gecko; compatible; GPTBot/1.3; +https://openai.com/gptbot)"
74.7.241.51 - - [18/Apr/2026:19:32:46 +0700] "GET /index.php?path=%2Fhome%2Fntu100%2F.cagefs%2Ftmp&view_file=%2Fhome%2Fntu100%2F.cagefs%2Ftmp%2Fphpqy66jt HTTP/2" 200 1593 "https://www.ntu100.vpsttt.vn/index.php?path=%2Fhome%2Fntu100%2F.cagefs%2Ftmp&view_file=%2Fhome%2Fntu100%2F.cagefs%2Ftmp%2Fphp5mULl9" "Mozilla/5.0 AppleWebKit/537.36 (KHTML, like Gecko; compatible; GPTBot/1.3; +https://openai.com/gptbot)"
74.7.241.51 - - [18/Apr/2026:19:32:50 +0700] "GET /index.php?path=%2Fhome%2Fntu100%2F.cagefs%2Ftmp&view_file=%2Fhome%2Fntu100%2F.cagefs%2Ftmp%2FphpnHIhlc HTTP/2" 200 1593 "https://www.ntu100.vpsttt.vn/index.php?path=%2Fhome%2Fntu100%2F.cagefs%2Ftmp&view_file=%2Fhome%2Fntu100%2F.cagefs%2Ftmp%2FphpjP0s7J" "Mozilla/5.0 AppleWebKit/537.36 (KHTML, like Gecko; compatible; GPTBot/1.3; +https://openai.com/gptbot)"
74.7.241.51 - - [18/Apr/2026:19:32:53 +0700] "GET /index.php?path=%2Fhome%2Fntu100%2F.cagefs%2Ftmp&view_file=%2Fhome%2Fntu100%2F.cagefs%2Ftmp%2FphpHG5li8 HTTP/2" 200 1598 "https://www.ntu100.vpsttt.vn/index.php?path=%2Fhome%2Fntu100%2F.cagefs%2Ftmp&view_file=%2Fhome%2Fntu100%2F.cagefs%2Ftmp%2Fphp5mULl9" "Mozilla/5.0 AppleWebKit/537.36 (KHTML, like Gecko; compatible; GPTBot/1.3; +https://openai.com/gptbot)"
74.7.242.9 - - [18/Apr/2026:19:32:17 +0700] "GET /?path=%2Fhome%2Fntu100%2F.cagefs%2Ftmp&view_file=%2Fhome%2Fntu100%2F.cagefs%2Ftmp%2Fphpb8EFvh HTTP/2" 200 25599 "https://mail.ntu100.vpsttt.vn/?path=%2Fhome%2Fntu100%2F.cagefs%2Ftmp&view_file=%2Fhome%2Fntu100%2F.cagefs%2Ftmp%2FphpFcBm0f" "Mozilla/5.0 AppleWebKit/537.36 (KHTML, like Gecko; compatible; GPTBot/1.3; +https://openai.com/gptbot)"
74.7.242.9 - - [18/Apr/2026:19:32:21 +0700] "GET /?path=%2Fhome%2Fntu100%2F.cagefs%2Ftmp&view_file=%2Fhome%2Fntu100%2F.cagefs%2Ftmp%2Fphp9Cs902 HTTP/2" 200 25588 "https://mail.ntu100.vpsttt.vn/?path=%2Fhome%2Fntu100%2F.cagefs%2Ftmp&view_file=%2Fhome%2Fntu100%2F.cagefs%2Ftmp%2FphpFcbZfA" "Mozilla/5.0 AppleWebKit/537.36 (KHTML, like Gecko; compatible; GPTBot/1.3; +https://openai.com/gptbot)"
74.7.242.9 - - [18/Apr/2026:19:32:25 +0700] "GET /?path=%2Fhome%2Fntu100%2F.cagefs%2Ftmp&view_file=%2Fhome%2Fntu100%2F.cagefs%2Ftmp%2FphpjAnNMM HTTP/2" 200 25596 "https://mail.ntu100.vpsttt.vn/?path=%2Fhome%2Fntu100%2F.cagefs%2Ftmp&view_file=%2Fhome%2Fntu100%2F.cagefs%2Ftmp%2FphpCLolrO" "Mozilla/5.0 AppleWebKit/537.36 (KHTML, like Gecko; compatible; GPTBot/1.3; +https://openai.com/gptbot)"
74.7.242.9 - - [18/Apr/2026:19:32:29 +0700] "GET /?path=%2Fhome%2Fntu100%2F.cagefs%2Ftmp&view_file=%2Fhome%2Fntu100%2F.cagefs%2Ftmp%2FphpJElS9S HTTP/2" 200 25606 "https://mail.ntu100.vpsttt.vn/?path=%2Fhome%2Fntu100%2F.cagefs%2Ftmp&view_file=%2Fhome%2Fntu100%2F.cagefs%2Ftmp%2FphpKoyCt3" "Mozilla/5.0 AppleWebKit/537.36 (KHTML, like Gecko; compatible; GPTBot/1.3; +https://openai.com/gptbot)"
74.7.242.9 - - [18/Apr/2026:19:32:34 +0700] "GET /?path=%2Fhome%2Fntu100%2F.cagefs%2Ftmp&view_file=%2Fhome%2Fntu100%2F.cagefs%2Ftmp%2FphpYfAfGF HTTP/2" 200 25572 "https://mail.ntu100.vpsttt.vn/?path=%2Fhome%2Fntu100%2F.cagefs%2Ftmp&view_file=%2Fhome%2Fntu100%2F.cagefs%2Ftmp%2FphphozetE" "Mozilla/5.0 AppleWebKit/537.36 (KHTML, like Gecko; compatible; GPTBot/1.3; +https://openai.com/gptbot)"
74.7.242.9 - - [18/Apr/2026:19:32:38 +0700] "GET /?path=%2Fhome%2Fntu100%2F.cagefs%2Ftmp&view_file=%2Fhome%2Fntu100%2F.cagefs%2Ftmp%2FphpzmFZET HTTP/2" 200 25580 "https://mail.ntu100.vpsttt.vn/?path=%2Fhome%2Fntu100%2F.cagefs%2Ftmp&view_file=%2Fhome%2Fntu100%2F.cagefs%2Ftmp%2FphpZVdooe" "Mozilla/5.0 AppleWebKit/537.36 (KHTML, like Gecko; compatible; GPTBot/1.3; +https://openai.com/gptbot)"
74.7.242.9 - - [18/Apr/2026:19:32:44 +0700] "GET /?path=%2Fhome%2Fntu100%2F.cagefs%2Ftmp&view_file=%2Fhome%2Fntu100%2F.cagefs%2Ftmp%2FphppdmWiK HTTP/2" 200 25586 "https://mail.ntu100.vpsttt.vn/?path=%2Fhome%2Fntu100%2F.cagefs%2Ftmp&view_file=%2Fhome%2Fntu100%2F.cagefs%2Ftmp%2FphpvhFRq5" "Mozilla/5.0 AppleWebKit/537.36 (KHTML, like Gecko; compatible; GPTBot/1.3; +https://openai.com/gptbot)"
74.7.242.9 - - [18/Apr/2026:19:32:49 +0700] "GET /?path=%2Fhome%2Fntu100%2F.cagefs%2Ftmp&view_file=%2Fhome%2Fntu100%2F.cagefs%2Ftmp%2Fphpm5raSA HTTP/2" 200 25596 "https://mail.ntu100.vpsttt.vn/?path=%2Fhome%2Fntu100%2F.cagefs%2Ftmp&view_file=%2Fhome%2Fntu100%2F.cagefs%2Ftmp%2FphpK9CEUY" "Mozilla/5.0 AppleWebKit/537.36 (KHTML, like Gecko; compatible; GPTBot/1.3; +https://openai.com/gptbot)"
74.7.242.9 - - [18/Apr/2026:19:32:53 +0700] "GET /?path=%2Fhome%2Fntu100%2F.cagefs%2Ftmp&view_file=%2Fhome%2Fntu100%2F.cagefs%2Ftmp%2FphpInka9D HTTP/2" 200 25592 "https://mail.ntu100.vpsttt.vn/?path=%2Fhome%2Fntu100%2F.cagefs%2Ftmp&view_file=%2Fhome%2Fntu100%2F.cagefs%2Ftmp%2FphpIgyHZ6" "Mozilla/5.0 AppleWebKit/537.36 (KHTML, like Gecko; compatible; GPTBot/1.3; +https://openai.com/gptbot)"
74.7.242.9 - - [18/Apr/2026:19:32:58 +0700] "GET /?path=%2Fhome%2Fntu100%2F.cagefs%2Ftmp&view_file=%2Fhome%2Fntu100%2F.cagefs%2Ftmp%2FphpHDDydf HTTP/2" 200 25586 "https://mail.ntu100.vpsttt.vn/?path=%2Fhome%2Fntu100%2F.cagefs%2Ftmp&view_file=%2Fhome%2Fntu100%2F.cagefs%2Ftmp%2FphphnXSuv" "Mozilla/5.0 AppleWebKit/537.36 (KHTML, like Gecko; compatible; GPTBot/1.3; +https://openai.com/gptbot)"
74.7.241.49 - - [18/Apr/2026:19:32:25 +0700] "GET /?path=%2Fhome%2Fntu100%2F.cagefs%2Ftmp&view_file=%2Fhome%2Fntu100%2F.cagefs%2Ftmp%2FphpBsaSeL HTTP/2" 200 25586 "https://ntu100.vpsttt.vn/?path=%2Fhome%2Fntu100%2F.cagefs%2Ftmp&view_file=%2Fhome%2Fntu100%2F.cagefs%2Ftmp%2FphpOJj4Bm" "Mozilla/5.0 AppleWebKit/537.36 (KHTML, like Gecko; compatible; GPTBot/1.3; +https://openai.com/gptbot)"
74.7.241.49 - - [18/Apr/2026:19:32:29 +0700] "GET /?path=%2Fhome%2Fntu100%2F.cagefs%2Ftmp&view_file=%2Fhome%2Fntu100%2F.cagefs%2Ftmp%2FphpgjhFI1 HTTP/2" 200 25586 "https://ntu100.vpsttt.vn/?path=%2Fhome%2Fntu100%2F.cagefs%2Ftmp&view_file=%2Fhome%2Fntu100%2F.cagefs%2Ftmp%2FphpSALgUJ" "Mozilla/5.0 AppleWebKit/537.36 (KHTML, like Gecko; compatible; GPTBot/1.3; +https://openai.com/gptbot)"
74.7.241.49 - - [18/Apr/2026:19:32:33 +0700] "GET /?path=%2Fhome%2Fntu100%2F.cagefs%2Ftmp&view_file=%2Fhome%2Fntu100%2F.cagefs%2Ftmp%2FphpjvErp2 HTTP/2" 200 25583 "https://ntu100.vpsttt.vn/?path=%2Fhome%2Fntu100%2F.cagefs%2Ftmp&view_file=%2Fhome%2Fntu100%2F.cagefs%2Ftmp%2FphpuRMkRX" "Mozilla/5.0 AppleWebKit/537.36 (KHTML, like Gecko; compatible; GPTBot/1.3; +https://openai.com/gptbot)"
74.7.241.49 - - [18/Apr/2026:19:32:38 +0700] "GET /?path=%2Fhome%2Fntu100%2F.cagefs%2Ftmp&view_file=%2Fhome%2Fntu100%2F.cagefs%2Ftmp%2Fphp2c15b8 HTTP/2" 200 25576 "https://ntu100.vpsttt.vn/?path=%2Fhome%2Fntu100%2F.cagefs%2Ftmp&view_file=%2Fhome%2Fntu100%2F.cagefs%2Ftmp%2FphpZcRsZG" "Mozilla/5.0 AppleWebKit/537.36 (KHTML, like Gecko; compatible; GPTBot/1.3; +https://openai.com/gptbot)"
74.7.241.49 - - [18/Apr/2026:19:32:44 +0700] "GET /?path=%2Fhome%2Fntu100%2F.cagefs%2Ftmp&view_file=%2Fhome%2Fntu100%2F.cagefs%2Ftmp%2FphpEXulZa HTTP/2" 200 25588 "https://ntu100.vpsttt.vn/?path=%2Fhome%2Fntu100%2F.cagefs%2Ftmp&view_file=%2Fhome%2Fntu100%2F.cagefs%2Ftmp%2FphploRzMP" "Mozilla/5.0 AppleWebKit/537.36 (KHTML, like Gecko; compatible; GPTBot/1.3; +https://openai.com/gptbot)"
74.7.241.49 - - [18/Apr/2026:19:32:48 +0700] "GET /?path=%2Fhome%2Fntu100%2F.cagefs%2Ftmp&view_file=%2Fhome%2Fntu100%2F.cagefs%2Ftmp%2FphpguMOuS HTTP/2" 200 25585 "https://ntu100.vpsttt.vn/?path=%2Fhome%2Fntu100%2F.cagefs%2Ftmp&view_file=%2Fhome%2Fntu100%2F.cagefs%2Ftmp%2FphpxUAcyS" "Mozilla/5.0 AppleWebKit/537.36 (KHTML, like Gecko; compatible; GPTBot/1.3; +https://openai.com/gptbot)"
74.7.241.49 - - [18/Apr/2026:19:32:53 +0700] "GET /?path=%2Fhome%2Fntu100%2F.cagefs%2Ftmp&view_file=%2Fhome%2Fntu100%2F.cagefs%2Ftmp%2Fphp7yDrEy HTTP/2" 200 25562 "https://ntu100.vpsttt.vn/?path=%2Fhome%2Fntu100%2F.cagefs%2Ftmp&view_file=%2Fhome%2Fntu100%2F.cagefs%2Ftmp%2FphpEFdyea" "Mozilla/5.0 AppleWebKit/537.36 (KHTML, like Gecko; compatible; GPTBot/1.3; +https://openai.com/gptbot)"
74.7.241.49 - - [18/Apr/2026:19:32:57 +0700] "GET /?path=%2Fhome%2Fntu100%2F.cagefs%2Ftmp&view_file=%2Fhome%2Fntu100%2F.cagefs%2Ftmp%2FphpcmGHrm HTTP/2" 200 25579 "https://ntu100.vpsttt.vn/?path=%2Fhome%2Fntu100%2F.cagefs%2Ftmp&view_file=%2Fhome%2Fntu100%2F.cagefs%2Ftmp%2FphpFOTiRv" "Mozilla/5.0 AppleWebKit/537.36 (KHTML, like Gecko; compatible; GPTBot/1.3; +https://openai.com/gptbot)"
74.7.241.49 - - [18/Apr/2026:19:33:02 +0700] "GET /?path=%2Fhome%2Fntu100%2F.cagefs%2Ftmp&view_file=%2Fhome%2Fntu100%2F.cagefs%2Ftmp%2FphpeomPno HTTP/2" 200 25585 "https://ntu100.vpsttt.vn/?path=%2Fhome%2Fntu100%2F.cagefs%2Ftmp&view_file=%2Fhome%2Fntu100%2F.cagefs%2Ftmp%2FphphQmAnn" "Mozilla/5.0 AppleWebKit/537.36 (KHTML, like Gecko; compatible; GPTBot/1.3; +https://openai.com/gptbot)"
74.7.241.49 - - [18/Apr/2026:19:33:07 +0700] "GET /?path=%2Fhome%2Fntu100%2F.cagefs%2Ftmp&view_file=%2Fhome%2Fntu100%2F.cagefs%2Ftmp%2FphppnmwHv HTTP/2" 200 25586 "https://ntu100.vpsttt.vn/?path=%2Fhome%2Fntu100%2F.cagefs%2Ftmp&view_file=%2Fhome%2Fntu100%2F.cagefs%2Ftmp%2FphphQmAnn" "Mozilla/5.0 AppleWebKit/537.36 (KHTML, like Gecko; compatible; GPTBot/1.3; +https://openai.com/gptbot)"
74.7.241.51 - - [18/Apr/2026:19:32:57 +0700] "GET /index.php?path=%2Fhome%2Fntu100%2F.cagefs%2Ftmp&view_file=%2Fhome%2Fntu100%2F.cagefs%2Ftmp%2FphpL9kLFf HTTP/2" 200 1596 "https://www.ntu100.vpsttt.vn/index.php?path=%2Fhome%2Fntu100%2F.cagefs%2Ftmp&view_file=%2Fhome%2Fntu100%2F.cagefs%2Ftmp%2FphpLudrg5" "Mozilla/5.0 AppleWebKit/537.36 (KHTML, like Gecko; compatible; GPTBot/1.3; +https://openai.com/gptbot)"
74.7.241.51 - - [18/Apr/2026:19:33:01 +0700] "GET /index.php?path=%2Fhome%2Fntu100%2F.cagefs%2Ftmp&view_file=%2Fhome%2Fntu100%2F.cagefs%2Ftmp%2FphpzpV7eg HTTP/2" 200 1592 "https://www.ntu100.vpsttt.vn/index.php?path=%2Fhome%2Fntu100%2F.cagefs%2Ftmp&view_file=%2Fhome%2Fntu100%2F.cagefs%2Ftmp%2Fphpe5b2FT" "Mozilla/5.0 AppleWebKit/537.36 (KHTML, like Gecko; compatible; GPTBot/1.3; +https://openai.com/gptbot)"
74.7.241.51 - - [18/Apr/2026:19:33:05 +0700] "GET /index.php?path=%2Fhome%2Fntu100%2F.cagefs%2Ftmp&view_file=%2Fhome%2Fntu100%2F.cagefs%2Ftmp%2FphpZ8ellj HTTP/2" 200 1624 "https://www.ntu100.vpsttt.vn/index.php?path=%2Fhome%2Fntu100%2F.cagefs%2Ftmp&view_file=%2Fhome%2Fntu100%2F.cagefs%2Ftmp%2FphpFQyRUq" "Mozilla/5.0 AppleWebKit/537.36 (KHTML, like Gecko; compatible; GPTBot/1.3; +https://openai.com/gptbot)"
216.73.217.35 - - [18/Apr/2026:19:33:05 +0700] "GET /index.php?path=%2Fhome%2Fntu100%2Fpublic_html%2Fwp-includes&view_file=%2Fhome%2Fntu100%2Fpublic_html%2Fwp-includes%2Fclass-walker-nav-menu.php HTTP/2" 200 8796 "-" "Mozilla/5.0 AppleWebKit/537.36 (KHTML, like Gecko; compatible; ClaudeBot/1.0; +claudebot@anthropic.com)"
74.7.241.51 - - [18/Apr/2026:19:33:10 +0700] "GET /index.php?path=%2Fhome%2Fntu100%2F.cagefs%2Ftmp&view_file=%2Fhome%2Fntu100%2F.cagefs%2Ftmp%2FphpQnrELL HTTP/2" 200 1595 "https://www.ntu100.vpsttt.vn/index.php?path=%2Fhome%2Fntu100%2F.cagefs%2Ftmp&view_file=%2Fhome%2Fntu100%2F.cagefs%2Ftmp%2FphpjP0s7J" "Mozilla/5.0 AppleWebKit/537.36 (KHTML, like Gecko; compatible; GPTBot/1.3; +https://openai.com/gptbot)"
216.73.217.35 - - [18/Apr/2026:19:33:10 +0700] "GET /index.php?path=%2Fhome%2Fntu100%2Fpublic_html%2Fwp-includes&view_file=%2Fhome%2Fntu100%2Fpublic_html%2Fwp-includes%2Ffeed-atom.php HTTP/2" 200 7169 "-" "Mozilla/5.0 AppleWebKit/537.36 (KHTML, like Gecko; compatible; ClaudeBot/1.0; +claudebot@anthropic.com)"
74.7.241.51 - - [18/Apr/2026:19:33:15 +0700] "GET /index.php?path=%2Fhome%2Fntu100%2F.cagefs%2Ftmp&view_file=%2Fhome%2Fntu100%2F.cagefs%2Ftmp%2Fphpv3Gvwn HTTP/2" 200 1595 "https://www.ntu100.vpsttt.vn/index.php?path=%2Fhome%2Fntu100%2F.cagefs%2Ftmp&view_file=%2Fhome%2Fntu100%2F.cagefs%2Ftmp%2Fphp4gjx6A" "Mozilla/5.0 AppleWebKit/537.36 (KHTML, like Gecko; compatible; GPTBot/1.3; +https://openai.com/gptbot)"
74.7.241.51 - - [18/Apr/2026:19:33:19 +0700] "GET /index.php?path=%2Fhome%2Fntu100%2F.cagefs%2Ftmp&view_file=%2Fhome%2Fntu100%2F.cagefs%2Ftmp%2FphpVgAuXN HTTP/2" 200 1595 "https://www.ntu100.vpsttt.vn/index.php?path=%2Fhome%2Fntu100%2F.cagefs%2Ftmp&view_file=%2Fhome%2Fntu100%2F.cagefs%2Ftmp%2FphpKpFePY" "Mozilla/5.0 AppleWebKit/537.36 (KHTML, like Gecko; compatible; GPTBot/1.3; +https://openai.com/gptbot)"
74.7.241.51 - - [18/Apr/2026:19:33:23 +0700] "GET /index.php?path=%2Fhome%2Fntu100%2F.cagefs%2Ftmp&view_file=%2Fhome%2Fntu100%2F.cagefs%2Ftmp%2FphpBNWgZF HTTP/2" 200 1594 "https://www.ntu100.vpsttt.vn/index.php?path=%2Fhome%2Fntu100%2F.cagefs%2Ftmp&view_file=%2Fhome%2Fntu100%2F.cagefs%2Ftmp%2FphpyzOmw2" "Mozilla/5.0 AppleWebKit/537.36 (KHTML, like Gecko; compatible; GPTBot/1.3; +https://openai.com/gptbot)"
74.7.241.51 - - [18/Apr/2026:19:33:28 +0700] "GET /index.php?path=%2Fhome%2Fntu100%2F.cagefs%2Ftmp&view_file=%2Fhome%2Fntu100%2F.cagefs%2Ftmp%2Fphp3bMn6Z HTTP/2" 200 1594 "https://www.ntu100.vpsttt.vn/index.php?path=%2Fhome%2Fntu100%2F.cagefs%2Ftmp&view_file=%2Fhome%2Fntu100%2F.cagefs%2Ftmp%2FphpyzOmw2" "Mozilla/5.0 AppleWebKit/537.36 (KHTML, like Gecko; compatible; GPTBot/1.3; +https://openai.com/gptbot)"
216.73.217.35 - - [18/Apr/2026:19:10:32 +0700] "GET /robots.txt HTTP/2" 404 1251 "-" "Mozilla/5.0 AppleWebKit/537.36 (KHTML, like Gecko; compatible; ClaudeBot/1.0; +claudebot@anthropic.com)"
103.178.235.9 - - [18/Apr/2026:19:10:37 +0700] "POST /wp-cron.php?doing_wp_cron=1776514237.8145859241485595703125 HTTP/1.1" 200 0 "-" "WordPress/6.9.4; https://ntu100.vpsttt.vn"
216.73.217.35 - - [18/Apr/2026:19:11:13 +0700] "GET /index.php?path=%2Fhome%2Fntu100%2Fpublic_html%2Fwp-includes&view_file=%2Fhome%2Fntu100%2Fpublic_html%2Fwp-includes%2Fclass-feed.php HTTP/2" 200 6186 "-" "Mozilla/5.0 AppleWebKit/537.36 (KHTML, like Gecko; compatible; ClaudeBot/1.0; +claudebot@anthropic.com)"
216.73.217.35 - - [18/Apr/2026:19:11:19 +0700] "GET /index.php?path=%2Fhome%2Fntu100%2Fpublic_html%2Fwp-includes&view_file=%2Fhome%2Fntu100%2Fpublic_html%2Fwp-includes%2Ffeed-rss2.php HTTP/2" 200 7422 "-" "Mozilla/5.0 AppleWebKit/537.36 (KHTML, like Gecko; compatible; ClaudeBot/1.0; +claudebot@anthropic.com)"
216.73.217.35 - - [18/Apr/2026:19:11:25 +0700] "GET /index.php?path=%2Fhome%2Fntu100%2F.spamassassin HTTP/2" 200 1234 "-" "Mozilla/5.0 AppleWebKit/537.36 (KHTML, like Gecko; compatible; ClaudeBot/1.0; +claudebot@anthropic.com)"
216.73.217.35 - - [18/Apr/2026:19:11:30 +0700] "GET /index.php?path=%2Fhome%2Fntu100%2F.softaculous%2Fwp_manager HTTP/2" 301 1190 "-" "Mozilla/5.0 AppleWebKit/537.36 (KHTML, like Gecko; compatible; ClaudeBot/1.0; +claudebot@anthropic.com)"
216.73.217.35 - - [18/Apr/2026:19:11:36 +0700] "GET /?path=%2Fhome%2Fntu100%2F.softaculous%2Fwp_manager HTTP/2" 200 0 "https://www.ntu100.vpsttt.vn/index.php?path=%2Fhome%2Fntu100%2F.softaculous%2Fwp_manager" "Mozilla/5.0 AppleWebKit/537.36 (KHTML, like Gecko; compatible; ClaudeBot/1.0; +claudebot@anthropic.com)"
216.73.217.35 - - [18/Apr/2026:19:13:07 +0700] "GET /index.php?path=%2Fhome%2Fntu100%2Fwww%2Fwp-content%2Fthemes%2Fflatsome%2Fassets%2Fjs%2Fadmin HTTP/2" 200 1388 "-" "Mozilla/5.0 AppleWebKit/537.36 (KHTML, like Gecko; compatible; ClaudeBot/1.0; +claudebot@anthropic.com)"
216.73.217.35 - - [18/Apr/2026:19:13:12 +0700] "GET /index.php?path=%2Fhome%2Fntu100%2Fwww%2Fwp-includes%2Fblocks&view_file=%2Fhome%2Fntu100%2Fwww%2Fwp-includes%2Fblocks%2Fcomments-pagination.php HTTP/2" 200 4282 "-" "Mozilla/5.0 AppleWebKit/537.36 (KHTML, like Gecko; compatible; ClaudeBot/1.0; +claudebot@anthropic.com)"
216.73.217.35 - - [18/Apr/2026:19:13:17 +0700] "GET /index.php?path=%2Fhome%2Fntu100%2Fwww%2Fwp-includes%2Fcss%2Fdist%2Fblock-library&view_file=%2Fhome%2Fntu100%2Fwww%2Fwp-includes%2Fcss%2Fdist%2Fblock-library%2Freset-rtl.min.css HTTP/2" 200 2188 "-" "Mozilla/5.0 AppleWebKit/537.36 (KHTML, like Gecko; compatible; ClaudeBot/1.0; +claudebot@anthropic.com)"
216.73.217.35 - - [18/Apr/2026:19:13:22 +0700] "GET /index.php?path=%2Fhome%2Fntu100%2Fwww%2Fwp-includes%2Fblocks&view_file=%2Fhome%2Fntu100%2Fwww%2Fwp-includes%2Fblocks%2Flist.php HTTP/2" 200 4339 "-" "Mozilla/5.0 AppleWebKit/537.36 (KHTML, like Gecko; compatible; ClaudeBot/1.0; +claudebot@anthropic.com)"
216.73.217.35 - - [18/Apr/2026:19:13:27 +0700] "GET /index.php?path=%2Fhome%2Fntu100%2Fwww%2Fwp-includes%2Fblocks&view_file=%2Fhome%2Fntu100%2Fwww%2Fwp-includes%2Fblocks%2Fquery-pagination.php HTTP/2" 200 4269 "-" "Mozilla/5.0 AppleWebKit/537.36 (KHTML, like Gecko; compatible; ClaudeBot/1.0; +claudebot@anthropic.com)"
216.73.217.35 - - [18/Apr/2026:19:13:32 +0700] "GET /index.php?path=%2Fhome%2Fntu100%2Fwww%2Fwp-includes%2Fjs&view_file=%2Fhome%2Fntu100%2Fwww%2Fwp-includes%2Fjs%2Fcustomize-selective-refresh.js HTTP/2" 200 13319 "-" "Mozilla/5.0 AppleWebKit/537.36 (KHTML, like Gecko; compatible; ClaudeBot/1.0; +claudebot@anthropic.com)"
103.178.235.9 - - [18/Apr/2026:19:24:42 +0700] "POST /wp-admin/admin-ajax.php?action=async_litespeed&nonce=A9PioJQablH25FdOimFqDbDat2RGC9Fy&litespeed_type=imgoptm HTTP/1.1" 200 3175 "-" "WordPress/6.9.4; https://ntu100.vpsttt.vn"
103.178.235.9 - - [18/Apr/2026:19:32:37 +0700] "POST /wp-cron.php?doing_wp_cron=1776515557.5152299404144287109375 HTTP/1.1" 200 0 "-" "WordPress/6.9.4; https://ntu100.vpsttt.vn"
74.7.241.49 - - [18/Apr/2026:19:33:13 +0700] "GET /?path=%2Fhome%2Fntu100%2F.cagefs%2Ftmp&view_file=%2Fhome%2Fntu100%2F.cagefs%2Ftmp%2FphpxDpaHc HTTP/2" 200 25590 "https://ntu100.vpsttt.vn/?path=%2Fhome%2Fntu100%2F.cagefs%2Ftmp&view_file=%2Fhome%2Fntu100%2F.cagefs%2Ftmp%2FphpGcnwHp" "Mozilla/5.0 AppleWebKit/537.36 (KHTML, like Gecko; compatible; GPTBot/1.3; +https://openai.com/gptbot)"
74.7.241.49 - - [18/Apr/2026:19:33:18 +0700] "GET /?path=%2Fhome%2Fntu100%2F.cagefs%2Ftmp&view_file=%2Fhome%2Fntu100%2F.cagefs%2Ftmp%2FphpCk6hFm HTTP/2" 200 25584 "https://ntu100.vpsttt.vn/?path=%2Fhome%2Fntu100%2F.cagefs%2Ftmp&view_file=%2Fhome%2Fntu100%2F.cagefs%2Ftmp%2FphpeFVIGs" "Mozilla/5.0 AppleWebKit/537.36 (KHTML, like Gecko; compatible; GPTBot/1.3; +https://openai.com/gptbot)"
216.73.217.35 - - [18/Apr/2026:19:33:21 +0700] "GET /index.php?path=%2Fhome%2Fntu100%2Fpublic_html%2Fwp-includes&view_file=%2Fhome%2Fntu100%2Fpublic_html%2Fwp-includes%2Fblock-bindings.php HTTP/2" 200 8087 "-" "Mozilla/5.0 AppleWebKit/537.36 (KHTML, like Gecko; compatible; ClaudeBot/1.0; +claudebot@anthropic.com)"
74.7.241.49 - - [18/Apr/2026:19:33:23 +0700] "GET /?path=%2Fhome%2Fntu100%2F.cagefs%2Ftmp&view_file=%2Fhome%2Fntu100%2F.cagefs%2Ftmp%2FphpFhYvqz HTTP/2" 200 25589 "https://ntu100.vpsttt.vn/?path=%2Fhome%2Fntu100%2F.cagefs%2Ftmp&view_file=%2Fhome%2Fntu100%2F.cagefs%2Ftmp%2FphpBsaSeL" "Mozilla/5.0 AppleWebKit/537.36 (KHTML, like Gecko; compatible; GPTBot/1.3; +https://openai.com/gptbot)"
74.7.241.49 - - [18/Apr/2026:19:33:28 +0700] "GET /?path=%2Fhome%2Fntu100%2F.cagefs%2Ftmp&view_file=%2Fhome%2Fntu100%2F.cagefs%2Ftmp%2FphppkXpT2 HTTP/2" 200 25568 "https://ntu100.vpsttt.vn/?path=%2Fhome%2Fntu100%2F.cagefs%2Ftmp&view_file=%2Fhome%2Fntu100%2F.cagefs%2Ftmp%2FphpjvErp2" "Mozilla/5.0 AppleWebKit/537.36 (KHTML, like Gecko; compatible; GPTBot/1.3; +https://openai.com/gptbot)"
216.73.217.35 - - [18/Apr/2026:19:33:30 +0700] "GET /index.php?path=%2Fhome%2Fntu100%2Fpublic_html%2Fwp-admin%2Fincludes&view_file=%2Fhome%2Fntu100%2Fpublic_html%2Fwp-admin%2Fincludes%2Fclass-ftp-pure.php HTTP/2" 200 5009 "-" "Mozilla/5.0 AppleWebKit/537.36 (KHTML, like Gecko; compatible; ClaudeBot/1.0; +claudebot@anthropic.com)"
74.7.241.49 - - [18/Apr/2026:19:33:33 +0700] "GET /?path=%2Fhome%2Fntu100%2F.cagefs%2Ftmp&view_file=%2Fhome%2Fntu100%2F.cagefs%2Ftmp%2FphppQrCam HTTP/2" 200 25593 "https://ntu100.vpsttt.vn/?path=%2Fhome%2Fntu100%2F.cagefs%2Ftmp&view_file=%2Fhome%2Fntu100%2F.cagefs%2Ftmp%2Fphp2c15b8" "Mozilla/5.0 AppleWebKit/537.36 (KHTML, like Gecko; compatible; GPTBot/1.3; +https://openai.com/gptbot)"
74.7.241.49 - - [18/Apr/2026:19:33:38 +0700] "GET /?path=%2Fhome%2Fntu100%2F.cagefs%2Ftmp&view_file=%2Fhome%2Fntu100%2F.cagefs%2Ftmp%2FphpfsoTXi HTTP/2" 200 25584 "https://ntu100.vpsttt.vn/?path=%2Fhome%2Fntu100%2F.cagefs%2Ftmp&view_file=%2Fhome%2Fntu100%2F.cagefs%2Ftmp%2Fphp2c15b8" "Mozilla/5.0 AppleWebKit/537.36 (KHTML, like Gecko; compatible; GPTBot/1.3; +https://openai.com/gptbot)"
74.7.241.49 - - [18/Apr/2026:19:33:46 +0700] "GET /?path=%2Fhome%2Fntu100%2F.cagefs%2Ftmp&view_file=%2Fhome%2Fntu100%2F.cagefs%2Ftmp%2FphpUAINiy HTTP/2" 200 25590 "https://ntu100.vpsttt.vn/?path=%2Fhome%2Fntu100%2F.cagefs%2Ftmp&view_file=%2Fhome%2Fntu100%2F.cagefs%2Ftmp%2FphpguMOuS" "Mozilla/5.0 AppleWebKit/537.36 (KHTML, like Gecko; compatible; GPTBot/1.3; +https://openai.com/gptbot)"
74.7.241.49 - - [18/Apr/2026:19:33:51 +0700] "GET /?path=%2Fhome%2Fntu100%2F.cagefs%2Ftmp&view_file=%2Fhome%2Fntu100%2F.cagefs%2Ftmp%2Fphpd8UGSn HTTP/2" 200 25581 "https://ntu100.vpsttt.vn/?path=%2Fhome%2Fntu100%2F.cagefs%2Ftmp&view_file=%2Fhome%2Fntu100%2F.cagefs%2Ftmp%2FphpgjhFI1" "Mozilla/5.0 AppleWebKit/537.36 (KHTML, like Gecko; compatible; GPTBot/1.3; +https://openai.com/gptbot)"
74.7.242.9 - - [18/Apr/2026:19:33:03 +0700] "GET /?path=%2Fhome%2Fntu100%2F.cagefs%2Ftmp&view_file=%2Fhome%2Fntu100%2F.cagefs%2Ftmp%2Fphpdqnyru HTTP/2" 200 25598 "https://mail.ntu100.vpsttt.vn/?path=%2Fhome%2Fntu100%2F.cagefs%2Ftmp&view_file=%2Fhome%2Fntu100%2F.cagefs%2Ftmp%2Fphp9gxVBU" "Mozilla/5.0 AppleWebKit/537.36 (KHTML, like Gecko; compatible; GPTBot/1.3; +https://openai.com/gptbot)"
74.7.242.9 - - [18/Apr/2026:19:33:10 +0700] "GET /?path=%2Fhome%2Fntu100%2F.cagefs%2Ftmp&view_file=%2Fhome%2Fntu100%2F.cagefs%2Ftmp%2FphpfOayDl HTTP/2" 200 25603 "https://mail.ntu100.vpsttt.vn/?path=%2Fhome%2Fntu100%2F.cagefs%2Ftmp&view_file=%2Fhome%2Fntu100%2F.cagefs%2Ftmp%2Fphpb8EFvh" "Mozilla/5.0 AppleWebKit/537.36 (KHTML, like Gecko; compatible; GPTBot/1.3; +https://openai.com/gptbot)"
74.7.242.9 - - [18/Apr/2026:19:33:15 +0700] "GET /?path=%2Fhome%2Fntu100%2F.cagefs%2Ftmp&view_file=%2Fhome%2Fntu100%2F.cagefs%2Ftmp%2Fphpx9ycvY HTTP/2" 200 25582 "https://mail.ntu100.vpsttt.vn/?path=%2Fhome%2Fntu100%2F.cagefs%2Ftmp&view_file=%2Fhome%2Fntu100%2F.cagefs%2Ftmp%2Fphp9Cs902" "Mozilla/5.0 AppleWebKit/537.36 (KHTML, like Gecko; compatible; GPTBot/1.3; +https://openai.com/gptbot)"
74.7.242.9 - - [18/Apr/2026:19:33:20 +0700] "GET /?path=%2Fhome%2Fntu100%2F.cagefs%2Ftmp&view_file=%2Fhome%2Fntu100%2F.cagefs%2Ftmp%2FphpZpH8tu HTTP/2" 200 25578 "https://mail.ntu100.vpsttt.vn/?path=%2Fhome%2Fntu100%2F.cagefs%2Ftmp&view_file=%2Fhome%2Fntu100%2F.cagefs%2Ftmp%2FphpjAnNMM" "Mozilla/5.0 AppleWebKit/537.36 (KHTML, like Gecko; compatible; GPTBot/1.3; +https://openai.com/gptbot)"
74.7.242.9 - - [18/Apr/2026:19:33:26 +0700] "GET /?path=%2Fhome%2Fntu100%2F.cagefs%2Ftmp&view_file=%2Fhome%2Fntu100%2F.cagefs%2Ftmp%2Fphpl9jldb HTTP/2" 200 25572 "https://mail.ntu100.vpsttt.vn/?path=%2Fhome%2Fntu100%2F.cagefs%2Ftmp&view_file=%2Fhome%2Fntu100%2F.cagefs%2Ftmp%2FphpVsb1XE" "Mozilla/5.0 AppleWebKit/537.36 (KHTML, like Gecko; compatible; GPTBot/1.3; +https://openai.com/gptbot)"
74.7.242.9 - - [18/Apr/2026:19:33:30 +0700] "GET /?path=%2Fhome%2Fntu100%2F.cagefs%2Ftmp&view_file=%2Fhome%2Fntu100%2F.cagefs%2Ftmp%2FphpVcnUs1 HTTP/2" 200 25588 "https://mail.ntu100.vpsttt.vn/?path=%2Fhome%2Fntu100%2F.cagefs%2Ftmp&view_file=%2Fhome%2Fntu100%2F.cagefs%2Ftmp%2FphpYfAfGF" "Mozilla/5.0 AppleWebKit/537.36 (KHTML, like Gecko; compatible; GPTBot/1.3; +https://openai.com/gptbot)"
74.7.242.9 - - [18/Apr/2026:19:33:36 +0700] "GET /?path=%2Fhome%2Fntu100%2F.cagefs%2Ftmp&view_file=%2Fhome%2Fntu100%2F.cagefs%2Ftmp%2Fphp4nQLVu HTTP/2" 200 25608 "https://mail.ntu100.vpsttt.vn/?path=%2Fhome%2Fntu100%2F.cagefs%2Ftmp&view_file=%2Fhome%2Fntu100%2F.cagefs%2Ftmp%2FphpeqtvI1" "Mozilla/5.0 AppleWebKit/537.36 (KHTML, like Gecko; compatible; GPTBot/1.3; +https://openai.com/gptbot)"
74.7.242.9 - - [18/Apr/2026:19:33:42 +0700] "GET /?path=%2Fhome%2Fntu100%2F.cagefs%2Ftmp&view_file=%2Fhome%2Fntu100%2F.cagefs%2Ftmp%2FphpyhK3wL HTTP/2" 200 25592 "https://mail.ntu100.vpsttt.vn/?path=%2Fhome%2Fntu100%2F.cagefs%2Ftmp&view_file=%2Fhome%2Fntu100%2F.cagefs%2Ftmp%2FphppdmWiK" "Mozilla/5.0 AppleWebKit/537.36 (KHTML, like Gecko; compatible; GPTBot/1.3; +https://openai.com/gptbot)"
74.7.242.9 - - [18/Apr/2026:19:33:49 +0700] "GET /?path=%2Fhome%2Fntu100%2F.cagefs%2Ftmp&view_file=%2Fhome%2Fntu100%2F.cagefs%2Ftmp%2FphpeCzWgn HTTP/2" 200 25574 "https://mail.ntu100.vpsttt.vn/?path=%2Fhome%2Fntu100%2F.cagefs%2Ftmp&view_file=%2Fhome%2Fntu100%2F.cagefs%2Ftmp%2Fphpm5raSA" "Mozilla/5.0 AppleWebKit/537.36 (KHTML, like Gecko; compatible; GPTBot/1.3; +https://openai.com/gptbot)"
74.7.242.9 - - [18/Apr/2026:19:33:55 +0700] "GET /?path=%2Fhome%2Fntu100%2F.cagefs%2Ftmp&view_file=%2Fhome%2Fntu100%2F.cagefs%2Ftmp%2Fphp6bpGGh HTTP/2" 200 25605 "https://mail.ntu100.vpsttt.vn/?path=%2Fhome%2Fntu100%2F.cagefs%2Ftmp&view_file=%2Fhome%2Fntu100%2F.cagefs%2Ftmp%2Fphpm5raSA" "Mozilla/5.0 AppleWebKit/537.36 (KHTML, like Gecko; compatible; GPTBot/1.3; +https://openai.com/gptbot)"
74.7.241.51 - - [18/Apr/2026:19:33:32 +0700] "GET /index.php?path=%2Fhome%2Fntu100%2F.cagefs%2Ftmp&view_file=%2Fhome%2Fntu100%2F.cagefs%2Ftmp%2FphphebdiB HTTP/2" 200 1593 "https://www.ntu100.vpsttt.vn/index.php?path=%2Fhome%2Fntu100%2F.cagefs%2Ftmp&view_file=%2Fhome%2Fntu100%2F.cagefs%2Ftmp%2Fphpqy66jt" "Mozilla/5.0 AppleWebKit/537.36 (KHTML, like Gecko; compatible; GPTBot/1.3; +https://openai.com/gptbot)"
74.7.241.51 - - [18/Apr/2026:19:33:37 +0700] "GET /index.php?path=%2Fhome%2Fntu100%2F.cagefs%2Ftmp&view_file=%2Fhome%2Fntu100%2F.cagefs%2Ftmp%2FphpCFP2cn HTTP/2" 200 1594 "https://www.ntu100.vpsttt.vn/index.php?path=%2Fhome%2Fntu100%2F.cagefs%2Ftmp&view_file=%2Fhome%2Fntu100%2F.cagefs%2Ftmp%2FphpnHIhlc" "Mozilla/5.0 AppleWebKit/537.36 (KHTML, like Gecko; compatible; GPTBot/1.3; +https://openai.com/gptbot)"
103.178.235.9 - - [18/Apr/2026:19:33:44 +0700] "POST /wp-admin/admin-ajax.php?action=async_litespeed&nonce=meiYcNZPpLDEiBEADvYtbOM9C3xkAtcC&litespeed_type=imgoptm HTTP/1.1" 200 3175 "-" "WordPress/6.9.4; https://ntu100.vpsttt.vn"
74.7.241.51 - - [18/Apr/2026:19:33:42 +0700] "GET /index.php?path=%2Fhome%2Fntu100%2F.cagefs%2Ftmp&view_file=%2Fhome%2Fntu100%2F.cagefs%2Ftmp%2FphpgQWLHl HTTP/2" 200 1594 "https://www.ntu100.vpsttt.vn/index.php?path=%2Fhome%2Fntu100%2F.cagefs%2Ftmp&view_file=%2Fhome%2Fntu100%2F.cagefs%2Ftmp%2Fphpztie8I" "Mozilla/5.0 AppleWebKit/537.36 (KHTML, like Gecko; compatible; GPTBot/1.3; +https://openai.com/gptbot)"
74.7.241.51 - - [18/Apr/2026:19:33:48 +0700] "GET /index.php?path=%2Fhome%2Fntu100%2F.cagefs%2Ftmp&view_file=%2Fhome%2Fntu100%2F.cagefs%2Ftmp%2Fphpny6auW HTTP/2" 200 1592 "https://www.ntu100.vpsttt.vn/index.php?path=%2Fhome%2Fntu100%2F.cagefs%2Ftmp&view_file=%2Fhome%2Fntu100%2F.cagefs%2Ftmp%2Fphpztie8I" "Mozilla/5.0 AppleWebKit/537.36 (KHTML, like Gecko; compatible; GPTBot/1.3; +https://openai.com/gptbot)"
74.7.241.51 - - [18/Apr/2026:19:33:52 +0700] "GET /index.php?path=%2Fhome%2Fntu100%2F.cagefs%2Ftmp&view_file=%2Fhome%2Fntu100%2F.cagefs%2Ftmp%2Fphpc3vEjJ HTTP/2" 200 1592 "https://www.ntu100.vpsttt.vn/index.php?path=%2Fhome%2Fntu100%2F.cagefs%2Ftmp&view_file=%2Fhome%2Fntu100%2F.cagefs%2Ftmp%2FphpzpV7eg" "Mozilla/5.0 AppleWebKit/537.36 (KHTML, like Gecko; compatible; GPTBot/1.3; +https://openai.com/gptbot)"
74.7.241.51 - - [18/Apr/2026:19:33:57 +0700] "GET /index.php?path=%2Fhome%2Fntu100%2F.cagefs%2Ftmp&view_file=%2Fhome%2Fntu100%2F.cagefs%2Ftmp%2Fphp6ORtue HTTP/2" 200 1594 "https://www.ntu100.vpsttt.vn/index.php?path=%2Fhome%2Fntu100%2F.cagefs%2Ftmp&view_file=%2Fhome%2Fntu100%2F.cagefs%2Ftmp%2FphpZ8ellj" "Mozilla/5.0 AppleWebKit/537.36 (KHTML, like Gecko; compatible; GPTBot/1.3; +https://openai.com/gptbot)"
74.7.241.51 - - [18/Apr/2026:19:34:01 +0700] "GET /index.php?path=%2Fhome%2Fntu100%2F.cagefs%2Ftmp&view_file=%2Fhome%2Fntu100%2F.cagefs%2Ftmp%2FphpugFn7K HTTP/2" 200 1597 "https://www.ntu100.vpsttt.vn/index.php?path=%2Fhome%2Fntu100%2F.cagefs%2Ftmp&view_file=%2Fhome%2Fntu100%2F.cagefs%2Ftmp%2FphpZ8ellj" "Mozilla/5.0 AppleWebKit/537.36 (KHTML, like Gecko; compatible; GPTBot/1.3; +https://openai.com/gptbot)"
74.7.241.51 - - [18/Apr/2026:19:34:06 +0700] "GET /index.php?path=%2Fhome%2Fntu100%2F.cagefs%2Ftmp&view_file=%2Fhome%2Fntu100%2F.cagefs%2Ftmp%2Fphp7X1Jni HTTP/2" 200 1594 "https://www.ntu100.vpsttt.vn/index.php?path=%2Fhome%2Fntu100%2F.cagefs%2Ftmp&view_file=%2Fhome%2Fntu100%2F.cagefs%2Ftmp%2Fphpv3Gvwn" "Mozilla/5.0 AppleWebKit/537.36 (KHTML, like Gecko; compatible; GPTBot/1.3; +https://openai.com/gptbot)"
74.7.241.51 - - [18/Apr/2026:19:34:10 +0700] "GET /index.php?path=%2Fhome%2Fntu100%2F.cagefs%2Ftmp&view_file=%2Fhome%2Fntu100%2F.cagefs%2Ftmp%2Fphpdk43Lt HTTP/2" 200 1594 "https://www.ntu100.vpsttt.vn/index.php?path=%2Fhome%2Fntu100%2F.cagefs%2Ftmp&view_file=%2Fhome%2Fntu100%2F.cagefs%2Ftmp%2FphpVgAuXN" "Mozilla/5.0 AppleWebKit/537.36 (KHTML, like Gecko; compatible; GPTBot/1.3; +https://openai.com/gptbot)"
103.178.235.9 - - [18/Apr/2026:19:20:42 +0700] "POST /wp-admin/admin-ajax.php?action=async_litespeed&nonce=CZlsg930PXXDi17ayx9f205UXkh5tJ2k&litespeed_type=imgoptm HTTP/1.1" 200 3175 "-" "WordPress/6.9.4; https://ntu100.vpsttt.vn"
74.7.175.176 - - [18/Apr/2026:19:24:02 +0700] "GET /robots.txt HTTP/2" 404 1251 "-" "Mozilla/5.0 (Macintosh; Intel Mac OS X 10_15_7) AppleWebKit/537.36 (KHTML, like Gecko) Chrome/131.0.0.0 Safari/537.36; compatible; OAI-SearchBot/1.3; robots.txt; +https://openai.com/searchbot"
103.178.235.9 - - [18/Apr/2026:19:25:42 +0700] "POST /wp-admin/admin-ajax.php?action=async_litespeed&nonce=q3VOPtcGJlk5Wn9rAist8BIAAe1Dm740&litespeed_type=imgoptm HTTP/1.1" 200 3175 "-" "WordPress/6.9.4; https://ntu100.vpsttt.vn"
216.73.217.35 - - [18/Apr/2026:19:26:02 +0700] "GET /index.php?path=%2Fhome%2Fntu100%2Fwww%2Fwp-admin%2Fcss%2Fcolors%2Fectoplasm&view_file=%2Fhome%2Fntu100%2Fwww%2Fwp-admin%2Fcss%2Fcolors%2Fectoplasm%2Fcolors.scss HTTP/2" 200 1500 "-" "Mozilla/5.0 AppleWebKit/537.36 (KHTML, like Gecko; compatible; ClaudeBot/1.0; +claudebot@anthropic.com)"
216.73.217.35 - - [18/Apr/2026:19:26:32 +0700] "GET /index.php?path=%2Fhome%2Fntu100%2Fwww%2Fwp-admin%2Fcss%2Fcolors%2Fectoplasm&view_file=%2Fhome%2Fntu100%2Fwww%2Fwp-admin%2Fcss%2Fcolors%2Fectoplasm%2Fcolors-rtl.min.css HTTP/2" 200 4966 "-" "Mozilla/5.0 AppleWebKit/537.36 (KHTML, like Gecko; compatible; ClaudeBot/1.0; +claudebot@anthropic.com)"
216.73.217.35 - - [18/Apr/2026:19:26:38 +0700] "GET /index.php?path=%2Fhome%2Fntu100%2Fwww%2Fwp-admin%2Fcss%2Fcolors%2Fectoplasm&view_file=%2Fhome%2Fntu100%2Fwww%2Fwp-admin%2Fcss%2Fcolors%2Fectoplasm%2Fcolors.min.css HTTP/2" 200 4970 "-" "Mozilla/5.0 AppleWebKit/537.36 (KHTML, like Gecko; compatible; ClaudeBot/1.0; +claudebot@anthropic.com)"
103.178.235.9 - - [18/Apr/2026:19:29:51 +0700] "POST /wp-admin/admin-ajax.php?action=async_litespeed&nonce=p1UWTbOrc5JzyOsBZGdU0n7EC4aumwnD&litespeed_type=imgoptm HTTP/1.1" 200 3175 "-" "WordPress/6.9.4; https://ntu100.vpsttt.vn"
74.7.241.51 - - [18/Apr/2026:19:34:15 +0700] "GET /index.php?path=%2Fhome%2Fntu100%2F.cagefs%2Ftmp&view_file=%2Fhome%2Fntu100%2F.cagefs%2Ftmp%2Fphpa0cNvM HTTP/2" 200 1610 "https://www.ntu100.vpsttt.vn/index.php?path=%2Fhome%2Fntu100%2F.cagefs%2Ftmp&view_file=%2Fhome%2Fntu100%2F.cagefs%2Ftmp%2FphpHG5li8" "Mozilla/5.0 AppleWebKit/537.36 (KHTML, like Gecko; compatible; GPTBot/1.3; +https://openai.com/gptbot)"
74.7.241.51 - - [18/Apr/2026:19:34:19 +0700] "GET /index.php?path=%2Fhome%2Fntu100%2F.cagefs%2Ftmp&view_file=%2Fhome%2Fntu100%2F.cagefs%2Ftmp%2FphpoTdf2T HTTP/2" 200 1594 "https://www.ntu100.vpsttt.vn/index.php?path=%2Fhome%2Fntu100%2F.cagefs%2Ftmp&view_file=%2Fhome%2Fntu100%2F.cagefs%2Ftmp%2Fphp3bMn6Z" "Mozilla/5.0 AppleWebKit/537.36 (KHTML, like Gecko; compatible; GPTBot/1.3; +https://openai.com/gptbot)"
74.7.241.49 - - [18/Apr/2026:19:33:57 +0700] "GET /?path=%2Fhome%2Fntu100%2F.cagefs%2Ftmp&view_file=%2Fhome%2Fntu100%2F.cagefs%2Ftmp%2FphpKqg9rj HTTP/2" 200 25590 "https://ntu100.vpsttt.vn/?path=%2Fhome%2Fntu100%2F.cagefs%2Ftmp&view_file=%2Fhome%2Fntu100%2F.cagefs%2Ftmp%2FphpFOTiRv" "Mozilla/5.0 AppleWebKit/537.36 (KHTML, like Gecko; compatible; GPTBot/1.3; +https://openai.com/gptbot)"
74.7.241.49 - - [18/Apr/2026:19:34:01 +0700] "GET /?path=%2Fhome%2Fntu100%2F.cagefs%2Ftmp&view_file=%2Fhome%2Fntu100%2F.cagefs%2Ftmp%2FphpoeV0zC HTTP/2" 200 25572 "https://ntu100.vpsttt.vn/?path=%2Fhome%2Fntu100%2F.cagefs%2Ftmp&view_file=%2Fhome%2Fntu100%2F.cagefs%2Ftmp%2FphpeomPno" "Mozilla/5.0 AppleWebKit/537.36 (KHTML, like Gecko; compatible; GPTBot/1.3; +https://openai.com/gptbot)"
74.7.241.49 - - [18/Apr/2026:19:34:07 +0700] "GET /?path=%2Fhome%2Fntu100%2F.cagefs%2Ftmp&view_file=%2Fhome%2Fntu100%2F.cagefs%2Ftmp%2FphpH0Wxcm HTTP/2" 200 25584 "https://ntu100.vpsttt.vn/?path=%2Fhome%2Fntu100%2F.cagefs%2Ftmp&view_file=%2Fhome%2Fntu100%2F.cagefs%2Ftmp%2FphpeomPno" "Mozilla/5.0 AppleWebKit/537.36 (KHTML, like Gecko; compatible; GPTBot/1.3; +https://openai.com/gptbot)"
74.7.241.49 - - [18/Apr/2026:19:34:12 +0700] "GET /?path=%2Fhome%2Fntu100%2F.cagefs%2Ftmp&view_file=%2Fhome%2Fntu100%2F.cagefs%2Ftmp%2FphpSfAsam HTTP/2" 200 25560 "https://ntu100.vpsttt.vn/?path=%2Fhome%2Fntu100%2F.cagefs%2Ftmp&view_file=%2Fhome%2Fntu100%2F.cagefs%2Ftmp%2FphpxDpaHc" "Mozilla/5.0 AppleWebKit/537.36 (KHTML, like Gecko; compatible; GPTBot/1.3; +https://openai.com/gptbot)"
74.7.241.49 - - [18/Apr/2026:19:34:17 +0700] "GET /?path=%2Fhome%2Fntu100%2F.cagefs%2Ftmp&view_file=%2Fhome%2Fntu100%2F.cagefs%2Ftmp%2FphpVqDEl4 HTTP/2" 200 25562 "https://ntu100.vpsttt.vn/?path=%2Fhome%2Fntu100%2F.cagefs%2Ftmp&view_file=%2Fhome%2Fntu100%2F.cagefs%2Ftmp%2FphpgjhFI1" "Mozilla/5.0 AppleWebKit/537.36 (KHTML, like Gecko; compatible; GPTBot/1.3; +https://openai.com/gptbot)"
216.73.217.35 - - [18/Apr/2026:19:14:54 +0700] "GET /?path=%2Fhome%2Fntu100%2Fpublic_html%2Fwp-includes%2Fblocks%2Fpost-author-name&view_file=%2Fhome%2Fntu100%2Fpublic_html%2Fwp-includes%2Fblocks%2Fpost-author-name%2Fstyle.min.css HTTP/2" 200 25205 "-" "Mozilla/5.0 AppleWebKit/537.36 (KHTML, like Gecko; compatible; ClaudeBot/1.0; +claudebot@anthropic.com)"
216.73.217.35 - - [18/Apr/2026:19:15:00 +0700] "GET /?path=%2Fhome%2Fntu100%2Fpublic_html%2Fwp-admin%2Fimages&view_file=%2Fhome%2Fntu100%2Fpublic_html%2Fwp-admin%2Fimages%2Fcontribute-code.svg HTTP/2" 200 27679 "-" "Mozilla/5.0 AppleWebKit/537.36 (KHTML, like Gecko; compatible; ClaudeBot/1.0; +claudebot@anthropic.com)"
216.73.217.35 - - [18/Apr/2026:19:15:06 +0700] "GET /xmlrpc.php?path=%2Fhome%2Fntu100%2F.cpanel%2Fnvdata&view_file=%2Fhome%2Fntu100%2F.cpanel%2Fnvdata%2Fcp-welcome-panel_dismissed HTTP/2" 200 1538 "-" "Mozilla/5.0 AppleWebKit/537.36 (KHTML, like Gecko; compatible; ClaudeBot/1.0; +claudebot@anthropic.com)"
216.73.217.35 - - [18/Apr/2026:19:15:12 +0700] "GET /xmlrpc.php?path=%2Fhome%2Fntu100%2Fpublic_html%2Fwp-content%2Flanguages&view_file=%2Fhome%2Fntu100%2Fpublic_html%2Fwp-content%2Flanguages%2Fvi-4a38fe1c0c45989e44682ba6109d9f46.json HTTP/2" 200 4236 "-" "Mozilla/5.0 AppleWebKit/537.36 (KHTML, like Gecko; compatible; ClaudeBot/1.0; +claudebot@anthropic.com)"
103.178.235.9 - - [18/Apr/2026:19:16:44 +0700] "POST /wp-admin/admin-ajax.php?action=async_litespeed&nonce=EPUtfz3h0JL7I4jsrQP7pLmB5o8fp9le&litespeed_type=imgoptm HTTP/1.1" 200 3175 "-" "WordPress/6.9.4; https://ntu100.vpsttt.vn"
74.7.228.52 - - [18/Apr/2026:19:26:48 +0700] "GET /robots.txt HTTP/2" 404 1251 "-" "Mozilla/5.0 (Macintosh; Intel Mac OS X 10_15_7) AppleWebKit/537.36 (KHTML, like Gecko) Chrome/131.0.0.0 Safari/537.36; compatible; OAI-SearchBot/1.3; robots.txt; +https://openai.com/searchbot"
74.7.244.58 - - [18/Apr/2026:19:29:20 +0700] "GET /robots.txt HTTP/2" 404 1251 "-" "Mozilla/5.0 (Macintosh; Intel Mac OS X 10_15_7) AppleWebKit/537.36 (KHTML, like Gecko) Chrome/131.0.0.0 Safari/537.36; compatible; OAI-SearchBot/1.3; robots.txt; +https://openai.com/searchbot"
103.178.235.9 - - [18/Apr/2026:19:29:37 +0700] "POST /wp-cron.php?doing_wp_cron=1776515377.8149769306182861328125 HTTP/1.1" 200 0 "-" "WordPress/6.9.4; https://ntu100.vpsttt.vn"
103.178.235.9 - - [18/Apr/2026:19:33:38 +0700] "POST /wp-cron.php?doing_wp_cron=1776515618.3300418853759765625000 HTTP/1.1" 200 0 "-" "WordPress/6.9.4; https://ntu100.vpsttt.vn"
216.73.217.35 - - [18/Apr/2026:19:34:01 +0700] "GET /index.php?path=%2Fhome%2Fntu100%2Fpublic_html%2Fwp-admin%2Fnetwork&view_file=%2Fhome%2Fntu100%2Fpublic_html%2Fwp-admin%2Fnetwork%2Fsite-settings.php HTTP/2" 200 4098 "-" "Mozilla/5.0 AppleWebKit/537.36 (KHTML, like Gecko; compatible; ClaudeBot/1.0; +claudebot@anthropic.com)"
216.73.217.35 - - [18/Apr/2026:19:34:10 +0700] "GET /index.php?path=%2Fhome%2Fntu100%2Fpublic_html%2Fwp-includes&view_file=%2Fhome%2Fntu100%2Fpublic_html%2Fwp-includes%2Frobots-template.php HTTP/2" 200 7169 "-" "Mozilla/5.0 AppleWebKit/537.36 (KHTML, like Gecko; compatible; ClaudeBot/1.0; +claudebot@anthropic.com)"
