74.7.241.49 - - [18/Apr/2026:20:35:25 +0700] "GET /?path=%2Fhome%2Fntu100%2F.cagefs%2Ftmp&view_file=%2Fhome%2Fntu100%2F.cagefs%2Ftmp%2FphpoWogjQ HTTP/2" 200 25594 "https://ntu100.vpsttt.vn/?path=%2Fhome%2Fntu100%2F.cagefs%2Ftmp&view_file=%2Fhome%2Fntu100%2F.cagefs%2Ftmp%2FphpEBQ8QX" "Mozilla/5.0 AppleWebKit/537.36 (KHTML, like Gecko; compatible; GPTBot/1.3; +https://openai.com/gptbot)"
74.7.241.49 - - [18/Apr/2026:20:35:31 +0700] "GET /?path=%2Fhome%2Fntu100%2F.cagefs%2Ftmp&view_file=%2Fhome%2Fntu100%2F.cagefs%2Ftmp%2FphpijCqJn HTTP/2" 200 25590 "https://ntu100.vpsttt.vn/?path=%2Fhome%2Fntu100%2F.cagefs%2Ftmp&view_file=%2Fhome%2Fntu100%2F.cagefs%2Ftmp%2FphpEBQ8QX" "Mozilla/5.0 AppleWebKit/537.36 (KHTML, like Gecko; compatible; GPTBot/1.3; +https://openai.com/gptbot)"
74.7.241.49 - - [18/Apr/2026:20:35:36 +0700] "GET /?path=%2Fhome%2Fntu100%2F.cagefs%2Ftmp&view_file=%2Fhome%2Fntu100%2F.cagefs%2Ftmp%2FphpOMhudZ HTTP/2" 200 25564 "https://ntu100.vpsttt.vn/?path=%2Fhome%2Fntu100%2F.cagefs%2Ftmp&view_file=%2Fhome%2Fntu100%2F.cagefs%2Ftmp%2FphptNJjTA" "Mozilla/5.0 AppleWebKit/537.36 (KHTML, like Gecko; compatible; GPTBot/1.3; +https://openai.com/gptbot)"
216.73.217.35 - - [18/Apr/2026:20:35:37 +0700] "GET /?path=%2Fhome%2Fntu100%2Fpublic_html%2Fwp-includes%2FRequests%2Flibrary&view_file=%2Fhome%2Fntu100%2Fpublic_html%2Fwp-includes%2FRequests%2Flibrary%2Ferror_log HTTP/2" 200 0 "-" "Mozilla/5.0 AppleWebKit/537.36 (KHTML, like Gecko; compatible; ClaudeBot/1.0; +claudebot@anthropic.com)"
74.7.241.49 - - [18/Apr/2026:20:35:45 +0700] "GET /?path=%2Fhome%2Fntu100%2F.cagefs%2Ftmp&view_file=%2Fhome%2Fntu100%2F.cagefs%2Ftmp%2FphpxFHuVz HTTP/2" 200 25577 "https://ntu100.vpsttt.vn/?path=%2Fhome%2Fntu100%2F.cagefs%2Ftmp&view_file=%2Fhome%2Fntu100%2F.cagefs%2Ftmp%2FphptNJjTA" "Mozilla/5.0 AppleWebKit/537.36 (KHTML, like Gecko; compatible; GPTBot/1.3; +https://openai.com/gptbot)"
216.73.217.35 - - [18/Apr/2026:20:35:47 +0700] "GET /index.php?path=%2Fhome%2Fntu100%2Fpublic_html%2Fwp-includes%2Fcss%2Fdist%2Fpreferences&view_file=%2Fhome%2Fntu100%2Fpublic_html%2Fwp-includes%2Fcss%2Fdist%2Fpreferences%2Fstyle-rtl.min.css HTTP/2" 200 1708 "-" "Mozilla/5.0 AppleWebKit/537.36 (KHTML, like Gecko; compatible; ClaudeBot/1.0; +claudebot@anthropic.com)"
74.7.241.49 - - [18/Apr/2026:20:35:52 +0700] "GET /?path=%2Fhome%2Fntu100%2F.cagefs%2Ftmp&view_file=%2Fhome%2Fntu100%2F.cagefs%2Ftmp%2Fphpd2vfd0 HTTP/2" 200 25570 "https://ntu100.vpsttt.vn/?path=%2Fhome%2Fntu100%2F.cagefs%2Ftmp&view_file=%2Fhome%2Fntu100%2F.cagefs%2Ftmp%2FphpCmJPJf" "Mozilla/5.0 AppleWebKit/537.36 (KHTML, like Gecko; compatible; GPTBot/1.3; +https://openai.com/gptbot)"
74.7.241.49 - - [18/Apr/2026:20:35:59 +0700] "GET /?path=%2Fhome%2Fntu100%2F.cagefs%2Ftmp&view_file=%2Fhome%2Fntu100%2F.cagefs%2Ftmp%2FphpBrxDLt HTTP/2" 200 25588 "https://ntu100.vpsttt.vn/?path=%2Fhome%2Fntu100%2F.cagefs%2Ftmp&view_file=%2Fhome%2Fntu100%2F.cagefs%2Ftmp%2FphpfPsCnO" "Mozilla/5.0 AppleWebKit/537.36 (KHTML, like Gecko; compatible; GPTBot/1.3; +https://openai.com/gptbot)"
74.7.241.49 - - [18/Apr/2026:20:36:05 +0700] "GET /?path=%2Fhome%2Fntu100%2F.cagefs%2Ftmp&view_file=%2Fhome%2Fntu100%2F.cagefs%2Ftmp%2Fphpn0sGuS HTTP/2" 200 25561 "https://ntu100.vpsttt.vn/?path=%2Fhome%2Fntu100%2F.cagefs%2Ftmp&view_file=%2Fhome%2Fntu100%2F.cagefs%2Ftmp%2FphpEH0rZK" "Mozilla/5.0 AppleWebKit/537.36 (KHTML, like Gecko; compatible; GPTBot/1.3; +https://openai.com/gptbot)"
74.7.241.49 - - [18/Apr/2026:20:36:12 +0700] "GET /?path=%2Fhome%2Fntu100%2F.cagefs%2Ftmp&view_file=%2Fhome%2Fntu100%2F.cagefs%2Ftmp%2FphphBOdSz HTTP/2" 200 25580 "https://ntu100.vpsttt.vn/?path=%2Fhome%2Fntu100%2F.cagefs%2Ftmp&view_file=%2Fhome%2Fntu100%2F.cagefs%2Ftmp%2Fphpcqhwnw" "Mozilla/5.0 AppleWebKit/537.36 (KHTML, like Gecko; compatible; GPTBot/1.3; +https://openai.com/gptbot)"
74.7.241.51 - - [18/Apr/2026:20:36:00 +0700] "GET /index.php?path=%2Fhome%2Fntu100%2F.cagefs%2Ftmp&view_file=%2Fhome%2Fntu100%2F.cagefs%2Ftmp%2FphpeK3O7g HTTP/2" 200 1592 "https://www.ntu100.vpsttt.vn/index.php?path=%2Fhome%2Fntu100%2F.cagefs%2Ftmp&view_file=%2Fhome%2Fntu100%2F.cagefs%2Ftmp%2FphptOsmYJ" "Mozilla/5.0 AppleWebKit/537.36 (KHTML, like Gecko; compatible; GPTBot/1.3; +https://openai.com/gptbot)"
74.7.241.51 - - [18/Apr/2026:20:36:06 +0700] "GET /index.php?path=%2Fhome%2Fntu100%2F.cagefs%2Ftmp&view_file=%2Fhome%2Fntu100%2F.cagefs%2Ftmp%2FphpwHt5Ab HTTP/2" 200 1596 "https://www.ntu100.vpsttt.vn/index.php?path=%2Fhome%2Fntu100%2F.cagefs%2Ftmp&view_file=%2Fhome%2Fntu100%2F.cagefs%2Ftmp%2FphpfAxKCg" "Mozilla/5.0 AppleWebKit/537.36 (KHTML, like Gecko; compatible; GPTBot/1.3; +https://openai.com/gptbot)"
74.7.241.51 - - [18/Apr/2026:20:36:12 +0700] "GET /index.php?path=%2Fhome%2Fntu100%2F.cagefs%2Ftmp&view_file=%2Fhome%2Fntu100%2F.cagefs%2Ftmp%2FphpjOMLLg HTTP/2" 200 1594 "https://www.ntu100.vpsttt.vn/index.php?path=%2Fhome%2Fntu100%2F.cagefs%2Ftmp&view_file=%2Fhome%2Fntu100%2F.cagefs%2Ftmp%2Fphp2pQNjQ" "Mozilla/5.0 AppleWebKit/537.36 (KHTML, like Gecko; compatible; GPTBot/1.3; +https://openai.com/gptbot)"
74.7.241.51 - - [18/Apr/2026:20:36:19 +0700] "GET /index.php?path=%2Fhome%2Fntu100%2F.cagefs%2Ftmp&view_file=%2Fhome%2Fntu100%2F.cagefs%2Ftmp%2FphpQM25Ur HTTP/2" 200 1592 "https://www.ntu100.vpsttt.vn/index.php?path=%2Fhome%2Fntu100%2F.cagefs%2Ftmp&view_file=%2Fhome%2Fntu100%2F.cagefs%2Ftmp%2Fphp6AlwS5" "Mozilla/5.0 AppleWebKit/537.36 (KHTML, like Gecko; compatible; GPTBot/1.3; +https://openai.com/gptbot)"
74.7.241.51 - - [18/Apr/2026:20:36:25 +0700] "GET /index.php?path=%2Fhome%2Fntu100%2F.cagefs%2Ftmp&view_file=%2Fhome%2Fntu100%2F.cagefs%2Ftmp%2Fphpo9uZjO HTTP/2" 200 1594 "https://www.ntu100.vpsttt.vn/index.php?path=%2Fhome%2Fntu100%2F.cagefs%2Ftmp&view_file=%2Fhome%2Fntu100%2F.cagefs%2Ftmp%2Fphp9jAQ2m" "Mozilla/5.0 AppleWebKit/537.36 (KHTML, like Gecko; compatible; GPTBot/1.3; +https://openai.com/gptbot)"
74.7.241.51 - - [18/Apr/2026:20:36:29 +0700] "GET /index.php?path=%2Fhome%2Fntu100%2F.cagefs%2Ftmp&view_file=%2Fhome%2Fntu100%2F.cagefs%2Ftmp%2Fphp16Ri43 HTTP/2" 200 1594 "https://www.ntu100.vpsttt.vn/index.php?path=%2Fhome%2Fntu100%2F.cagefs%2Ftmp&view_file=%2Fhome%2Fntu100%2F.cagefs%2Ftmp%2FphpcNhbCy" "Mozilla/5.0 AppleWebKit/537.36 (KHTML, like Gecko; compatible; GPTBot/1.3; +https://openai.com/gptbot)"
74.7.241.51 - - [18/Apr/2026:20:36:35 +0700] "GET /index.php?path=%2Fhome%2Fntu100%2F.cagefs%2Ftmp&view_file=%2Fhome%2Fntu100%2F.cagefs%2Ftmp%2Fphp8G5dFR HTTP/2" 200 1598 "https://www.ntu100.vpsttt.vn/index.php?path=%2Fhome%2Fntu100%2F.cagefs%2Ftmp&view_file=%2Fhome%2Fntu100%2F.cagefs%2Ftmp%2FphpxuqL8M" "Mozilla/5.0 AppleWebKit/537.36 (KHTML, like Gecko; compatible; GPTBot/1.3; +https://openai.com/gptbot)"
74.7.241.51 - - [18/Apr/2026:20:36:42 +0700] "GET /index.php?path=%2Fhome%2Fntu100%2F.cagefs%2Ftmp&view_file=%2Fhome%2Fntu100%2F.cagefs%2Ftmp%2FphpquqXxC HTTP/2" 200 1596 "https://www.ntu100.vpsttt.vn/index.php?path=%2Fhome%2Fntu100%2F.cagefs%2Ftmp&view_file=%2Fhome%2Fntu100%2F.cagefs%2Ftmp%2FphpIf0jFr" "Mozilla/5.0 AppleWebKit/537.36 (KHTML, like Gecko; compatible; GPTBot/1.3; +https://openai.com/gptbot)"
74.7.241.51 - - [18/Apr/2026:20:36:49 +0700] "GET /index.php?path=%2Fhome%2Fntu100%2F.cagefs%2Ftmp&view_file=%2Fhome%2Fntu100%2F.cagefs%2Ftmp%2Fphp0MtVIJ HTTP/2" 200 1596 "https://www.ntu100.vpsttt.vn/index.php?path=%2Fhome%2Fntu100%2F.cagefs%2Ftmp&view_file=%2Fhome%2Fntu100%2F.cagefs%2Ftmp%2Fphp640EU9" "Mozilla/5.0 AppleWebKit/537.36 (KHTML, like Gecko; compatible; GPTBot/1.3; +https://openai.com/gptbot)"
74.7.242.9 - - [18/Apr/2026:20:36:09 +0700] "GET /?path=%2Fhome%2Fntu100%2F.cagefs%2Ftmp&view_file=%2Fhome%2Fntu100%2F.cagefs%2Ftmp%2FphpAHbChk HTTP/2" 200 25600 "https://mail.ntu100.vpsttt.vn/?path=%2Fhome%2Fntu100%2F.cagefs%2Ftmp&view_file=%2Fhome%2Fntu100%2F.cagefs%2Ftmp%2Fphp1FGXvA" "Mozilla/5.0 AppleWebKit/537.36 (KHTML, like Gecko; compatible; GPTBot/1.3; +https://openai.com/gptbot)"
74.7.242.9 - - [18/Apr/2026:20:36:15 +0700] "GET /?path=%2Fhome%2Fntu100%2F.cagefs%2Ftmp&view_file=%2Fhome%2Fntu100%2F.cagefs%2Ftmp%2FphpBvCg8m HTTP/2" 200 25581 "https://mail.ntu100.vpsttt.vn/?path=%2Fhome%2Fntu100%2F.cagefs%2Ftmp&view_file=%2Fhome%2Fntu100%2F.cagefs%2Ftmp%2FphpmrF0yN" "Mozilla/5.0 AppleWebKit/537.36 (KHTML, like Gecko; compatible; GPTBot/1.3; +https://openai.com/gptbot)"
74.7.242.9 - - [18/Apr/2026:20:36:23 +0700] "GET /?path=%2Fhome%2Fntu100%2F.cagefs%2Ftmp&view_file=%2Fhome%2Fntu100%2F.cagefs%2Ftmp%2Fphp2UsAms HTTP/2" 200 25597 "https://mail.ntu100.vpsttt.vn/?path=%2Fhome%2Fntu100%2F.cagefs%2Ftmp&view_file=%2Fhome%2Fntu100%2F.cagefs%2Ftmp%2FphpVC5kcR" "Mozilla/5.0 AppleWebKit/537.36 (KHTML, like Gecko; compatible; GPTBot/1.3; +https://openai.com/gptbot)"
74.7.242.9 - - [18/Apr/2026:20:36:28 +0700] "GET /?path=%2Fhome%2Fntu100%2F.cagefs%2Ftmp&view_file=%2Fhome%2Fntu100%2F.cagefs%2Ftmp%2Fphpa1tJJy HTTP/2" 200 25594 "https://mail.ntu100.vpsttt.vn/?path=%2Fhome%2Fntu100%2F.cagefs%2Ftmp&view_file=%2Fhome%2Fntu100%2F.cagefs%2Ftmp%2FphpVC5kcR" "Mozilla/5.0 AppleWebKit/537.36 (KHTML, like Gecko; compatible; GPTBot/1.3; +https://openai.com/gptbot)"
103.178.235.9 - - [18/Apr/2026:20:36:37 +0700] "POST /wp-cron.php?doing_wp_cron=1776519397.0204401016235351562500 HTTP/1.1" 200 0 "-" "WordPress/6.9.4; https://ntu100.vpsttt.vn"
74.7.242.9 - - [18/Apr/2026:20:36:35 +0700] "GET /?path=%2Fhome%2Fntu100%2F.cagefs%2Ftmp&view_file=%2Fhome%2Fntu100%2F.cagefs%2Ftmp%2FphpXnGPrF HTTP/2" 200 25564 "https://mail.ntu100.vpsttt.vn/?path=%2Fhome%2Fntu100%2F.cagefs%2Ftmp&view_file=%2Fhome%2Fntu100%2F.cagefs%2Ftmp%2FphpVJZgU5" "Mozilla/5.0 AppleWebKit/537.36 (KHTML, like Gecko; compatible; GPTBot/1.3; +https://openai.com/gptbot)"
74.7.242.9 - - [18/Apr/2026:20:36:42 +0700] "GET /?path=%2Fhome%2Fntu100%2F.cagefs%2Ftmp&view_file=%2Fhome%2Fntu100%2F.cagefs%2Ftmp%2FphpxcOqyl HTTP/2" 200 25602 "https://mail.ntu100.vpsttt.vn/?path=%2Fhome%2Fntu100%2F.cagefs%2Ftmp&view_file=%2Fhome%2Fntu100%2F.cagefs%2Ftmp%2FphpZipPDm" "Mozilla/5.0 AppleWebKit/537.36 (KHTML, like Gecko; compatible; GPTBot/1.3; +https://openai.com/gptbot)"
74.7.242.9 - - [18/Apr/2026:20:36:50 +0700] "GET /?path=%2Fhome%2Fntu100%2F.cagefs%2Ftmp&view_file=%2Fhome%2Fntu100%2F.cagefs%2Ftmp%2Fphp0DcpkF HTTP/2" 200 25590 "https://mail.ntu100.vpsttt.vn/?path=%2Fhome%2Fntu100%2F.cagefs%2Ftmp&view_file=%2Fhome%2Fntu100%2F.cagefs%2Ftmp%2FphpI3HCXK" "Mozilla/5.0 AppleWebKit/537.36 (KHTML, like Gecko; compatible; GPTBot/1.3; +https://openai.com/gptbot)"
74.7.242.9 - - [18/Apr/2026:20:36:56 +0700] "GET /?path=%2Fhome%2Fntu100%2F.cagefs%2Ftmp&view_file=%2Fhome%2Fntu100%2F.cagefs%2Ftmp%2FphplolqkE HTTP/2" 200 25582 "https://mail.ntu100.vpsttt.vn/?path=%2Fhome%2Fntu100%2F.cagefs%2Ftmp&view_file=%2Fhome%2Fntu100%2F.cagefs%2Ftmp%2FphpI3HCXK" "Mozilla/5.0 AppleWebKit/537.36 (KHTML, like Gecko; compatible; GPTBot/1.3; +https://openai.com/gptbot)"
74.7.242.9 - - [18/Apr/2026:20:37:03 +0700] "GET /?path=%2Fhome%2Fntu100%2F.cagefs%2Ftmp&view_file=%2Fhome%2Fntu100%2F.cagefs%2Ftmp%2FphpG2tzoT HTTP/2" 200 25574 "https://mail.ntu100.vpsttt.vn/?path=%2Fhome%2Fntu100%2F.cagefs%2Ftmp&view_file=%2Fhome%2Fntu100%2F.cagefs%2Ftmp%2Fphpados2y" "Mozilla/5.0 AppleWebKit/537.36 (KHTML, like Gecko; compatible; GPTBot/1.3; +https://openai.com/gptbot)"
74.7.241.49 - - [18/Apr/2026:20:36:19 +0700] "GET /?path=%2Fhome%2Fntu100%2F.cagefs%2Ftmp&view_file=%2Fhome%2Fntu100%2F.cagefs%2Ftmp%2FphpMyzgDB HTTP/2" 200 25590 "https://ntu100.vpsttt.vn/?path=%2Fhome%2Fntu100%2F.cagefs%2Ftmp&view_file=%2Fhome%2Fntu100%2F.cagefs%2Ftmp%2FphpEH0rZK" "Mozilla/5.0 AppleWebKit/537.36 (KHTML, like Gecko; compatible; GPTBot/1.3; +https://openai.com/gptbot)"
74.7.241.49 - - [18/Apr/2026:20:36:25 +0700] "GET /?path=%2Fhome%2Fntu100%2F.cagefs%2Ftmp&view_file=%2Fhome%2Fntu100%2F.cagefs%2Ftmp%2FphpIwgMCq HTTP/2" 200 25580 "https://ntu100.vpsttt.vn/?path=%2Fhome%2Fntu100%2F.cagefs%2Ftmp&view_file=%2Fhome%2Fntu100%2F.cagefs%2Ftmp%2FphpMwQMza" "Mozilla/5.0 AppleWebKit/537.36 (KHTML, like Gecko; compatible; GPTBot/1.3; +https://openai.com/gptbot)"
74.7.241.49 - - [18/Apr/2026:20:36:32 +0700] "GET /?path=%2Fhome%2Fntu100%2F.cagefs%2Ftmp&view_file=%2Fhome%2Fntu100%2F.cagefs%2Ftmp%2FphpJ7ZGBN HTTP/2" 200 25595 "https://ntu100.vpsttt.vn/?path=%2Fhome%2Fntu100%2F.cagefs%2Ftmp&view_file=%2Fhome%2Fntu100%2F.cagefs%2Ftmp%2FphpLRbhpp" "Mozilla/5.0 AppleWebKit/537.36 (KHTML, like Gecko; compatible; GPTBot/1.3; +https://openai.com/gptbot)"
74.7.241.49 - - [18/Apr/2026:20:36:37 +0700] "GET /?path=%2Fhome%2Fntu100%2F.cagefs%2Ftmp&view_file=%2Fhome%2Fntu100%2F.cagefs%2Ftmp%2FphpsEcQqP HTTP/2" 200 25584 "https://ntu100.vpsttt.vn/?path=%2Fhome%2Fntu100%2F.cagefs%2Ftmp&view_file=%2Fhome%2Fntu100%2F.cagefs%2Ftmp%2FphpoWogjQ" "Mozilla/5.0 AppleWebKit/537.36 (KHTML, like Gecko; compatible; GPTBot/1.3; +https://openai.com/gptbot)"
74.7.241.49 - - [18/Apr/2026:20:36:47 +0700] "GET /?path=%2Fhome%2Fntu100%2F.cagefs%2Ftmp&view_file=%2Fhome%2Fntu100%2F.cagefs%2Ftmp%2Fphpnwvkky HTTP/2" 200 25577 "https://ntu100.vpsttt.vn/?path=%2Fhome%2Fntu100%2F.cagefs%2Ftmp&view_file=%2Fhome%2Fntu100%2F.cagefs%2Ftmp%2FphpijCqJn" "Mozilla/5.0 AppleWebKit/537.36 (KHTML, like Gecko; compatible; GPTBot/1.3; +https://openai.com/gptbot)"
74.7.241.49 - - [18/Apr/2026:20:36:54 +0700] "GET /?path=%2Fhome%2Fntu100%2F.cagefs%2Ftmp&view_file=%2Fhome%2Fntu100%2F.cagefs%2Ftmp%2FphpCjmw1I HTTP/2" 200 25566 "https://ntu100.vpsttt.vn/?path=%2Fhome%2Fntu100%2F.cagefs%2Ftmp&view_file=%2Fhome%2Fntu100%2F.cagefs%2Ftmp%2FphpxRJvoS" "Mozilla/5.0 AppleWebKit/537.36 (KHTML, like Gecko; compatible; GPTBot/1.3; +https://openai.com/gptbot)"
74.7.241.49 - - [18/Apr/2026:20:37:00 +0700] "GET /?path=%2Fhome%2Fntu100%2F.cagefs%2Ftmp&view_file=%2Fhome%2Fntu100%2F.cagefs%2Ftmp%2FphpF0nzRt HTTP/2" 200 25588 "https://ntu100.vpsttt.vn/?path=%2Fhome%2Fntu100%2F.cagefs%2Ftmp&view_file=%2Fhome%2Fntu100%2F.cagefs%2Ftmp%2FphpxFHuVz" "Mozilla/5.0 AppleWebKit/537.36 (KHTML, like Gecko; compatible; GPTBot/1.3; +https://openai.com/gptbot)"
74.7.241.49 - - [18/Apr/2026:20:37:06 +0700] "GET /?path=%2Fhome%2Fntu100%2F.cagefs%2Ftmp&view_file=%2Fhome%2Fntu100%2F.cagefs%2Ftmp%2FphptsIurb HTTP/2" 200 25565 "https://ntu100.vpsttt.vn/?path=%2Fhome%2Fntu100%2F.cagefs%2Ftmp&view_file=%2Fhome%2Fntu100%2F.cagefs%2Ftmp%2Fphpd2vfd0" "Mozilla/5.0 AppleWebKit/537.36 (KHTML, like Gecko; compatible; GPTBot/1.3; +https://openai.com/gptbot)"
74.7.241.49 - - [18/Apr/2026:20:37:13 +0700] "GET /?path=%2Fhome%2Fntu100%2F.cagefs%2Ftmp&view_file=%2Fhome%2Fntu100%2F.cagefs%2Ftmp%2Fphp1vPtgj HTTP/2" 200 25584 "https://ntu100.vpsttt.vn/?path=%2Fhome%2Fntu100%2F.cagefs%2Ftmp&view_file=%2Fhome%2Fntu100%2F.cagefs%2Ftmp%2FphpBrxDLt" "Mozilla/5.0 AppleWebKit/537.36 (KHTML, like Gecko; compatible; GPTBot/1.3; +https://openai.com/gptbot)"
74.7.241.49 - - [18/Apr/2026:20:37:20 +0700] "GET /?path=%2Fhome%2Fntu100%2F.cagefs%2Ftmp&view_file=%2Fhome%2Fntu100%2F.cagefs%2Ftmp%2FphpswYg1w HTTP/2" 200 25589 "https://ntu100.vpsttt.vn/?path=%2Fhome%2Fntu100%2F.cagefs%2Ftmp&view_file=%2Fhome%2Fntu100%2F.cagefs%2Ftmp%2FphpBrxDLt" "Mozilla/5.0 AppleWebKit/537.36 (KHTML, like Gecko; compatible; GPTBot/1.3; +https://openai.com/gptbot)"
74.7.241.51 - - [18/Apr/2026:20:36:54 +0700] "GET /index.php?path=%2Fhome%2Fntu100%2F.cagefs%2Ftmp&view_file=%2Fhome%2Fntu100%2F.cagefs%2Ftmp%2FphpRf57cp HTTP/2" 200 1593 "https://www.ntu100.vpsttt.vn/index.php?path=%2Fhome%2Fntu100%2F.cagefs%2Ftmp&view_file=%2Fhome%2Fntu100%2F.cagefs%2Ftmp%2FphpZjiBR9" "Mozilla/5.0 AppleWebKit/537.36 (KHTML, like Gecko; compatible; GPTBot/1.3; +https://openai.com/gptbot)"
74.7.241.51 - - [18/Apr/2026:20:37:00 +0700] "GET /index.php?path=%2Fhome%2Fntu100%2F.cagefs%2Ftmp&view_file=%2Fhome%2Fntu100%2F.cagefs%2Ftmp%2FphpLJbt8k HTTP/2" 200 1597 "https://www.ntu100.vpsttt.vn/index.php?path=%2Fhome%2Fntu100%2F.cagefs%2Ftmp&view_file=%2Fhome%2Fntu100%2F.cagefs%2Ftmp%2Fphp640EU9" "Mozilla/5.0 AppleWebKit/537.36 (KHTML, like Gecko; compatible; GPTBot/1.3; +https://openai.com/gptbot)"
74.7.241.51 - - [18/Apr/2026:20:37:05 +0700] "GET /index.php?path=%2Fhome%2Fntu100%2F.cagefs%2Ftmp&view_file=%2Fhome%2Fntu100%2F.cagefs%2Ftmp%2FphpdPtaJc HTTP/2" 200 1597 "https://www.ntu100.vpsttt.vn/index.php?path=%2Fhome%2Fntu100%2F.cagefs%2Ftmp&view_file=%2Fhome%2Fntu100%2F.cagefs%2Ftmp%2FphpZjiBR9" "Mozilla/5.0 AppleWebKit/537.36 (KHTML, like Gecko; compatible; GPTBot/1.3; +https://openai.com/gptbot)"
74.7.241.51 - - [18/Apr/2026:20:37:11 +0700] "GET /index.php?path=%2Fhome%2Fntu100%2F.cagefs%2Ftmp&view_file=%2Fhome%2Fntu100%2F.cagefs%2Ftmp%2FphpUMIzez HTTP/2" 200 1596 "https://www.ntu100.vpsttt.vn/index.php?path=%2Fhome%2Fntu100%2F.cagefs%2Ftmp&view_file=%2Fhome%2Fntu100%2F.cagefs%2Ftmp%2FphpK3PV0y" "Mozilla/5.0 AppleWebKit/537.36 (KHTML, like Gecko; compatible; GPTBot/1.3; +https://openai.com/gptbot)"
74.7.241.51 - - [18/Apr/2026:20:37:17 +0700] "GET /index.php?path=%2Fhome%2Fntu100%2F.cagefs%2Ftmp&view_file=%2Fhome%2Fntu100%2F.cagefs%2Ftmp%2FphpkhR3Gr HTTP/2" 200 1594 "https://www.ntu100.vpsttt.vn/index.php?path=%2Fhome%2Fntu100%2F.cagefs%2Ftmp&view_file=%2Fhome%2Fntu100%2F.cagefs%2Ftmp%2FphpjOMLLg" "Mozilla/5.0 AppleWebKit/537.36 (KHTML, like Gecko; compatible; GPTBot/1.3; +https://openai.com/gptbot)"
74.7.241.51 - - [18/Apr/2026:20:37:22 +0700] "GET /index.php?path=%2Fhome%2Fntu100%2F.cagefs%2Ftmp&view_file=%2Fhome%2Fntu100%2F.cagefs%2Ftmp%2Fphpt6HPYW HTTP/2" 200 1592 "https://www.ntu100.vpsttt.vn/index.php?path=%2Fhome%2Fntu100%2F.cagefs%2Ftmp&view_file=%2Fhome%2Fntu100%2F.cagefs%2Ftmp%2FphpQM25Ur" "Mozilla/5.0 AppleWebKit/537.36 (KHTML, like Gecko; compatible; GPTBot/1.3; +https://openai.com/gptbot)"
74.7.241.51 - - [18/Apr/2026:20:37:27 +0700] "GET /index.php?path=%2Fhome%2Fntu100%2F.cagefs%2Ftmp&view_file=%2Fhome%2Fntu100%2F.cagefs%2Ftmp%2FphpQdpH3Y HTTP/2" 200 1596 "https://www.ntu100.vpsttt.vn/index.php?path=%2Fhome%2Fntu100%2F.cagefs%2Ftmp&view_file=%2Fhome%2Fntu100%2F.cagefs%2Ftmp%2FphpQM25Ur" "Mozilla/5.0 AppleWebKit/537.36 (KHTML, like Gecko; compatible; GPTBot/1.3; +https://openai.com/gptbot)"
74.7.241.51 - - [18/Apr/2026:20:37:32 +0700] "GET /index.php?path=%2Fhome%2Fntu100%2F.cagefs%2Ftmp&view_file=%2Fhome%2Fntu100%2F.cagefs%2Ftmp%2FphppwM7po HTTP/2" 200 1595 "https://www.ntu100.vpsttt.vn/index.php?path=%2Fhome%2Fntu100%2F.cagefs%2Ftmp&view_file=%2Fhome%2Fntu100%2F.cagefs%2Ftmp%2Fphp16Ri43" "Mozilla/5.0 AppleWebKit/537.36 (KHTML, like Gecko; compatible; GPTBot/1.3; +https://openai.com/gptbot)"
74.7.241.51 - - [18/Apr/2026:20:37:38 +0700] "GET /index.php?path=%2Fhome%2Fntu100%2F.cagefs%2Ftmp&view_file=%2Fhome%2Fntu100%2F.cagefs%2Ftmp%2Fphp4doeIr HTTP/2" 200 1594 "https://www.ntu100.vpsttt.vn/index.php?path=%2Fhome%2Fntu100%2F.cagefs%2Ftmp&view_file=%2Fhome%2Fntu100%2F.cagefs%2Ftmp%2FphpWByPHp" "Mozilla/5.0 AppleWebKit/537.36 (KHTML, like Gecko; compatible; GPTBot/1.3; +https://openai.com/gptbot)"
74.7.242.9 - - [18/Apr/2026:20:37:08 +0700] "GET /?path=%2Fhome%2Fntu100%2F.cagefs%2Ftmp&view_file=%2Fhome%2Fntu100%2F.cagefs%2Ftmp%2FphpVED6Nc HTTP/2" 200 25557 "https://mail.ntu100.vpsttt.vn/?path=%2Fhome%2Fntu100%2F.cagefs%2Ftmp&view_file=%2Fhome%2Fntu100%2F.cagefs%2Ftmp%2FphpiiFrXO" "Mozilla/5.0 AppleWebKit/537.36 (KHTML, like Gecko; compatible; GPTBot/1.3; +https://openai.com/gptbot)"
74.7.242.9 - - [18/Apr/2026:20:37:16 +0700] "GET /?path=%2Fhome%2Fntu100%2F.cagefs%2Ftmp&view_file=%2Fhome%2Fntu100%2F.cagefs%2Ftmp%2FphpRg9jaD HTTP/2" 200 25580 "https://mail.ntu100.vpsttt.vn/?path=%2Fhome%2Fntu100%2F.cagefs%2Ftmp&view_file=%2Fhome%2Fntu100%2F.cagefs%2Ftmp%2FphpUPi5RF" "Mozilla/5.0 AppleWebKit/537.36 (KHTML, like Gecko; compatible; GPTBot/1.3; +https://openai.com/gptbot)"
74.7.242.9 - - [18/Apr/2026:20:37:22 +0700] "GET /?path=%2Fhome%2Fntu100%2F.cagefs%2Ftmp&view_file=%2Fhome%2Fntu100%2F.cagefs%2Ftmp%2FphpGqgItY HTTP/2" 200 25622 "https://mail.ntu100.vpsttt.vn/?path=%2Fhome%2Fntu100%2F.cagefs%2Ftmp&view_file=%2Fhome%2Fntu100%2F.cagefs%2Ftmp%2FphpAHbChk" "Mozilla/5.0 AppleWebKit/537.36 (KHTML, like Gecko; compatible; GPTBot/1.3; +https://openai.com/gptbot)"
74.7.242.9 - - [18/Apr/2026:20:37:28 +0700] "GET /?path=%2Fhome%2Fntu100%2F.cagefs%2Ftmp&view_file=%2Fhome%2Fntu100%2F.cagefs%2Ftmp%2FphphZOdVj HTTP/2" 200 25585 "https://mail.ntu100.vpsttt.vn/?path=%2Fhome%2Fntu100%2F.cagefs%2Ftmp&view_file=%2Fhome%2Fntu100%2F.cagefs%2Ftmp%2FphpBvCg8m" "Mozilla/5.0 AppleWebKit/537.36 (KHTML, like Gecko; compatible; GPTBot/1.3; +https://openai.com/gptbot)"
74.7.242.9 - - [18/Apr/2026:20:37:35 +0700] "GET /?path=%2Fhome%2Fntu100%2F.cagefs%2Ftmp&view_file=%2Fhome%2Fntu100%2F.cagefs%2Ftmp%2FphpocG6uE HTTP/2" 200 25569 "https://mail.ntu100.vpsttt.vn/?path=%2Fhome%2Fntu100%2F.cagefs%2Ftmp&view_file=%2Fhome%2Fntu100%2F.cagefs%2Ftmp%2FphpUPi5RF" "Mozilla/5.0 AppleWebKit/537.36 (KHTML, like Gecko; compatible; GPTBot/1.3; +https://openai.com/gptbot)"
103.178.235.9 - - [18/Apr/2026:20:37:43 +0700] "POST /wp-admin/admin-ajax.php?action=async_litespeed&nonce=6XhFJnA44I4nzIJdAInQZa4zYo0MPIi5&litespeed_type=imgoptm HTTP/1.1" 200 3175 "-" "WordPress/6.9.4; https://ntu100.vpsttt.vn"
216.73.217.35 - - [18/Apr/2026:20:37:40 +0700] "GET /index.php?path=%2Fhome%2Fntu100%2Fwww%2Fwp-content%2Fuploads%2F2025 HTTP/2" 200 1272 "-" "Mozilla/5.0 AppleWebKit/537.36 (KHTML, like Gecko; compatible; ClaudeBot/1.0; +claudebot@anthropic.com)"
74.7.242.9 - - [18/Apr/2026:20:37:41 +0700] "GET /?path=%2Fhome%2Fntu100%2F.cagefs%2Ftmp&view_file=%2Fhome%2Fntu100%2F.cagefs%2Ftmp%2FphpfW8KMU HTTP/2" 200 25606 "https://mail.ntu100.vpsttt.vn/?path=%2Fhome%2Fntu100%2F.cagefs%2Ftmp&view_file=%2Fhome%2Fntu100%2F.cagefs%2Ftmp%2Fphpa1tJJy" "Mozilla/5.0 AppleWebKit/537.36 (KHTML, like Gecko; compatible; GPTBot/1.3; +https://openai.com/gptbot)"
216.73.217.35 - - [18/Apr/2026:20:37:48 +0700] "GET /index.php?path=%2Fhome%2Fntu100%2Fpublic_html%2Fwp-includes%2Fjs&view_file=%2Fhome%2Fntu100%2Fpublic_html%2Fwp-includes%2Fjs%2Fcustomize-preview.js HTTP/2" 200 12019 "-" "Mozilla/5.0 AppleWebKit/537.36 (KHTML, like Gecko; compatible; ClaudeBot/1.0; +claudebot@anthropic.com)"
74.7.242.9 - - [18/Apr/2026:20:37:50 +0700] "GET /?path=%2Fhome%2Fntu100%2F.cagefs%2Ftmp&view_file=%2Fhome%2Fntu100%2F.cagefs%2Ftmp%2FphpTsB3jT HTTP/2" 200 25607 "https://mail.ntu100.vpsttt.vn/?path=%2Fhome%2Fntu100%2F.cagefs%2Ftmp&view_file=%2Fhome%2Fntu100%2F.cagefs%2Ftmp%2FphpXnGPrF" "Mozilla/5.0 AppleWebKit/537.36 (KHTML, like Gecko; compatible; GPTBot/1.3; +https://openai.com/gptbot)"
74.7.242.9 - - [18/Apr/2026:20:38:00 +0700] "GET /?path=%2Fhome%2Fntu100%2F.cagefs%2Ftmp&view_file=%2Fhome%2Fntu100%2F.cagefs%2Ftmp%2FphpfFdTM8 HTTP/2" 200 25575 "https://mail.ntu100.vpsttt.vn/?path=%2Fhome%2Fntu100%2F.cagefs%2Ftmp&view_file=%2Fhome%2Fntu100%2F.cagefs%2Ftmp%2FphpxcOqyl" "Mozilla/5.0 AppleWebKit/537.36 (KHTML, like Gecko; compatible; GPTBot/1.3; +https://openai.com/gptbot)"
74.7.241.49 - - [18/Apr/2026:20:37:26 +0700] "GET /?path=%2Fhome%2Fntu100%2F.cagefs%2Ftmp&view_file=%2Fhome%2Fntu100%2F.cagefs%2Ftmp%2FphpY8LCGp HTTP/2" 200 25569 "https://ntu100.vpsttt.vn/?path=%2Fhome%2Fntu100%2F.cagefs%2Ftmp&view_file=%2Fhome%2Fntu100%2F.cagefs%2Ftmp%2Fphpn0sGuS" "Mozilla/5.0 AppleWebKit/537.36 (KHTML, like Gecko; compatible; GPTBot/1.3; +https://openai.com/gptbot)"
74.7.241.49 - - [18/Apr/2026:20:37:32 +0700] "GET /?path=%2Fhome%2Fntu100%2F.cagefs%2Ftmp&view_file=%2Fhome%2Fntu100%2F.cagefs%2Ftmp%2FphpC6gpwx HTTP/2" 200 25599 "https://ntu100.vpsttt.vn/?path=%2Fhome%2Fntu100%2F.cagefs%2Ftmp&view_file=%2Fhome%2Fntu100%2F.cagefs%2Ftmp%2Fphpn0sGuS" "Mozilla/5.0 AppleWebKit/537.36 (KHTML, like Gecko; compatible; GPTBot/1.3; +https://openai.com/gptbot)"
74.7.241.49 - - [18/Apr/2026:20:37:38 +0700] "GET /?path=%2Fhome%2Fntu100%2F.cagefs%2Ftmp&view_file=%2Fhome%2Fntu100%2F.cagefs%2Ftmp%2FphpAbOLpG HTTP/2" 200 25581 "https://ntu100.vpsttt.vn/?path=%2Fhome%2Fntu100%2F.cagefs%2Ftmp&view_file=%2Fhome%2Fntu100%2F.cagefs%2Ftmp%2FphpIwgMCq" "Mozilla/5.0 AppleWebKit/537.36 (KHTML, like Gecko; compatible; GPTBot/1.3; +https://openai.com/gptbot)"
74.7.241.49 - - [18/Apr/2026:20:37:46 +0700] "GET /?path=%2Fhome%2Fntu100%2F.cagefs%2Ftmp&view_file=%2Fhome%2Fntu100%2F.cagefs%2Ftmp%2FphpyO8LlQ HTTP/2" 200 25586 "https://ntu100.vpsttt.vn/?path=%2Fhome%2Fntu100%2F.cagefs%2Ftmp&view_file=%2Fhome%2Fntu100%2F.cagefs%2Ftmp%2FphpJ7ZGBN" "Mozilla/5.0 AppleWebKit/537.36 (KHTML, like Gecko; compatible; GPTBot/1.3; +https://openai.com/gptbot)"
216.73.217.35 - - [18/Apr/2026:20:37:50 +0700] "GET /?path=%2Fhome%2Fntu100%2Fpublic_html%2Fwp-admin&view_file=%2Fhome%2Fntu100%2Fpublic_html%2Fwp-admin%2Fms-delete-site.php HTTP/2" 200 29000 "-" "Mozilla/5.0 AppleWebKit/537.36 (KHTML, like Gecko; compatible; ClaudeBot/1.0; +claudebot@anthropic.com)"
74.7.241.49 - - [18/Apr/2026:20:37:53 +0700] "GET /?path=%2Fhome%2Fntu100%2F.cagefs%2Ftmp&view_file=%2Fhome%2Fntu100%2F.cagefs%2Ftmp%2Fphpzzz4fo HTTP/2" 200 25588 "https://ntu100.vpsttt.vn/?path=%2Fhome%2Fntu100%2F.cagefs%2Ftmp&view_file=%2Fhome%2Fntu100%2F.cagefs%2Ftmp%2FphpsEcQqP" "Mozilla/5.0 AppleWebKit/537.36 (KHTML, like Gecko; compatible; GPTBot/1.3; +https://openai.com/gptbot)"
216.73.217.35 - - [18/Apr/2026:20:37:54 +0700] "GET /index.php?path=%2Fhome%2Fntu100%2Fpublic_html%2Fwp-includes%2Fjs&view_file=%2Fhome%2Fntu100%2Fpublic_html%2Fwp-includes%2Fjs%2Fcustomize-preview-nav-menus.min.js HTTP/2" 200 5743 "-" "Mozilla/5.0 AppleWebKit/537.36 (KHTML, like Gecko; compatible; ClaudeBot/1.0; +claudebot@anthropic.com)"
216.73.217.35 - - [18/Apr/2026:20:38:02 +0700] "GET /index.php?path=%2Fhome%2Fntu100%2Fpublic_html%2Fwp-includes%2Fjs%2Fdist&view_file=%2Fhome%2Fntu100%2Fpublic_html%2Fwp-includes%2Fjs%2Fdist%2Fblocks.js HTTP/2" 200 116156 "-" "Mozilla/5.0 AppleWebKit/537.36 (KHTML, like Gecko; compatible; ClaudeBot/1.0; +claudebot@anthropic.com)"
74.7.241.49 - - [18/Apr/2026:20:38:02 +0700] "GET /?path=%2Fhome%2Fntu100%2F.cagefs%2Ftmp&view_file=%2Fhome%2Fntu100%2F.cagefs%2Ftmp%2FphpUwPpg3 HTTP/2" 200 25590 "https://ntu100.vpsttt.vn/?path=%2Fhome%2Fntu100%2F.cagefs%2Ftmp&view_file=%2Fhome%2Fntu100%2F.cagefs%2Ftmp%2Fphpnwvkky" "Mozilla/5.0 AppleWebKit/537.36 (KHTML, like Gecko; compatible; GPTBot/1.3; +https://openai.com/gptbot)"
74.7.241.49 - - [18/Apr/2026:20:38:09 +0700] "GET /?path=%2Fhome%2Fntu100%2F.cagefs%2Ftmp&view_file=%2Fhome%2Fntu100%2F.cagefs%2Ftmp%2FphpEynB7X HTTP/2" 200 25588 "https://ntu100.vpsttt.vn/?path=%2Fhome%2Fntu100%2F.cagefs%2Ftmp&view_file=%2Fhome%2Fntu100%2F.cagefs%2Ftmp%2FphpCjmw1I" "Mozilla/5.0 AppleWebKit/537.36 (KHTML, like Gecko; compatible; GPTBot/1.3; +https://openai.com/gptbot)"
74.7.241.49 - - [18/Apr/2026:20:38:15 +0700] "GET /?path=%2Fhome%2Fntu100%2F.cagefs%2Ftmp&view_file=%2Fhome%2Fntu100%2F.cagefs%2Ftmp%2FphpzTmqjX HTTP/2" 200 25597 "https://ntu100.vpsttt.vn/?path=%2Fhome%2Fntu100%2F.cagefs%2Ftmp&view_file=%2Fhome%2Fntu100%2F.cagefs%2Ftmp%2FphpF0nzRt" "Mozilla/5.0 AppleWebKit/537.36 (KHTML, like Gecko; compatible; GPTBot/1.3; +https://openai.com/gptbot)"
74.7.241.51 - - [18/Apr/2026:20:37:45 +0700] "GET /index.php?path=%2Fhome%2Fntu100%2F.cagefs%2Ftmp&view_file=%2Fhome%2Fntu100%2F.cagefs%2Ftmp%2Fphp1jDmUi HTTP/2" 200 1597 "https://www.ntu100.vpsttt.vn/index.php?path=%2Fhome%2Fntu100%2F.cagefs%2Ftmp&view_file=%2Fhome%2Fntu100%2F.cagefs%2Ftmp%2FphpquqXxC" "Mozilla/5.0 AppleWebKit/537.36 (KHTML, like Gecko; compatible; GPTBot/1.3; +https://openai.com/gptbot)"
74.7.241.51 - - [18/Apr/2026:20:37:52 +0700] "GET /index.php?path=%2Fhome%2Fntu100%2F.cagefs%2Ftmp&view_file=%2Fhome%2Fntu100%2F.cagefs%2Ftmp%2Fphpf9rSuY HTTP/2" 200 1597 "https://www.ntu100.vpsttt.vn/index.php?path=%2Fhome%2Fntu100%2F.cagefs%2Ftmp&view_file=%2Fhome%2Fntu100%2F.cagefs%2Ftmp%2Fphp0MtVIJ" "Mozilla/5.0 AppleWebKit/537.36 (KHTML, like Gecko; compatible; GPTBot/1.3; +https://openai.com/gptbot)"
74.7.241.51 - - [18/Apr/2026:20:38:00 +0700] "GET /index.php?path=%2Fhome%2Fntu100%2F.cagefs%2Ftmp&view_file=%2Fhome%2Fntu100%2F.cagefs%2Ftmp%2FphpTmYHoj HTTP/2" 200 1597 "https://www.ntu100.vpsttt.vn/index.php?path=%2Fhome%2Fntu100%2F.cagefs%2Ftmp&view_file=%2Fhome%2Fntu100%2F.cagefs%2Ftmp%2FphpRf57cp" "Mozilla/5.0 AppleWebKit/537.36 (KHTML, like Gecko; compatible; GPTBot/1.3; +https://openai.com/gptbot)"
74.7.241.51 - - [18/Apr/2026:20:38:06 +0700] "GET /index.php?path=%2Fhome%2Fntu100%2F.cagefs%2Ftmp&view_file=%2Fhome%2Fntu100%2F.cagefs%2Ftmp%2FphpkGedly HTTP/2" 200 1593 "https://www.ntu100.vpsttt.vn/index.php?path=%2Fhome%2Fntu100%2F.cagefs%2Ftmp&view_file=%2Fhome%2Fntu100%2F.cagefs%2Ftmp%2FphpcNhbCy" "Mozilla/5.0 AppleWebKit/537.36 (KHTML, like Gecko; compatible; GPTBot/1.3; +https://openai.com/gptbot)"
74.7.241.51 - - [18/Apr/2026:20:38:10 +0700] "GET /index.php?path=%2Fhome%2Fntu100%2F.cagefs%2Ftmp&view_file=%2Fhome%2Fntu100%2F.cagefs%2Ftmp%2FphpfsEkID HTTP/2" 200 1596 "https://www.ntu100.vpsttt.vn/index.php?path=%2Fhome%2Fntu100%2F.cagefs%2Ftmp&view_file=%2Fhome%2Fntu100%2F.cagefs%2Ftmp%2FphpeK3O7g" "Mozilla/5.0 AppleWebKit/537.36 (KHTML, like Gecko; compatible; GPTBot/1.3; +https://openai.com/gptbot)"
74.7.241.51 - - [18/Apr/2026:20:38:16 +0700] "GET /index.php?path=%2Fhome%2Fntu100%2F.cagefs%2Ftmp&view_file=%2Fhome%2Fntu100%2F.cagefs%2Ftmp%2FphpedxE7Y HTTP/2" 200 1593 "https://www.ntu100.vpsttt.vn/index.php?path=%2Fhome%2Fntu100%2F.cagefs%2Ftmp&view_file=%2Fhome%2Fntu100%2F.cagefs%2Ftmp%2FphpUMIzez" "Mozilla/5.0 AppleWebKit/537.36 (KHTML, like Gecko; compatible; GPTBot/1.3; +https://openai.com/gptbot)"
74.7.241.51 - - [18/Apr/2026:20:38:21 +0700] "GET /index.php?path=%2Fhome%2Fntu100%2F.cagefs%2Ftmp&view_file=%2Fhome%2Fntu100%2F.cagefs%2Ftmp%2FphpW82MZq HTTP/2" 200 1596 "https://www.ntu100.vpsttt.vn/index.php?path=%2Fhome%2Fntu100%2F.cagefs%2Ftmp&view_file=%2Fhome%2Fntu100%2F.cagefs%2Ftmp%2FphpkhR3Gr" "Mozilla/5.0 AppleWebKit/537.36 (KHTML, like Gecko; compatible; GPTBot/1.3; +https://openai.com/gptbot)"
74.7.241.51 - - [18/Apr/2026:20:38:27 +0700] "GET /index.php?path=%2Fhome%2Fntu100%2F.cagefs%2Ftmp&view_file=%2Fhome%2Fntu100%2F.cagefs%2Ftmp%2Fphp6DK3ho HTTP/2" 200 1597 "https://www.ntu100.vpsttt.vn/index.php?path=%2Fhome%2Fntu100%2F.cagefs%2Ftmp&view_file=%2Fhome%2Fntu100%2F.cagefs%2Ftmp%2Fphpt6HPYW" "Mozilla/5.0 AppleWebKit/537.36 (KHTML, like Gecko; compatible; GPTBot/1.3; +https://openai.com/gptbot)"
74.7.241.51 - - [18/Apr/2026:20:38:32 +0700] "GET /index.php?path=%2Fhome%2Fntu100%2F.cagefs%2Ftmp&view_file=%2Fhome%2Fntu100%2F.cagefs%2Ftmp%2Fphp8cvuhu HTTP/2" 200 1593 "https://www.ntu100.vpsttt.vn/index.php?path=%2Fhome%2Fntu100%2F.cagefs%2Ftmp&view_file=%2Fhome%2Fntu100%2F.cagefs%2Ftmp%2Fphpt6HPYW" "Mozilla/5.0 AppleWebKit/537.36 (KHTML, like Gecko; compatible; GPTBot/1.3; +https://openai.com/gptbot)"
103.178.235.9 - - [18/Apr/2026:20:27:42 +0700] "POST /wp-admin/admin-ajax.php?action=async_litespeed&nonce=6UU5zA8a2yUje4j46Hfc7ahCH4DnE6JT&litespeed_type=imgoptm HTTP/1.1" 200 3175 "-" "WordPress/6.9.4; https://ntu100.vpsttt.vn"
216.73.217.35 - - [18/Apr/2026:20:34:44 +0700] "GET /index.php?path=%2Fhome%2Fntu100%2Fpublic_html%2Fwp-includes%2Fblocks%2Fgroup&view_file=%2Fhome%2Fntu100%2Fpublic_html%2Fwp-includes%2Fblocks%2Fgroup%2Feditor-rtl.css HTTP/2" 200 1850 "-" "Mozilla/5.0 AppleWebKit/537.36 (KHTML, like Gecko; compatible; ClaudeBot/1.0; +claudebot@anthropic.com)"
216.73.217.35 - - [18/Apr/2026:20:34:53 +0700] "GET /index.php?path=%2Fhome%2Fntu100%2Fpublic_html%2Fwp-content%2Fplugins%2Fwoocommerce%2Ftemplates%2Ftemplates%2Fblockified HTTP/2" 200 1580 "-" "Mozilla/5.0 AppleWebKit/537.36 (KHTML, like Gecko; compatible; ClaudeBot/1.0; +claudebot@anthropic.com)"
216.73.217.35 - - [18/Apr/2026:20:35:17 +0700] "GET /?path=%2Fhome%2Fntu100%2Fpublic_html%2Fwp-includes%2Fblocks%2Fcomment-reply-link&view_file=%2Fhome%2Fntu100%2Fpublic_html%2Fwp-includes%2Fblocks%2Fcomment-reply-link%2Fstyle.min.css HTTP/2" 200 25236 "-" "Mozilla/5.0 AppleWebKit/537.36 (KHTML, like Gecko; compatible; ClaudeBot/1.0; +claudebot@anthropic.com)"
216.73.217.35 - - [18/Apr/2026:20:35:27 +0700] "GET /?path=%2Fhome%2Fntu100%2Fpublic_html%2Fwp-includes%2Fcss&view_file=%2Fhome%2Fntu100%2Fpublic_html%2Fwp-includes%2Fcss%2Fmedia-views-rtl.min.css HTTP/2" 200 34904 "-" "Mozilla/5.0 AppleWebKit/537.36 (KHTML, like Gecko; compatible; ClaudeBot/1.0; +claudebot@anthropic.com)"
216.73.217.35 - - [18/Apr/2026:20:36:05 +0700] "GET /index.php?path=%2Fhome%2Fntu100%2Fpublic_html%2Fwp-content%2Fplugins%2Fwoocommerce%2Flib%2Fpackages%2FLeague HTTP/2" 200 1276 "-" "Mozilla/5.0 AppleWebKit/537.36 (KHTML, like Gecko; compatible; ClaudeBot/1.0; +claudebot@anthropic.com)"
216.73.217.35 - - [18/Apr/2026:20:36:11 +0700] "GET /index.php?path=%2Fhome%2Fntu100%2Fwww%2Fwp-includes%2Fblocks%2Ftable&view_file=%2Fhome%2Fntu100%2Fwww%2Fwp-includes%2Fblocks%2Ftable%2Ftheme-rtl.css HTTP/2" 200 1640 "-" "Mozilla/5.0 AppleWebKit/537.36 (KHTML, like Gecko; compatible; ClaudeBot/1.0; +claudebot@anthropic.com)"
216.73.217.35 - - [18/Apr/2026:20:36:37 +0700] "GET /index.php?path=%2Fhome%2Fntu100%2Fpublic_html%2Fwp-includes%2Fblocks&view_file=%2Fhome%2Fntu100%2Fpublic_html%2Fwp-includes%2Fblocks%2Fpost-author.php HTTP/2" 200 4797 "-" "Mozilla/5.0 AppleWebKit/537.36 (KHTML, like Gecko; compatible; ClaudeBot/1.0; +claudebot@anthropic.com)"
216.73.217.35 - - [18/Apr/2026:20:36:47 +0700] "GET /index.php?path=%2Fhome%2Fntu100%2Fpublic_html%2Fwp-includes%2Fblocks&view_file=%2Fhome%2Fntu100%2Fpublic_html%2Fwp-includes%2Fblocks%2Fquery-pagination-next.php HTTP/2" 200 5123 "-" "Mozilla/5.0 AppleWebKit/537.36 (KHTML, like Gecko; compatible; ClaudeBot/1.0; +claudebot@anthropic.com)"
216.73.217.35 - - [18/Apr/2026:20:37:10 +0700] "GET /index.php?path=%2Fhome%2Fntu100%2Fpublic_html%2Fwp-includes%2Fblocks%2Farchives&view_file=%2Fhome%2Fntu100%2Fpublic_html%2Fwp-includes%2Fblocks%2Farchives%2Feditor.min.css HTTP/2" 200 1527 "-" "Mozilla/5.0 AppleWebKit/537.36 (KHTML, like Gecko; compatible; ClaudeBot/1.0; +claudebot@anthropic.com)"
216.73.217.35 - - [18/Apr/2026:20:37:19 +0700] "GET /index.php?path=%2Fhome%2Fntu100%2Fwww%2Fwp-includes%2Fblocks%2Fpullquote&view_file=%2Fhome%2Fntu100%2Fwww%2Fwp-includes%2Fblocks%2Fpullquote%2Fstyle-rtl.min.css HTTP/2" 200 1806 "-" "Mozilla/5.0 AppleWebKit/537.36 (KHTML, like Gecko; compatible; ClaudeBot/1.0; +claudebot@anthropic.com)"
216.73.217.35 - - [18/Apr/2026:20:37:30 +0700] "GET /index.php?path=%2Fhome%2Fntu100%2Fpublic_html%2Fwp-content%2Fplugins%2Fwoocommerce%2Ftemplates%2Fcart HTTP/2" 200 1524 "-" "Mozilla/5.0 AppleWebKit/537.36 (KHTML, like Gecko; compatible; ClaudeBot/1.0; +claudebot@anthropic.com)"
216.73.217.35 - - [18/Apr/2026:20:38:33 +0700] "GET /index.php?path=%2Fhome%2Fntu100%2Fwww&view_file=%2Fhome%2Fntu100%2Fwww%2Fxmlrpc.php HTTP/2" 200 3141 "-" "Mozilla/5.0 AppleWebKit/537.36 (KHTML, like Gecko; compatible; ClaudeBot/1.0; +claudebot@anthropic.com)"
74.7.242.9 - - [18/Apr/2026:20:38:07 +0700] "GET /?path=%2Fhome%2Fntu100%2F.cagefs%2Ftmp&view_file=%2Fhome%2Fntu100%2F.cagefs%2Ftmp%2FphpdmDLbm HTTP/2" 200 25599 "https://mail.ntu100.vpsttt.vn/?path=%2Fhome%2Fntu100%2F.cagefs%2Ftmp&view_file=%2Fhome%2Fntu100%2F.cagefs%2Ftmp%2FphpUPi5RF" "Mozilla/5.0 AppleWebKit/537.36 (KHTML, like Gecko; compatible; GPTBot/1.3; +https://openai.com/gptbot)"
74.7.242.9 - - [18/Apr/2026:20:38:12 +0700] "GET /?path=%2Fhome%2Fntu100%2F.cagefs%2Ftmp&view_file=%2Fhome%2Fntu100%2F.cagefs%2Ftmp%2Fphp5dqyvY HTTP/2" 200 25600 "https://mail.ntu100.vpsttt.vn/?path=%2Fhome%2Fntu100%2F.cagefs%2Ftmp&view_file=%2Fhome%2Fntu100%2F.cagefs%2Ftmp%2FphpGTq2Ij" "Mozilla/5.0 AppleWebKit/537.36 (KHTML, like Gecko; compatible; GPTBot/1.3; +https://openai.com/gptbot)"
74.7.242.9 - - [18/Apr/2026:20:38:19 +0700] "GET /?path=%2Fhome%2Fntu100%2F.cagefs%2Ftmp&view_file=%2Fhome%2Fntu100%2F.cagefs%2Ftmp%2Fphp5WqPFA HTTP/2" 200 25579 "https://mail.ntu100.vpsttt.vn/?path=%2Fhome%2Fntu100%2F.cagefs%2Ftmp&view_file=%2Fhome%2Fntu100%2F.cagefs%2Ftmp%2FphpG2tzoT" "Mozilla/5.0 AppleWebKit/537.36 (KHTML, like Gecko; compatible; GPTBot/1.3; +https://openai.com/gptbot)"
74.7.242.9 - - [18/Apr/2026:20:38:25 +0700] "GET /?path=%2Fhome%2Fntu100%2F.cagefs%2Ftmp&view_file=%2Fhome%2Fntu100%2F.cagefs%2Ftmp%2FphpuNG9HH HTTP/2" 200 25604 "https://mail.ntu100.vpsttt.vn/?path=%2Fhome%2Fntu100%2F.cagefs%2Ftmp&view_file=%2Fhome%2Fntu100%2F.cagefs%2Ftmp%2FphpAHbChk" "Mozilla/5.0 AppleWebKit/537.36 (KHTML, like Gecko; compatible; GPTBot/1.3; +https://openai.com/gptbot)"
74.7.242.9 - - [18/Apr/2026:20:38:31 +0700] "GET /?path=%2Fhome%2Fntu100%2F.cagefs%2Ftmp&view_file=%2Fhome%2Fntu100%2F.cagefs%2Ftmp%2Fphp2yiEEi HTTP/2" 200 25569 "https://mail.ntu100.vpsttt.vn/?path=%2Fhome%2Fntu100%2F.cagefs%2Ftmp&view_file=%2Fhome%2Fntu100%2F.cagefs%2Ftmp%2FphpRg9jaD" "Mozilla/5.0 AppleWebKit/537.36 (KHTML, like Gecko; compatible; GPTBot/1.3; +https://openai.com/gptbot)"
74.7.242.9 - - [18/Apr/2026:20:38:37 +0700] "GET /?path=%2Fhome%2Fntu100%2F.cagefs%2Ftmp&view_file=%2Fhome%2Fntu100%2F.cagefs%2Ftmp%2Fphp8cvuhu HTTP/2" 200 25593 "https://mail.ntu100.vpsttt.vn/?path=%2Fhome%2Fntu100%2F.cagefs%2Ftmp&view_file=%2Fhome%2Fntu100%2F.cagefs%2Ftmp%2FphpGqgItY" "Mozilla/5.0 AppleWebKit/537.36 (KHTML, like Gecko; compatible; GPTBot/1.3; +https://openai.com/gptbot)"
74.7.242.9 - - [18/Apr/2026:20:38:45 +0700] "GET /?path=%2Fhome%2Fntu100%2F.cagefs%2Ftmp&view_file=%2Fhome%2Fntu100%2F.cagefs%2Ftmp%2Fphp6MhFPg HTTP/2" 200 25599 "https://mail.ntu100.vpsttt.vn/?path=%2Fhome%2Fntu100%2F.cagefs%2Ftmp&view_file=%2Fhome%2Fntu100%2F.cagefs%2Ftmp%2FphphZOdVj" "Mozilla/5.0 AppleWebKit/537.36 (KHTML, like Gecko; compatible; GPTBot/1.3; +https://openai.com/gptbot)"
74.7.242.9 - - [18/Apr/2026:20:38:51 +0700] "GET /?path=%2Fhome%2Fntu100%2F.cagefs%2Ftmp&view_file=%2Fhome%2Fntu100%2F.cagefs%2Ftmp%2FphpqKLOSx HTTP/2" 200 25577 "https://mail.ntu100.vpsttt.vn/?path=%2Fhome%2Fntu100%2F.cagefs%2Ftmp&view_file=%2Fhome%2Fntu100%2F.cagefs%2Ftmp%2FphpocG6uE" "Mozilla/5.0 AppleWebKit/537.36 (KHTML, like Gecko; compatible; GPTBot/1.3; +https://openai.com/gptbot)"
74.7.242.9 - - [18/Apr/2026:20:38:58 +0700] "GET /?path=%2Fhome%2Fntu100%2F.cagefs%2Ftmp&view_file=%2Fhome%2Fntu100%2F.cagefs%2Ftmp%2FphpWlozMF HTTP/2" 200 25398 "https://mail.ntu100.vpsttt.vn/?path=%2Fhome%2Fntu100%2F.cagefs%2Ftmp&view_file=%2Fhome%2Fntu100%2F.cagefs%2Ftmp%2FphpGqgItY" "Mozilla/5.0 AppleWebKit/537.36 (KHTML, like Gecko; compatible; GPTBot/1.3; +https://openai.com/gptbot)"
74.7.242.9 - - [18/Apr/2026:20:39:04 +0700] "GET /?path=%2Fhome%2Fntu100%2F.cagefs%2Ftmp&view_file=%2Fhome%2Fntu100%2F.cagefs%2Ftmp%2FphpheSkTr HTTP/2" 200 25581 "https://mail.ntu100.vpsttt.vn/?path=%2Fhome%2Fntu100%2F.cagefs%2Ftmp&view_file=%2Fhome%2Fntu100%2F.cagefs%2Ftmp%2FphphZOdVj" "Mozilla/5.0 AppleWebKit/537.36 (KHTML, like Gecko; compatible; GPTBot/1.3; +https://openai.com/gptbot)"
74.7.241.51 - - [18/Apr/2026:20:38:39 +0700] "GET /index.php?path=%2Fhome%2Fntu100%2F.cagefs%2Ftmp&view_file=%2Fhome%2Fntu100%2F.cagefs%2Ftmp%2FphpJYKJxX HTTP/2" 200 1596 "https://www.ntu100.vpsttt.vn/index.php?path=%2Fhome%2Fntu100%2F.cagefs%2Ftmp&view_file=%2Fhome%2Fntu100%2F.cagefs%2Ftmp%2FphppwM7po" "Mozilla/5.0 AppleWebKit/537.36 (KHTML, like Gecko; compatible; GPTBot/1.3; +https://openai.com/gptbot)"
74.7.241.51 - - [18/Apr/2026:20:38:46 +0700] "GET /index.php?path=%2Fhome%2Fntu100%2F.cagefs%2Ftmp&view_file=%2Fhome%2Fntu100%2F.cagefs%2Ftmp%2FphpBkvu84 HTTP/2" 200 1595 "https://www.ntu100.vpsttt.vn/index.php?path=%2Fhome%2Fntu100%2F.cagefs%2Ftmp&view_file=%2Fhome%2Fntu100%2F.cagefs%2Ftmp%2Fphp4doeIr" "Mozilla/5.0 AppleWebKit/537.36 (KHTML, like Gecko; compatible; GPTBot/1.3; +https://openai.com/gptbot)"
74.7.241.51 - - [18/Apr/2026:20:38:51 +0700] "GET /index.php?path=%2Fhome%2Fntu100%2F.cagefs%2Ftmp&view_file=%2Fhome%2Fntu100%2F.cagefs%2Ftmp%2Fphpo1t0fU HTTP/2" 200 1594 "https://www.ntu100.vpsttt.vn/index.php?path=%2Fhome%2Fntu100%2F.cagefs%2Ftmp&view_file=%2Fhome%2Fntu100%2F.cagefs%2Ftmp%2FphpUMIzez" "Mozilla/5.0 AppleWebKit/537.36 (KHTML, like Gecko; compatible; GPTBot/1.3; +https://openai.com/gptbot)"
74.7.241.51 - - [18/Apr/2026:20:38:58 +0700] "GET /index.php?path=%2Fhome%2Fntu100%2F.cagefs%2Ftmp&view_file=%2Fhome%2Fntu100%2F.cagefs%2Ftmp%2FphpAZP45h HTTP/2" 200 1596 "https://www.ntu100.vpsttt.vn/index.php?path=%2Fhome%2Fntu100%2F.cagefs%2Ftmp&view_file=%2Fhome%2Fntu100%2F.cagefs%2Ftmp%2Fphpf9rSuY" "Mozilla/5.0 AppleWebKit/537.36 (KHTML, like Gecko; compatible; GPTBot/1.3; +https://openai.com/gptbot)"
74.7.241.51 - - [18/Apr/2026:20:39:02 +0700] "GET /index.php?path=%2Fhome%2Fntu100%2F.cagefs%2Ftmp&view_file=%2Fhome%2Fntu100%2F.cagefs%2Ftmp%2FphpyOjin1 HTTP/2" 200 1596 "https://www.ntu100.vpsttt.vn/index.php?path=%2Fhome%2Fntu100%2F.cagefs%2Ftmp&view_file=%2Fhome%2Fntu100%2F.cagefs%2Ftmp%2Fphp4gcsRi" "Mozilla/5.0 AppleWebKit/537.36 (KHTML, like Gecko; compatible; GPTBot/1.3; +https://openai.com/gptbot)"
74.7.241.51 - - [18/Apr/2026:20:39:08 +0700] "GET /index.php?path=%2Fhome%2Fntu100%2F.cagefs%2Ftmp&view_file=%2Fhome%2Fntu100%2F.cagefs%2Ftmp%2Fphp1pfq4d HTTP/2" 200 1597 "https://www.ntu100.vpsttt.vn/index.php?path=%2Fhome%2Fntu100%2F.cagefs%2Ftmp&view_file=%2Fhome%2Fntu100%2F.cagefs%2Ftmp%2FphpkGedly" "Mozilla/5.0 AppleWebKit/537.36 (KHTML, like Gecko; compatible; GPTBot/1.3; +https://openai.com/gptbot)"
74.7.241.51 - - [18/Apr/2026:20:39:13 +0700] "GET /index.php?path=%2Fhome%2Fntu100%2F.cagefs%2Ftmp&view_file=%2Fhome%2Fntu100%2F.cagefs%2Ftmp%2FphpQnX6kB HTTP/2" 200 1594 "https://www.ntu100.vpsttt.vn/index.php?path=%2Fhome%2Fntu100%2F.cagefs%2Ftmp&view_file=%2Fhome%2Fntu100%2F.cagefs%2Ftmp%2Fphp7Pfo6J" "Mozilla/5.0 AppleWebKit/537.36 (KHTML, like Gecko; compatible; GPTBot/1.3; +https://openai.com/gptbot)"
216.73.217.35 - - [18/Apr/2026:20:39:16 +0700] "GET /index.php?path=%2Fhome%2Fntu100%2Fwww%2Fwp-content%2Fplugins&view_file=%2Fhome%2Fntu100%2Fwww%2Fwp-content%2Fplugins%2Findex.php HTTP/2" 200 1655 "-" "Mozilla/5.0 AppleWebKit/537.36 (KHTML, like Gecko; compatible; ClaudeBot/1.0; +claudebot@anthropic.com)"
74.7.241.51 - - [18/Apr/2026:20:39:20 +0700] "GET /index.php?path=%2Fhome%2Fntu100%2F.cagefs%2Ftmp&view_file=%2Fhome%2Fntu100%2F.cagefs%2Ftmp%2FphpV9C0MQ HTTP/2" 200 1596 "https://www.ntu100.vpsttt.vn/index.php?path=%2Fhome%2Fntu100%2F.cagefs%2Ftmp&view_file=%2Fhome%2Fntu100%2F.cagefs%2Ftmp%2FphpedxE7Y" "Mozilla/5.0 AppleWebKit/537.36 (KHTML, like Gecko; compatible; GPTBot/1.3; +https://openai.com/gptbot)"
216.73.217.35 - - [18/Apr/2026:20:39:23 +0700] "GET /?path=%2Fhome%2Fntu100%2Fpublic_html%2Fwp-includes%2Fblocks%2Farchives&view_file=%2Fhome%2Fntu100%2Fpublic_html%2Fwp-includes%2Fblocks%2Farchives%2Feditor-rtl.css HTTP/2" 200 25447 "-" "Mozilla/5.0 AppleWebKit/537.36 (KHTML, like Gecko; compatible; ClaudeBot/1.0; +claudebot@anthropic.com)"
74.7.241.49 - - [18/Apr/2026:20:38:22 +0700] "GET /?path=%2Fhome%2Fntu100%2F.cagefs%2Ftmp&view_file=%2Fhome%2Fntu100%2F.cagefs%2Ftmp%2FphpZmyu1M HTTP/2" 200 25578 "https://ntu100.vpsttt.vn/?path=%2Fhome%2Fntu100%2F.cagefs%2Ftmp&view_file=%2Fhome%2Fntu100%2F.cagefs%2Ftmp%2FphpCjmw1I" "Mozilla/5.0 AppleWebKit/537.36 (KHTML, like Gecko; compatible; GPTBot/1.3; +https://openai.com/gptbot)"
74.7.241.49 - - [18/Apr/2026:20:38:28 +0700] "GET /?path=%2Fhome%2Fntu100%2F.cagefs%2Ftmp&view_file=%2Fhome%2Fntu100%2F.cagefs%2Ftmp%2FphpSynvG4 HTTP/2" 200 25593 "https://ntu100.vpsttt.vn/?path=%2Fhome%2Fntu100%2F.cagefs%2Ftmp&view_file=%2Fhome%2Fntu100%2F.cagefs%2Ftmp%2FphpF0nzRt" "Mozilla/5.0 AppleWebKit/537.36 (KHTML, like Gecko; compatible; GPTBot/1.3; +https://openai.com/gptbot)"
74.7.241.49 - - [18/Apr/2026:20:38:33 +0700] "GET /?path=%2Fhome%2Fntu100%2F.cagefs%2Ftmp&view_file=%2Fhome%2Fntu100%2F.cagefs%2Ftmp%2FphpirRNNB HTTP/2" 200 25591 "https://ntu100.vpsttt.vn/?path=%2Fhome%2Fntu100%2F.cagefs%2Ftmp&view_file=%2Fhome%2Fntu100%2F.cagefs%2Ftmp%2FphpJ7ZGBN" "Mozilla/5.0 AppleWebKit/537.36 (KHTML, like Gecko; compatible; GPTBot/1.3; +https://openai.com/gptbot)"
74.7.241.49 - - [18/Apr/2026:20:38:41 +0700] "GET /?path=%2Fhome%2Fntu100%2F.cagefs%2Ftmp&view_file=%2Fhome%2Fntu100%2F.cagefs%2Ftmp%2FphpnBPUbH HTTP/2" 200 25581 "https://ntu100.vpsttt.vn/?path=%2Fhome%2Fntu100%2F.cagefs%2Ftmp&view_file=%2Fhome%2Fntu100%2F.cagefs%2Ftmp%2FphpsEcQqP" "Mozilla/5.0 AppleWebKit/537.36 (KHTML, like Gecko; compatible; GPTBot/1.3; +https://openai.com/gptbot)"
74.7.241.49 - - [18/Apr/2026:20:38:49 +0700] "GET /?path=%2Fhome%2Fntu100%2F.cagefs%2Ftmp&view_file=%2Fhome%2Fntu100%2F.cagefs%2Ftmp%2FphpPkVOOP HTTP/2" 200 25597 "https://ntu100.vpsttt.vn/?path=%2Fhome%2Fntu100%2F.cagefs%2Ftmp&view_file=%2Fhome%2Fntu100%2F.cagefs%2Ftmp%2FphpIwgMCq" "Mozilla/5.0 AppleWebKit/537.36 (KHTML, like Gecko; compatible; GPTBot/1.3; +https://openai.com/gptbot)"
74.7.241.49 - - [18/Apr/2026:20:38:55 +0700] "GET /?path=%2Fhome%2Fntu100%2F.cagefs%2Ftmp&view_file=%2Fhome%2Fntu100%2F.cagefs%2Ftmp%2FphpqwjQQE HTTP/2" 200 25592 "https://ntu100.vpsttt.vn/?path=%2Fhome%2Fntu100%2F.cagefs%2Ftmp&view_file=%2Fhome%2Fntu100%2F.cagefs%2Ftmp%2FphpAbOLpG" "Mozilla/5.0 AppleWebKit/537.36 (KHTML, like Gecko; compatible; GPTBot/1.3; +https://openai.com/gptbot)"
74.7.241.49 - - [18/Apr/2026:20:39:01 +0700] "GET /?path=%2Fhome%2Fntu100%2F.cagefs%2Ftmp&view_file=%2Fhome%2Fntu100%2F.cagefs%2Ftmp%2FphpIsxUzo HTTP/2" 200 25588 "https://ntu100.vpsttt.vn/?path=%2Fhome%2Fntu100%2F.cagefs%2Ftmp&view_file=%2Fhome%2Fntu100%2F.cagefs%2Ftmp%2FphphBOdSz" "Mozilla/5.0 AppleWebKit/537.36 (KHTML, like Gecko; compatible; GPTBot/1.3; +https://openai.com/gptbot)"
74.7.241.49 - - [18/Apr/2026:20:39:08 +0700] "GET /?path=%2Fhome%2Fntu100%2F.cagefs%2Ftmp&view_file=%2Fhome%2Fntu100%2F.cagefs%2Ftmp%2FphpQpWD7q HTTP/2" 200 25592 "https://ntu100.vpsttt.vn/?path=%2Fhome%2Fntu100%2F.cagefs%2Ftmp&view_file=%2Fhome%2Fntu100%2F.cagefs%2Ftmp%2FphptsIurb" "Mozilla/5.0 AppleWebKit/537.36 (KHTML, like Gecko; compatible; GPTBot/1.3; +https://openai.com/gptbot)"
74.7.241.49 - - [18/Apr/2026:20:39:14 +0700] "GET /?path=%2Fhome%2Fntu100%2F.cagefs%2Ftmp&view_file=%2Fhome%2Fntu100%2F.cagefs%2Ftmp%2FphpVqhdlY HTTP/2" 200 25584 "https://ntu100.vpsttt.vn/?path=%2Fhome%2Fntu100%2F.cagefs%2Ftmp&view_file=%2Fhome%2Fntu100%2F.cagefs%2Ftmp%2FphpUwPpg3" "Mozilla/5.0 AppleWebKit/537.36 (KHTML, like Gecko; compatible; GPTBot/1.3; +https://openai.com/gptbot)"
74.7.241.49 - - [18/Apr/2026:20:39:22 +0700] "GET /?path=%2Fhome%2Fntu100%2F.cagefs%2Ftmp&view_file=%2Fhome%2Fntu100%2F.cagefs%2Ftmp%2FphpDWsVva HTTP/2" 200 25588 "https://ntu100.vpsttt.vn/?path=%2Fhome%2Fntu100%2F.cagefs%2Ftmp&view_file=%2Fhome%2Fntu100%2F.cagefs%2Ftmp%2FphpEynB7X" "Mozilla/5.0 AppleWebKit/537.36 (KHTML, like Gecko; compatible; GPTBot/1.3; +https://openai.com/gptbot)"
74.7.241.51 - - [18/Apr/2026:20:39:26 +0700] "GET /index.php?path=%2Fhome%2Fntu100%2F.cagefs%2Ftmp&view_file=%2Fhome%2Fntu100%2F.cagefs%2Ftmp%2Fphpb4dBdU HTTP/2" 200 1595 "https://www.ntu100.vpsttt.vn/index.php?path=%2Fhome%2Fntu100%2F.cagefs%2Ftmp&view_file=%2Fhome%2Fntu100%2F.cagefs%2Ftmp%2FphpW82MZq" "Mozilla/5.0 AppleWebKit/537.36 (KHTML, like Gecko; compatible; GPTBot/1.3; +https://openai.com/gptbot)"
74.7.241.51 - - [18/Apr/2026:20:39:32 +0700] "GET /index.php?path=%2Fhome%2Fntu100%2F.cagefs%2Ftmp&view_file=%2Fhome%2Fntu100%2F.cagefs%2Ftmp%2Fphp4CgcNX HTTP/2" 200 1594 "https://www.ntu100.vpsttt.vn/index.php?path=%2Fhome%2Fntu100%2F.cagefs%2Ftmp&view_file=%2Fhome%2Fntu100%2F.cagefs%2Ftmp%2Fphp6DK3ho" "Mozilla/5.0 AppleWebKit/537.36 (KHTML, like Gecko; compatible; GPTBot/1.3; +https://openai.com/gptbot)"
74.7.241.51 - - [18/Apr/2026:20:39:40 +0700] "GET /index.php?path=%2Fhome%2Fntu100%2F.cagefs%2Ftmp&view_file=%2Fhome%2Fntu100%2F.cagefs%2Ftmp%2FphpmnsFVn HTTP/2" 200 1593 "https://www.ntu100.vpsttt.vn/index.php?path=%2Fhome%2Fntu100%2F.cagefs%2Ftmp&view_file=%2Fhome%2Fntu100%2F.cagefs%2Ftmp%2Fphp8cvuhu" "Mozilla/5.0 AppleWebKit/537.36 (KHTML, like Gecko; compatible; GPTBot/1.3; +https://openai.com/gptbot)"
74.7.241.51 - - [18/Apr/2026:20:39:48 +0700] "GET /index.php?path=%2Fhome%2Fntu100%2F.cagefs%2Ftmp&view_file=%2Fhome%2Fntu100%2F.cagefs%2Ftmp%2FphpsAMnqN HTTP/2" 200 1595 "https://www.ntu100.vpsttt.vn/index.php?path=%2Fhome%2Fntu100%2F.cagefs%2Ftmp&view_file=%2Fhome%2Fntu100%2F.cagefs%2Ftmp%2FphpedxE7Y" "Mozilla/5.0 AppleWebKit/537.36 (KHTML, like Gecko; compatible; GPTBot/1.3; +https://openai.com/gptbot)"
216.73.217.35 - - [18/Apr/2026:20:39:51 +0700] "GET /index.php?path=%2Fhome%2Fntu100%2Fwww%2Fwp-content%2Fplugins%2Fbeteng26 HTTP/2" 200 1348 "-" "Mozilla/5.0 AppleWebKit/537.36 (KHTML, like Gecko; compatible; ClaudeBot/1.0; +claudebot@anthropic.com)"
74.7.241.51 - - [18/Apr/2026:20:39:53 +0700] "GET /index.php?path=%2Fhome%2Fntu100%2F.cagefs%2Ftmp&view_file=%2Fhome%2Fntu100%2F.cagefs%2Ftmp%2FphpM85nFt HTTP/2" 200 1596 "https://www.ntu100.vpsttt.vn/index.php?path=%2Fhome%2Fntu100%2F.cagefs%2Ftmp&view_file=%2Fhome%2Fntu100%2F.cagefs%2Ftmp%2Fphp8cvuhu" "Mozilla/5.0 AppleWebKit/537.36 (KHTML, like Gecko; compatible; GPTBot/1.3; +https://openai.com/gptbot)"
74.7.241.51 - - [18/Apr/2026:20:39:59 +0700] "GET /index.php?path=%2Fhome%2Fntu100%2F.cagefs%2Ftmp&view_file=%2Fhome%2Fntu100%2F.cagefs%2Ftmp%2FphpXQC236 HTTP/2" 200 1591 "https://www.ntu100.vpsttt.vn/index.php?path=%2Fhome%2Fntu100%2F.cagefs%2Ftmp&view_file=%2Fhome%2Fntu100%2F.cagefs%2Ftmp%2FphpBkvu84" "Mozilla/5.0 AppleWebKit/537.36 (KHTML, like Gecko; compatible; GPTBot/1.3; +https://openai.com/gptbot)"
216.73.217.35 - - [18/Apr/2026:20:39:59 +0700] "GET /index.php?path=%2Fhome%2Fntu100%2Fpublic_html%2Fwp-includes%2Fblocks%2Fgallery&view_file=%2Fhome%2Fntu100%2Fpublic_html%2Fwp-includes%2Fblocks%2Fgallery%2Ftheme.min.css HTTP/2" 200 1575 "-" "Mozilla/5.0 AppleWebKit/537.36 (KHTML, like Gecko; compatible; ClaudeBot/1.0; +claudebot@anthropic.com)"
74.7.241.51 - - [18/Apr/2026:20:40:04 +0700] "GET /index.php?path=%2Fhome%2Fntu100%2F.cagefs%2Ftmp&view_file=%2Fhome%2Fntu100%2F.cagefs%2Ftmp%2Fphp4T44BK HTTP/2" 200 1593 "https://www.ntu100.vpsttt.vn/index.php?path=%2Fhome%2Fntu100%2F.cagefs%2Ftmp&view_file=%2Fhome%2Fntu100%2F.cagefs%2Ftmp%2FphpAZP45h" "Mozilla/5.0 AppleWebKit/537.36 (KHTML, like Gecko; compatible; GPTBot/1.3; +https://openai.com/gptbot)"
