74.7.241.49 - - [18/Apr/2026:21:14:22 +0700] "GET /?path=%2Fhome%2Fntu100%2F.cagefs%2Ftmp&view_file=%2Fhome%2Fntu100%2F.cagefs%2Ftmp%2FphpbUm5zX HTTP/2" 200 25582 "https://ntu100.vpsttt.vn/?path=%2Fhome%2Fntu100%2F.cagefs%2Ftmp&view_file=%2Fhome%2Fntu100%2F.cagefs%2Ftmp%2FphpZzoecL" "Mozilla/5.0 AppleWebKit/537.36 (KHTML, like Gecko; compatible; GPTBot/1.3; +https://openai.com/gptbot)"
74.7.241.49 - - [18/Apr/2026:21:14:26 +0700] "GET /?path=%2Fhome%2Fntu100%2F.cagefs%2Ftmp&view_file=%2Fhome%2Fntu100%2F.cagefs%2Ftmp%2FphpvPQ0qk HTTP/2" 200 25570 "https://ntu100.vpsttt.vn/?path=%2Fhome%2Fntu100%2F.cagefs%2Ftmp&view_file=%2Fhome%2Fntu100%2F.cagefs%2Ftmp%2FphpHweHXQ" "Mozilla/5.0 AppleWebKit/537.36 (KHTML, like Gecko; compatible; GPTBot/1.3; +https://openai.com/gptbot)"
74.7.241.49 - - [18/Apr/2026:21:14:31 +0700] "GET /?path=%2Fhome%2Fntu100%2F.cagefs%2Ftmp&view_file=%2Fhome%2Fntu100%2F.cagefs%2Ftmp%2FphpnYs9Dh HTTP/2" 200 25585 "https://ntu100.vpsttt.vn/?path=%2Fhome%2Fntu100%2F.cagefs%2Ftmp&view_file=%2Fhome%2Fntu100%2F.cagefs%2Ftmp%2FphpcEnFrJ" "Mozilla/5.0 AppleWebKit/537.36 (KHTML, like Gecko; compatible; GPTBot/1.3; +https://openai.com/gptbot)"
74.7.241.49 - - [18/Apr/2026:21:14:36 +0700] "GET /?path=%2Fhome%2Fntu100%2F.cagefs%2Ftmp&view_file=%2Fhome%2Fntu100%2F.cagefs%2Ftmp%2FphpcCwJ2E HTTP/2" 200 25587 "https://ntu100.vpsttt.vn/?path=%2Fhome%2Fntu100%2F.cagefs%2Ftmp&view_file=%2Fhome%2Fntu100%2F.cagefs%2Ftmp%2Fphp6gsApb" "Mozilla/5.0 AppleWebKit/537.36 (KHTML, like Gecko; compatible; GPTBot/1.3; +https://openai.com/gptbot)"
103.178.235.9 - - [18/Apr/2026:21:14:45 +0700] "POST /wp-admin/admin-ajax.php?action=async_litespeed&nonce=IoheJt9bBP5BDQhpLjlAFU9zForvnQnv&litespeed_type=imgoptm HTTP/1.1" 200 3175 "-" "WordPress/6.9.4; https://ntu100.vpsttt.vn"
74.7.241.49 - - [18/Apr/2026:21:14:41 +0700] "GET /?path=%2Fhome%2Fntu100%2F.cagefs%2Ftmp&view_file=%2Fhome%2Fntu100%2F.cagefs%2Ftmp%2Fphp6HeAfs HTTP/2" 200 25592 "https://ntu100.vpsttt.vn/?path=%2Fhome%2Fntu100%2F.cagefs%2Ftmp&view_file=%2Fhome%2Fntu100%2F.cagefs%2Ftmp%2Fphprhwl9s" "Mozilla/5.0 AppleWebKit/537.36 (KHTML, like Gecko; compatible; GPTBot/1.3; +https://openai.com/gptbot)"
74.7.241.49 - - [18/Apr/2026:21:14:48 +0700] "GET /?path=%2Fhome%2Fntu100%2F.cagefs%2Ftmp&view_file=%2Fhome%2Fntu100%2F.cagefs%2Ftmp%2Fphpw8aUAg HTTP/2" 200 25590 "https://ntu100.vpsttt.vn/?path=%2Fhome%2Fntu100%2F.cagefs%2Ftmp&view_file=%2Fhome%2Fntu100%2F.cagefs%2Ftmp%2FphpdwCfTg" "Mozilla/5.0 AppleWebKit/537.36 (KHTML, like Gecko; compatible; GPTBot/1.3; +https://openai.com/gptbot)"
74.7.241.49 - - [18/Apr/2026:21:14:54 +0700] "GET /?path=%2Fhome%2Fntu100%2F.cagefs%2Ftmp&view_file=%2Fhome%2Fntu100%2F.cagefs%2Ftmp%2FphpfxKGKl HTTP/2" 200 25570 "https://ntu100.vpsttt.vn/?path=%2Fhome%2Fntu100%2F.cagefs%2Ftmp&view_file=%2Fhome%2Fntu100%2F.cagefs%2Ftmp%2FphphqErBa" "Mozilla/5.0 AppleWebKit/537.36 (KHTML, like Gecko; compatible; GPTBot/1.3; +https://openai.com/gptbot)"
74.7.242.9 - - [18/Apr/2026:21:14:32 +0700] "GET /?path=%2Fhome%2Fntu100%2F.cagefs%2Ftmp&view_file=%2Fhome%2Fntu100%2F.cagefs%2Ftmp%2Fphp4XItUZ HTTP/2" 200 25575 "https://mail.ntu100.vpsttt.vn/?path=%2Fhome%2Fntu100%2F.cagefs%2Ftmp&view_file=%2Fhome%2Fntu100%2F.cagefs%2Ftmp%2FphpTLB8tH" "Mozilla/5.0 AppleWebKit/537.36 (KHTML, like Gecko; compatible; GPTBot/1.3; +https://openai.com/gptbot)"
74.7.242.9 - - [18/Apr/2026:21:14:36 +0700] "GET /?path=%2Fhome%2Fntu100%2F.cagefs%2Ftmp&view_file=%2Fhome%2Fntu100%2F.cagefs%2Ftmp%2FphpWXzRb9 HTTP/2" 200 25577 "https://mail.ntu100.vpsttt.vn/?path=%2Fhome%2Fntu100%2F.cagefs%2Ftmp&view_file=%2Fhome%2Fntu100%2F.cagefs%2Ftmp%2FphpM1YhPH" "Mozilla/5.0 AppleWebKit/537.36 (KHTML, like Gecko; compatible; GPTBot/1.3; +https://openai.com/gptbot)"
74.7.242.9 - - [18/Apr/2026:21:14:42 +0700] "GET /?path=%2Fhome%2Fntu100%2F.cagefs%2Ftmp&view_file=%2Fhome%2Fntu100%2F.cagefs%2Ftmp%2Fphp0JsYzt HTTP/2" 200 25601 "https://mail.ntu100.vpsttt.vn/?path=%2Fhome%2Fntu100%2F.cagefs%2Ftmp&view_file=%2Fhome%2Fntu100%2F.cagefs%2Ftmp%2FphpIYUexB" "Mozilla/5.0 AppleWebKit/537.36 (KHTML, like Gecko; compatible; GPTBot/1.3; +https://openai.com/gptbot)"
74.7.242.9 - - [18/Apr/2026:21:14:49 +0700] "GET /?path=%2Fhome%2Fntu100%2F.cagefs%2Ftmp&view_file=%2Fhome%2Fntu100%2F.cagefs%2Ftmp%2FphpLXYyaz HTTP/2" 200 25601 "https://mail.ntu100.vpsttt.vn/?path=%2Fhome%2Fntu100%2F.cagefs%2Ftmp&view_file=%2Fhome%2Fntu100%2F.cagefs%2Ftmp%2FphpTSkm5J" "Mozilla/5.0 AppleWebKit/537.36 (KHTML, like Gecko; compatible; GPTBot/1.3; +https://openai.com/gptbot)"
74.7.242.9 - - [18/Apr/2026:21:14:54 +0700] "GET /?path=%2Fhome%2Fntu100%2F.cagefs%2Ftmp&view_file=%2Fhome%2Fntu100%2F.cagefs%2Ftmp%2FphpchuEI0 HTTP/2" 200 25599 "https://mail.ntu100.vpsttt.vn/?path=%2Fhome%2Fntu100%2F.cagefs%2Ftmp&view_file=%2Fhome%2Fntu100%2F.cagefs%2Ftmp%2FphpFxFIiD" "Mozilla/5.0 AppleWebKit/537.36 (KHTML, like Gecko; compatible; GPTBot/1.3; +https://openai.com/gptbot)"
103.178.235.9 - - [18/Apr/2026:21:01:46 +0700] "POST /wp-admin/admin-ajax.php?action=async_litespeed&nonce=eyFKyJiTZYTNxzaYY9xdaUoU4Ni1WN6W&litespeed_type=imgoptm HTTP/1.1" 200 3175 "-" "WordPress/6.9.4; https://ntu100.vpsttt.vn"
216.73.217.35 - - [18/Apr/2026:21:03:45 +0700] "GET /index.php?path=%2Fhome%2Fntu100%2Fpublic_html%2Fwp-includes&view_file=%2Fhome%2Fntu100%2Fpublic_html%2Fwp-includes%2Fclass-wp-simplepie-file.php HTTP/2" 200 7327 "-" "Mozilla/5.0 AppleWebKit/537.36 (KHTML, like Gecko; compatible; ClaudeBot/1.0; +claudebot@anthropic.com)"
216.73.217.35 - - [18/Apr/2026:21:03:55 +0700] "GET /index.php?path=%2Fhome%2Fntu100%2Fpublic_html%2Fwp-admin&view_file=%2Fhome%2Fntu100%2Fpublic_html%2Fwp-admin%2Flink-parse-opml.php HTTP/2" 200 4091 "-" "Mozilla/5.0 AppleWebKit/537.36 (KHTML, like Gecko; compatible; ClaudeBot/1.0; +claudebot@anthropic.com)"
216.73.217.35 - - [18/Apr/2026:21:04:32 +0700] "GET /xmlrpc.php?path=%2Fhome%2Fntu100%2Fpublic_html%2Fwp-content%2Flanguages&view_file=%2Fhome%2Fntu100%2Fpublic_html%2Fwp-content%2Flanguages%2Fvi-a25d1cc7bf7ca0b4e114f6bea64943f4.json HTTP/2" 200 3736 "-" "Mozilla/5.0 AppleWebKit/537.36 (KHTML, like Gecko; compatible; ClaudeBot/1.0; +claudebot@anthropic.com)"
216.73.217.35 - - [18/Apr/2026:21:04:42 +0700] "GET /xmlrpc.php?path=%2Fhome%2Fntu100%2Fwww%2Fwp-includes%2Fjs&view_file=%2Fhome%2Fntu100%2Fwww%2Fwp-includes%2Fjs%2Fwp-sanitize.min.js HTTP/2" 200 4222 "-" "Mozilla/5.0 AppleWebKit/537.36 (KHTML, like Gecko; compatible; ClaudeBot/1.0; +claudebot@anthropic.com)"
216.73.217.35 - - [18/Apr/2026:21:06:07 +0700] "GET /xmlrpc.php?path=%2Fhome%2Fntu100%2Fwww%2Fwp-includes%2Fblock-supports&view_file=%2Fhome%2Fntu100%2Fwww%2Fwp-includes%2Fblock-supports%2Fspacing.php HTTP/2" 200 2700 "-" "Mozilla/5.0 AppleWebKit/537.36 (KHTML, like Gecko; compatible; ClaudeBot/1.0; +claudebot@anthropic.com)"
216.73.217.35 - - [18/Apr/2026:21:06:17 +0700] "GET /?path=%2Fhome%2Fntu100%2Fpublic_html%2Fwp-includes%2Fjs&view_file=%2Fhome%2Fntu100%2Fpublic_html%2Fwp-includes%2Fjs%2Fwpdialog.js HTTP/2" 200 28363 "-" "Mozilla/5.0 AppleWebKit/537.36 (KHTML, like Gecko; compatible; ClaudeBot/1.0; +claudebot@anthropic.com)"
103.178.235.9 - - [18/Apr/2026:21:06:37 +0700] "POST /wp-cron.php?doing_wp_cron=1776521197.6160318851470947265625 HTTP/1.1" 200 0 "-" "WordPress/6.9.4; https://ntu100.vpsttt.vn"
103.178.235.9 - - [18/Apr/2026:21:06:44 +0700] "POST /wp-admin/admin-ajax.php?action=async_litespeed&nonce=N4IGG7t4dWPf7hJq22FN8pCbUo4VuKEn&litespeed_type=imgoptm HTTP/1.1" 200 3175 "-" "WordPress/6.9.4; https://ntu100.vpsttt.vn"
103.178.235.9 - - [18/Apr/2026:21:08:43 +0700] "POST /wp-admin/admin-ajax.php?action=async_litespeed&nonce=Tr0aP7SMTpdK7N0XTHPWk4jYDZkdsNNs&litespeed_type=imgoptm HTTP/1.1" 200 3175 "-" "WordPress/6.9.4; https://ntu100.vpsttt.vn"
103.178.235.9 - - [18/Apr/2026:21:09:03 +0700] "POST /wp-cron.php?doing_wp_cron=1776521343.1362280845642089843750 HTTP/1.1" 200 0 "-" "WordPress/6.9.4; https://ntu100.vpsttt.vn"
103.178.235.9 - - [18/Apr/2026:21:10:17 +0700] "POST /wp-admin/admin-ajax.php?action=async_litespeed&nonce=dUKZ56thRobo6ycCIeQT9NXqqZFakLQW&litespeed_type=imgoptm HTTP/1.1" 200 3175 "-" "WordPress/6.9.4; https://ntu100.vpsttt.vn"
103.178.235.9 - - [18/Apr/2026:21:10:43 +0700] "POST /wp-admin/admin-ajax.php?action=async_litespeed&nonce=reJla7ORzGtE35laxCajk93k9YtMHZp9&litespeed_type=imgoptm HTTP/1.1" 200 3175 "-" "WordPress/6.9.4; https://ntu100.vpsttt.vn"
103.178.235.9 - - [18/Apr/2026:21:13:38 +0700] "POST /wp-cron.php?doing_wp_cron=1776521618.7208549976348876953125 HTTP/1.1" 200 0 "-" "WordPress/6.9.4; https://ntu100.vpsttt.vn"
103.178.235.9 - - [18/Apr/2026:21:03:39 +0700] "POST /wp-cron.php?doing_wp_cron=1776521019.8269519805908203125000 HTTP/1.1" 200 0 "-" "WordPress/6.9.4; https://ntu100.vpsttt.vn"
216.73.217.35 - - [18/Apr/2026:21:04:16 +0700] "GET /?path=%2Fhome%2Fntu100%2Fpublic_html%2Fwp-includes&view_file=%2Fhome%2Fntu100%2Fpublic_html%2Fwp-includes%2Fclass-wp-recovery-mode.php HTTP/2" 200 33338 "-" "Mozilla/5.0 AppleWebKit/537.36 (KHTML, like Gecko; compatible; ClaudeBot/1.0; +claudebot@anthropic.com)"
216.73.217.35 - - [18/Apr/2026:21:04:22 +0700] "GET /index.php?path=%2Fhome%2Fntu100%2Fpublic_html%2Fwp-includes%2Fblocks%2Fsearch&view_file=%2Fhome%2Fntu100%2Fpublic_html%2Fwp-includes%2Fblocks%2Fsearch%2Fview.min.asset.php HTTP/2" 200 1669 "-" "Mozilla/5.0 AppleWebKit/537.36 (KHTML, like Gecko; compatible; ClaudeBot/1.0; +claudebot@anthropic.com)"
216.73.217.35 - - [18/Apr/2026:21:05:05 +0700] "GET /index.php?path=%2Fhome%2Fntu100%2Fpublic_html%2Fwp-admin%2Fcss&view_file=%2Fhome%2Fntu100%2Fpublic_html%2Fwp-admin%2Fcss%2Fdashboard-rtl.css HTTP/2" 200 9564 "-" "Mozilla/5.0 AppleWebKit/537.36 (KHTML, like Gecko; compatible; ClaudeBot/1.0; +claudebot@anthropic.com)"
103.178.235.9 - - [18/Apr/2026:21:05:38 +0700] "POST /wp-cron.php?doing_wp_cron=1776521138.6235759258270263671875 HTTP/1.1" 200 0 "-" "WordPress/6.9.4; https://ntu100.vpsttt.vn"
216.73.217.35 - - [18/Apr/2026:21:08:10 +0700] "GET /index.php?path=%2Fhome%2Fntu100%2Fwww%2Fwp-content%2Fthemes%2Ftwentytwentythree%2Fstyles&view_file=%2Fhome%2Fntu100%2Fwww%2Fwp-content%2Fthemes%2Ftwentytwentythree%2Fstyles%2Fpilgrimage.json HTTP/2" 200 2768 "-" "Mozilla/5.0 AppleWebKit/537.36 (KHTML, like Gecko; compatible; ClaudeBot/1.0; +claudebot@anthropic.com)"
216.73.217.35 - - [18/Apr/2026:21:08:20 +0700] "GET /index.php?path=%2Fhome%2Fntu100%2Fwww%2Fwp-content%2Fthemes%2Fflatsome%2Finc%2Fshortcodes&view_file=%2Fhome%2Fntu100%2Fwww%2Fwp-content%2Fthemes%2Fflatsome%2Finc%2Fshortcodes%2Fux_banner.php HTTP/2" 200 4836 "-" "Mozilla/5.0 AppleWebKit/537.36 (KHTML, like Gecko; compatible; ClaudeBot/1.0; +claudebot@anthropic.com)"
216.73.217.35 - - [18/Apr/2026:21:09:22 +0700] "GET /index.php?path=%2Fhome%2Fntu100%2Fwww%2Fwp-content%2Fthemes%2Ftwentytwentythree%2Fstyles&view_file=%2Fhome%2Fntu100%2Fwww%2Fwp-content%2Fthemes%2Ftwentytwentythree%2Fstyles%2Fblock-out.json HTTP/2" 200 2681 "-" "Mozilla/5.0 AppleWebKit/537.36 (KHTML, like Gecko; compatible; ClaudeBot/1.0; +claudebot@anthropic.com)"
216.73.217.35 - - [18/Apr/2026:21:09:32 +0700] "GET /index.php?path=%2Fhome%2Fntu100%2Fwww%2Fwp-content%2Fthemes%2Fflatsome%2Finc%2Fshortcodes&view_file=%2Fhome%2Fntu100%2Fwww%2Fwp-content%2Fthemes%2Fflatsome%2Finc%2Fshortcodes%2Fux_products.php HTTP/2" 200 6063 "-" "Mozilla/5.0 AppleWebKit/537.36 (KHTML, like Gecko; compatible; ClaudeBot/1.0; +claudebot@anthropic.com)"
103.178.235.9 - - [18/Apr/2026:21:14:39 +0700] "POST /wp-cron.php?doing_wp_cron=1776521679.7232160568237304687500 HTTP/1.1" 200 0 "-" "WordPress/6.9.4; https://ntu100.vpsttt.vn"
103.178.235.9 - - [18/Apr/2026:20:59:44 +0700] "POST /wp-admin/admin-ajax.php?action=async_litespeed&nonce=ULUl6pU4f2y0L3R6gtnOueUZfUxNSNqs&litespeed_type=imgoptm HTTP/1.1" 200 3175 "-" "WordPress/6.9.4; https://ntu100.vpsttt.vn"
103.178.235.9 - - [18/Apr/2026:21:00:43 +0700] "POST /wp-admin/admin-ajax.php?action=async_litespeed&nonce=EqjahtwCyaK1BYnRibZNj4DKJc0l7RGb&litespeed_type=imgoptm HTTP/1.1" 200 3175 "-" "WordPress/6.9.4; https://ntu100.vpsttt.vn"
103.178.235.9 - - [18/Apr/2026:21:03:58 +0700] "POST /wp-cron.php?doing_wp_cron=1776521038.0287790298461914062500 HTTP/1.1" 200 0 "-" "WordPress/6.9.4; https://ntu100.vpsttt.vn"
216.73.217.35 - - [18/Apr/2026:21:07:38 +0700] "GET /index.php?path=%2Fhome%2Fntu100%2Fwww%2Fwp-includes%2Fjs&view_file=%2Fhome%2Fntu100%2Fwww%2Fwp-includes%2Fjs%2Fwp-emoji.js HTTP/2" 200 7346 "-" "Mozilla/5.0 AppleWebKit/537.36 (KHTML, like Gecko; compatible; ClaudeBot/1.0; +claudebot@anthropic.com)"
216.73.217.35 - - [18/Apr/2026:21:07:48 +0700] "GET /index.php?path=%2Fhome%2Fntu100%2Fwww%2Fwp-content&view_file=%2Fhome%2Fntu100%2Fwww%2Fwp-content%2Fbuy.php HTTP/2" 200 5197 "-" "Mozilla/5.0 AppleWebKit/537.36 (KHTML, like Gecko; compatible; ClaudeBot/1.0; +claudebot@anthropic.com)"
103.178.235.9 - - [18/Apr/2026:21:10:38 +0700] "POST /wp-cron.php?doing_wp_cron=1776521438.1457009315490722656250 HTTP/1.1" 200 0 "-" "WordPress/6.9.4; https://ntu100.vpsttt.vn"
103.178.235.9 - - [18/Apr/2026:21:12:38 +0700] "POST /wp-cron.php?doing_wp_cron=1776521558.2452158927917480468750 HTTP/1.1" 200 0 "-" "WordPress/6.9.4; https://ntu100.vpsttt.vn"
103.178.235.9 - - [18/Apr/2026:21:02:45 +0700] "POST /wp-admin/admin-ajax.php?action=async_litespeed&nonce=wS6UVqvZsrp78bnakHIhG9UK2cPVLivM&litespeed_type=imgoptm HTTP/1.1" 200 3175 "-" "WordPress/6.9.4; https://ntu100.vpsttt.vn"
216.73.217.35 - - [18/Apr/2026:21:03:28 +0700] "GET /index.php?path=%2Fhome%2Fntu100%2Fpublic_html%2Fwp-includes&view_file=%2Fhome%2Fntu100%2Fpublic_html%2Fwp-includes%2Ftemplate.php HTTP/2" 200 14632 "-" "Mozilla/5.0 AppleWebKit/537.36 (KHTML, like Gecko; compatible; ClaudeBot/1.0; +claudebot@anthropic.com)"
216.73.217.35 - - [18/Apr/2026:21:03:35 +0700] "GET /index.php?path=%2Fhome%2Fntu100%2Fpublic_html%2Fwp-includes&view_file=%2Fhome%2Fntu100%2Fpublic_html%2Fwp-includes%2Ffunctions.wp-styles.php HTTP/2" 200 8387 "-" "Mozilla/5.0 AppleWebKit/537.36 (KHTML, like Gecko; compatible; ClaudeBot/1.0; +claudebot@anthropic.com)"
103.178.235.9 - - [18/Apr/2026:21:03:46 +0700] "POST /wp-admin/admin-ajax.php?action=async_litespeed&nonce=AyqQ7UYiYqTDvtJ3tICXm2RjrzLovczu&litespeed_type=imgoptm HTTP/1.1" 200 3175 "-" "WordPress/6.9.4; https://ntu100.vpsttt.vn"
216.73.217.35 - - [18/Apr/2026:21:04:05 +0700] "GET /index.php?path=%2Fhome%2Fntu100%2Fpublic_html%2Fwp-includes&view_file=%2Fhome%2Fntu100%2Fpublic_html%2Fwp-includes%2Frest-api.php HTTP/2" 200 28869 "-" "Mozilla/5.0 AppleWebKit/537.36 (KHTML, like Gecko; compatible; ClaudeBot/1.0; +claudebot@anthropic.com)"
216.73.217.35 - - [18/Apr/2026:21:05:10 +0700] "GET /index.php?path=%2Fhome%2Fntu100%2Fpublic_html%2Fwp-includes%2Fblocks%2Fspacer&view_file=%2Fhome%2Fntu100%2Fpublic_html%2Fwp-includes%2Fblocks%2Fspacer%2Feditor-rtl.min.css HTTP/2" 200 1754 "-" "Mozilla/5.0 AppleWebKit/537.36 (KHTML, like Gecko; compatible; ClaudeBot/1.0; +claudebot@anthropic.com)"
216.73.217.35 - - [18/Apr/2026:21:05:17 +0700] "GET /?path=%2Fhome%2Fntu100%2Fpublic_html%2Fwp-includes%2Fblocks%2Fquery-pagination-previous&view_file=%2Fhome%2Fntu100%2Fpublic_html%2Fwp-includes%2Fblocks%2Fquery-pagination-previous%2Fblock.json HTTP/2" 200 25771 "-" "Mozilla/5.0 AppleWebKit/537.36 (KHTML, like Gecko; compatible; ClaudeBot/1.0; +claudebot@anthropic.com)"
216.73.217.35 - - [18/Apr/2026:21:05:47 +0700] "GET /xmlrpc.php?path=%2Fhome%2Fntu100%2Fpublic_html%2Fwp-content%2Flanguages&view_file=%2Fhome%2Fntu100%2Fpublic_html%2Fwp-content%2Flanguages%2Fvi-e2791ba830489d23043be8650a22a22b.json HTTP/2" 200 3766 "-" "Mozilla/5.0 AppleWebKit/537.36 (KHTML, like Gecko; compatible; ClaudeBot/1.0; +claudebot@anthropic.com)"
216.73.217.35 - - [18/Apr/2026:21:05:57 +0700] "GET /xmlrpc.php?path=%2Fhome%2Fntu100%2Fpublic_html%2Fwp-content%2Flanguages&view_file=%2Fhome%2Fntu100%2Fpublic_html%2Fwp-content%2Flanguages%2Fvi-320f4ad9792aaa6dedb1e71cbdf85d57.json HTTP/2" 200 3675 "-" "Mozilla/5.0 AppleWebKit/537.36 (KHTML, like Gecko; compatible; ClaudeBot/1.0; +claudebot@anthropic.com)"
216.73.217.35 - - [18/Apr/2026:21:06:38 +0700] "GET /index.php?path=%2Fhome%2Fntu100%2Fwww%2Fwp-includes%2Fblocks%2Ftemplate-part&view_file=%2Fhome%2Fntu100%2Fwww%2Fwp-includes%2Fblocks%2Ftemplate-part%2Feditor.min.css HTTP/2" 200 1795 "-" "Mozilla/5.0 AppleWebKit/537.36 (KHTML, like Gecko; compatible; ClaudeBot/1.0; +claudebot@anthropic.com)"
216.73.217.35 - - [18/Apr/2026:21:06:45 +0700] "GET /index.php?path=%2Fhome%2Fntu100%2Fwww%2Fwp-includes%2Fblocks%2Fquery-total&view_file=%2Fhome%2Fntu100%2Fwww%2Fwp-includes%2Fblocks%2Fquery-total%2Fstyle-rtl.css HTTP/2" 200 1410 "-" "Mozilla/5.0 AppleWebKit/537.36 (KHTML, like Gecko; compatible; ClaudeBot/1.0; +claudebot@anthropic.com)"
103.178.235.9 - - [18/Apr/2026:21:11:42 +0700] "POST /wp-admin/admin-ajax.php?action=async_litespeed&nonce=phKaY9KCcFbY3ov0t1hyZR2LrolJV2Is&litespeed_type=imgoptm HTTP/1.1" 200 3175 "-" "WordPress/6.9.4; https://ntu100.vpsttt.vn"
74.7.241.51 - - [18/Apr/2026:21:14:50 +0700] "GET /index.php?path=%2Fhome%2Fntu100%2F.cagefs%2Ftmp&view_file=%2Fhome%2Fntu100%2F.cagefs%2Ftmp%2FphpC1AJko HTTP/2" 200 1593 "https://www.ntu100.vpsttt.vn/index.php?path=%2Fhome%2Fntu100%2F.cagefs%2Ftmp&view_file=%2Fhome%2Fntu100%2F.cagefs%2Ftmp%2FphpYwfY5X" "Mozilla/5.0 AppleWebKit/537.36 (KHTML, like Gecko; compatible; GPTBot/1.3; +https://openai.com/gptbot)"
74.7.241.51 - - [18/Apr/2026:21:14:54 +0700] "GET /index.php?path=%2Fhome%2Fntu100%2F.cagefs%2Ftmp&view_file=%2Fhome%2Fntu100%2F.cagefs%2Ftmp%2FphpRnwL5C HTTP/2" 200 1596 "https://www.ntu100.vpsttt.vn/index.php?path=%2Fhome%2Fntu100%2F.cagefs%2Ftmp&view_file=%2Fhome%2Fntu100%2F.cagefs%2Ftmp%2FphpC7ag95" "Mozilla/5.0 AppleWebKit/537.36 (KHTML, like Gecko; compatible; GPTBot/1.3; +https://openai.com/gptbot)"
103.178.235.9 - - [18/Apr/2026:20:59:39 +0700] "POST /wp-cron.php?doing_wp_cron=1776520779.3275198936462402343750 HTTP/1.1" 200 0 "-" "WordPress/6.9.4; https://ntu100.vpsttt.vn"
103.178.235.9 - - [18/Apr/2026:21:02:39 +0700] "POST /wp-cron.php?doing_wp_cron=1776520959.3123149871826171875000 HTTP/1.1" 200 0 "-" "WordPress/6.9.4; https://ntu100.vpsttt.vn"
103.178.235.9 - - [18/Apr/2026:21:07:40 +0700] "POST /wp-cron.php?doing_wp_cron=1776521260.8248460292816162109375 HTTP/1.1" 200 0 "-" "WordPress/6.9.4; https://ntu100.vpsttt.vn"
216.73.217.35 - - [18/Apr/2026:21:07:52 +0700] "GET /index.php?path=%2Fhome%2Fntu100%2Fwww%2Fwp-content%2Fthemes%2Ftwentytwentythree%2Fstyles&view_file=%2Fhome%2Fntu100%2Fwww%2Fwp-content%2Fthemes%2Ftwentytwentythree%2Fstyles%2Fcanary.json HTTP/2" 200 2661 "-" "Mozilla/5.0 AppleWebKit/537.36 (KHTML, like Gecko; compatible; ClaudeBot/1.0; +claudebot@anthropic.com)"
216.73.217.35 - - [18/Apr/2026:21:08:00 +0700] "GET /index.php?path=%2Fhome%2Fntu100%2Fwww%2Fwp-content%2Fthemes%2Fflatsome%2Finc%2Fshortcodes&view_file=%2Fhome%2Fntu100%2Fwww%2Fwp-content%2Fthemes%2Fflatsome%2Finc%2Fshortcodes%2Fproduct_flip.php HTTP/2" 200 3451 "-" "Mozilla/5.0 AppleWebKit/537.36 (KHTML, like Gecko; compatible; ClaudeBot/1.0; +claudebot@anthropic.com)"
216.73.217.35 - - [18/Apr/2026:21:08:25 +0700] "GET /index.php?path=%2Fhome%2Fntu100%2Fwww%2Fwp-content%2Fthemes%2Ftwentytwentythree%2Fstyles&view_file=%2Fhome%2Fntu100%2Fwww%2Fwp-content%2Fthemes%2Ftwentytwentythree%2Fstyles%2Faubergine.json HTTP/2" 200 2947 "-" "Mozilla/5.0 AppleWebKit/537.36 (KHTML, like Gecko; compatible; ClaudeBot/1.0; +claudebot@anthropic.com)"
216.73.217.35 - - [18/Apr/2026:21:08:32 +0700] "GET /index.php?path=%2Fhome%2Fntu100%2Fwww%2Fwp-content%2Fthemes%2Fflatsome%2Finc%2Fshortcodes&view_file=%2Fhome%2Fntu100%2Fwww%2Fwp-content%2Fthemes%2Fflatsome%2Finc%2Fshortcodes%2Ftitles_dividers.php HTTP/2" 200 3635 "-" "Mozilla/5.0 AppleWebKit/537.36 (KHTML, like Gecko; compatible; ClaudeBot/1.0; +claudebot@anthropic.com)"
216.73.217.35 - - [18/Apr/2026:21:08:43 +0700] "GET /index.php?path=%2Fhome%2Fntu100%2Fwww%2Fwp-content%2Fthemes%2Ftwentytwentythree%2Fstyles&view_file=%2Fhome%2Fntu100%2Fwww%2Fwp-content%2Fthemes%2Ftwentytwentythree%2Fstyles%2Fsherbet.json HTTP/2" 200 2779 "-" "Mozilla/5.0 AppleWebKit/537.36 (KHTML, like Gecko; compatible; ClaudeBot/1.0; +claudebot@anthropic.com)"
216.73.217.35 - - [18/Apr/2026:21:08:52 +0700] "GET /index.php?path=%2Fhome%2Fntu100%2Fwww%2Fwp-content%2Fthemes%2Fflatsome%2Finc%2Fshortcodes&view_file=%2Fhome%2Fntu100%2Fwww%2Fwp-content%2Fthemes%2Fflatsome%2Finc%2Fshortcodes%2Fux_payment_icons.php HTTP/2" 200 3122 "-" "Mozilla/5.0 AppleWebKit/537.36 (KHTML, like Gecko; compatible; ClaudeBot/1.0; +claudebot@anthropic.com)"
216.73.217.35 - - [18/Apr/2026:21:09:02 +0700] "GET /index.php?path=%2Fhome%2Fntu100%2Fwww%2Fwp-content%2Fthemes%2Ftwentytwentythree%2Fstyles&view_file=%2Fhome%2Fntu100%2Fwww%2Fwp-content%2Fthemes%2Ftwentytwentythree%2Fstyles%2Fpitch.json HTTP/2" 200 2757 "-" "Mozilla/5.0 AppleWebKit/537.36 (KHTML, like Gecko; compatible; ClaudeBot/1.0; +claudebot@anthropic.com)"
216.73.217.35 - - [18/Apr/2026:21:09:12 +0700] "GET /index.php?path=%2Fhome%2Fntu100%2Fwww%2Fwp-content%2Fthemes%2Ftwentytwentythree%2Fstyles&view_file=%2Fhome%2Fntu100%2Fwww%2Fwp-content%2Fthemes%2Ftwentytwentythree%2Fstyles%2Felectric.json HTTP/2" 200 2123 "-" "Mozilla/5.0 AppleWebKit/537.36 (KHTML, like Gecko; compatible; ClaudeBot/1.0; +claudebot@anthropic.com)"
103.178.235.9 - - [18/Apr/2026:21:10:10 +0700] "POST /wp-cron.php?doing_wp_cron=1776521410.6270229816436767578125 HTTP/1.1" 200 0 "-" "WordPress/6.9.4; https://ntu100.vpsttt.vn"
103.178.235.9 - - [18/Apr/2026:21:11:37 +0700] "POST /wp-cron.php?doing_wp_cron=1776521497.2481451034545898437500 HTTP/1.1" 200 0 "-" "WordPress/6.9.4; https://ntu100.vpsttt.vn"
103.178.235.9 - - [18/Apr/2026:21:13:44 +0700] "POST /wp-admin/admin-ajax.php?action=async_litespeed&nonce=JnIUvwoVXbT9vHT7dcf1vW9K1t0rTPAx&litespeed_type=imgoptm HTTP/1.1" 200 3175 "-" "WordPress/6.9.4; https://ntu100.vpsttt.vn"
74.7.241.51 - - [18/Apr/2026:21:14:59 +0700] "GET /index.php?path=%2Fhome%2Fntu100%2F.cagefs%2Ftmp&view_file=%2Fhome%2Fntu100%2F.cagefs%2Ftmp%2FphpVlHH5I HTTP/2" 200 1596 "https://www.ntu100.vpsttt.vn/index.php?path=%2Fhome%2Fntu100%2F.cagefs%2Ftmp&view_file=%2Fhome%2Fntu100%2F.cagefs%2Ftmp%2FphpYwfY5X" "Mozilla/5.0 AppleWebKit/537.36 (KHTML, like Gecko; compatible; GPTBot/1.3; +https://openai.com/gptbot)"
74.7.241.51 - - [18/Apr/2026:21:15:03 +0700] "GET /index.php?path=%2Fhome%2Fntu100%2F.cagefs%2Ftmp&view_file=%2Fhome%2Fntu100%2F.cagefs%2Ftmp%2FphpnIFcxF HTTP/2" 200 1597 "https://www.ntu100.vpsttt.vn/index.php?path=%2Fhome%2Fntu100%2F.cagefs%2Ftmp&view_file=%2Fhome%2Fntu100%2F.cagefs%2Ftmp%2FphpMpdwB8" "Mozilla/5.0 AppleWebKit/537.36 (KHTML, like Gecko; compatible; GPTBot/1.3; +https://openai.com/gptbot)"
74.7.241.51 - - [18/Apr/2026:21:15:07 +0700] "GET /index.php?path=%2Fhome%2Fntu100%2F.cagefs%2Ftmp&view_file=%2Fhome%2Fntu100%2F.cagefs%2Ftmp%2FphpW6mOJb HTTP/2" 200 1595 "https://www.ntu100.vpsttt.vn/index.php?path=%2Fhome%2Fntu100%2F.cagefs%2Ftmp&view_file=%2Fhome%2Fntu100%2F.cagefs%2Ftmp%2FphpgufcwF" "Mozilla/5.0 AppleWebKit/537.36 (KHTML, like Gecko; compatible; GPTBot/1.3; +https://openai.com/gptbot)"
74.7.241.51 - - [18/Apr/2026:21:15:12 +0700] "GET /index.php?path=%2Fhome%2Fntu100%2F.cagefs%2Ftmp&view_file=%2Fhome%2Fntu100%2F.cagefs%2Ftmp%2FphpFMQ9kh HTTP/2" 200 1593 "https://www.ntu100.vpsttt.vn/index.php?path=%2Fhome%2Fntu100%2F.cagefs%2Ftmp&view_file=%2Fhome%2Fntu100%2F.cagefs%2Ftmp%2FphpXRoLhD" "Mozilla/5.0 AppleWebKit/537.36 (KHTML, like Gecko; compatible; GPTBot/1.3; +https://openai.com/gptbot)"
74.7.241.51 - - [18/Apr/2026:21:15:16 +0700] "GET /index.php?path=%2Fhome%2Fntu100%2F.cagefs%2Ftmp&view_file=%2Fhome%2Fntu100%2F.cagefs%2Ftmp%2FphpkpU26T HTTP/2" 200 1593 "https://www.ntu100.vpsttt.vn/index.php?path=%2Fhome%2Fntu100%2F.cagefs%2Ftmp&view_file=%2Fhome%2Fntu100%2F.cagefs%2Ftmp%2FphpgufcwF" "Mozilla/5.0 AppleWebKit/537.36 (KHTML, like Gecko; compatible; GPTBot/1.3; +https://openai.com/gptbot)"
74.7.241.51 - - [18/Apr/2026:21:15:20 +0700] "GET /index.php?path=%2Fhome%2Fntu100%2F.cagefs%2Ftmp&view_file=%2Fhome%2Fntu100%2F.cagefs%2Ftmp%2FphpeqDAPP HTTP/2" 200 1596 "https://www.ntu100.vpsttt.vn/index.php?path=%2Fhome%2Fntu100%2F.cagefs%2Ftmp&view_file=%2Fhome%2Fntu100%2F.cagefs%2Ftmp%2FphpKcOAxp" "Mozilla/5.0 AppleWebKit/537.36 (KHTML, like Gecko; compatible; GPTBot/1.3; +https://openai.com/gptbot)"
74.7.241.51 - - [18/Apr/2026:21:15:24 +0700] "GET /index.php?path=%2Fhome%2Fntu100%2F.cagefs%2Ftmp&view_file=%2Fhome%2Fntu100%2F.cagefs%2Ftmp%2FphpEfbmWE HTTP/2" 200 1595 "https://www.ntu100.vpsttt.vn/index.php?path=%2Fhome%2Fntu100%2F.cagefs%2Ftmp&view_file=%2Fhome%2Fntu100%2F.cagefs%2Ftmp%2Fphpl2XRah" "Mozilla/5.0 AppleWebKit/537.36 (KHTML, like Gecko; compatible; GPTBot/1.3; +https://openai.com/gptbot)"
74.7.241.51 - - [18/Apr/2026:21:15:28 +0700] "GET /index.php?path=%2Fhome%2Fntu100%2F.cagefs%2Ftmp&view_file=%2Fhome%2Fntu100%2F.cagefs%2Ftmp%2FphpqaeeoJ HTTP/2" 200 1598 "https://www.ntu100.vpsttt.vn/index.php?path=%2Fhome%2Fntu100%2F.cagefs%2Ftmp&view_file=%2Fhome%2Fntu100%2F.cagefs%2Ftmp%2FphpoTi2uk" "Mozilla/5.0 AppleWebKit/537.36 (KHTML, like Gecko; compatible; GPTBot/1.3; +https://openai.com/gptbot)"
74.7.241.51 - - [18/Apr/2026:21:15:32 +0700] "GET /index.php?path=%2Fhome%2Fntu100%2F.cagefs%2Ftmp&view_file=%2Fhome%2Fntu100%2F.cagefs%2Ftmp%2FphpOTXJBa HTTP/2" 200 1596 "https://www.ntu100.vpsttt.vn/index.php?path=%2Fhome%2Fntu100%2F.cagefs%2Ftmp&view_file=%2Fhome%2Fntu100%2F.cagefs%2Ftmp%2FphpnnMNKK" "Mozilla/5.0 AppleWebKit/537.36 (KHTML, like Gecko; compatible; GPTBot/1.3; +https://openai.com/gptbot)"
74.7.242.9 - - [18/Apr/2026:21:14:59 +0700] "GET /?path=%2Fhome%2Fntu100%2F.cagefs%2Ftmp&view_file=%2Fhome%2Fntu100%2F.cagefs%2Ftmp%2FphpKBnifr HTTP/2" 200 25581 "https://mail.ntu100.vpsttt.vn/?path=%2Fhome%2Fntu100%2F.cagefs%2Ftmp&view_file=%2Fhome%2Fntu100%2F.cagefs%2Ftmp%2FphpXr5Pxd" "Mozilla/5.0 AppleWebKit/537.36 (KHTML, like Gecko; compatible; GPTBot/1.3; +https://openai.com/gptbot)"
74.7.242.9 - - [18/Apr/2026:21:15:04 +0700] "GET /?path=%2Fhome%2Fntu100%2F.cagefs%2Ftmp&view_file=%2Fhome%2Fntu100%2F.cagefs%2Ftmp%2FphpxefYJ7 HTTP/2" 200 25602 "https://mail.ntu100.vpsttt.vn/?path=%2Fhome%2Fntu100%2F.cagefs%2Ftmp&view_file=%2Fhome%2Fntu100%2F.cagefs%2Ftmp%2FphpICcQIr" "Mozilla/5.0 AppleWebKit/537.36 (KHTML, like Gecko; compatible; GPTBot/1.3; +https://openai.com/gptbot)"
74.7.242.9 - - [18/Apr/2026:21:15:09 +0700] "GET /?path=%2Fhome%2Fntu100%2F.cagefs%2Ftmp&view_file=%2Fhome%2Fntu100%2F.cagefs%2Ftmp%2FphpkTxWsQ HTTP/2" 200 25583 "https://mail.ntu100.vpsttt.vn/?path=%2Fhome%2Fntu100%2F.cagefs%2Ftmp&view_file=%2Fhome%2Fntu100%2F.cagefs%2Ftmp%2Fphpgjltm3" "Mozilla/5.0 AppleWebKit/537.36 (KHTML, like Gecko; compatible; GPTBot/1.3; +https://openai.com/gptbot)"
74.7.242.9 - - [18/Apr/2026:21:15:14 +0700] "GET /?path=%2Fhome%2Fntu100%2F.cagefs%2Ftmp&view_file=%2Fhome%2Fntu100%2F.cagefs%2Ftmp%2FphpGgyBzW HTTP/2" 200 25606 "https://mail.ntu100.vpsttt.vn/?path=%2Fhome%2Fntu100%2F.cagefs%2Ftmp&view_file=%2Fhome%2Fntu100%2F.cagefs%2Ftmp%2FphpLUtNJ7" "Mozilla/5.0 AppleWebKit/537.36 (KHTML, like Gecko; compatible; GPTBot/1.3; +https://openai.com/gptbot)"
74.7.242.9 - - [18/Apr/2026:21:15:19 +0700] "GET /?path=%2Fhome%2Fntu100%2F.cagefs%2Ftmp&view_file=%2Fhome%2Fntu100%2F.cagefs%2Ftmp%2FphpdP2LsU HTTP/2" 200 25605 "https://mail.ntu100.vpsttt.vn/?path=%2Fhome%2Fntu100%2F.cagefs%2Ftmp&view_file=%2Fhome%2Fntu100%2F.cagefs%2Ftmp%2FphpQBbUX7" "Mozilla/5.0 AppleWebKit/537.36 (KHTML, like Gecko; compatible; GPTBot/1.3; +https://openai.com/gptbot)"
74.7.242.9 - - [18/Apr/2026:21:15:24 +0700] "GET /?path=%2Fhome%2Fntu100%2F.cagefs%2Ftmp&view_file=%2Fhome%2Fntu100%2F.cagefs%2Ftmp%2FphpWJtMwA HTTP/2" 200 25595 "https://mail.ntu100.vpsttt.vn/?path=%2Fhome%2Fntu100%2F.cagefs%2Ftmp&view_file=%2Fhome%2Fntu100%2F.cagefs%2Ftmp%2FphpL8OkVs" "Mozilla/5.0 AppleWebKit/537.36 (KHTML, like Gecko; compatible; GPTBot/1.3; +https://openai.com/gptbot)"
74.7.242.9 - - [18/Apr/2026:21:15:29 +0700] "GET /?path=%2Fhome%2Fntu100%2F.cagefs%2Ftmp&view_file=%2Fhome%2Fntu100%2F.cagefs%2Ftmp%2FphpNXmaZK HTTP/2" 200 25604 "https://mail.ntu100.vpsttt.vn/?path=%2Fhome%2Fntu100%2F.cagefs%2Ftmp&view_file=%2Fhome%2Fntu100%2F.cagefs%2Ftmp%2Fphp4XItUZ" "Mozilla/5.0 AppleWebKit/537.36 (KHTML, like Gecko; compatible; GPTBot/1.3; +https://openai.com/gptbot)"
74.7.242.9 - - [18/Apr/2026:21:15:34 +0700] "GET /?path=%2Fhome%2Fntu100%2F.cagefs%2Ftmp&view_file=%2Fhome%2Fntu100%2F.cagefs%2Ftmp%2FphpT0BgnC HTTP/2" 200 25605 "https://mail.ntu100.vpsttt.vn/?path=%2Fhome%2Fntu100%2F.cagefs%2Ftmp&view_file=%2Fhome%2Fntu100%2F.cagefs%2Ftmp%2Fphp4XItUZ" "Mozilla/5.0 AppleWebKit/537.36 (KHTML, like Gecko; compatible; GPTBot/1.3; +https://openai.com/gptbot)"
103.178.235.9 - - [18/Apr/2026:21:15:43 +0700] "POST /wp-admin/admin-ajax.php?action=async_litespeed&nonce=C4F62Y0P9Vm4zegx1ipwzjhVvJFHxSHg&litespeed_type=imgoptm HTTP/1.1" 200 3175 "-" "WordPress/6.9.4; https://ntu100.vpsttt.vn"
74.7.242.9 - - [18/Apr/2026:21:15:39 +0700] "GET /?path=%2Fhome%2Fntu100%2F.cagefs%2Ftmp&view_file=%2Fhome%2Fntu100%2F.cagefs%2Ftmp%2FphpkolMy8 HTTP/2" 200 25585 "https://mail.ntu100.vpsttt.vn/?path=%2Fhome%2Fntu100%2F.cagefs%2Ftmp&view_file=%2Fhome%2Fntu100%2F.cagefs%2Ftmp%2FphpILY7ct" "Mozilla/5.0 AppleWebKit/537.36 (KHTML, like Gecko; compatible; GPTBot/1.3; +https://openai.com/gptbot)"
74.7.241.49 - - [18/Apr/2026:21:14:58 +0700] "GET /?sitemap109.xml HTTP/2" 200 25531 "-" "Mozilla/5.0 AppleWebKit/537.36 (KHTML, like Gecko; compatible; GPTBot/1.3; +https://openai.com/gptbot)"
74.7.241.49 - - [18/Apr/2026:21:15:03 +0700] "GET /?path=%2Fhome%2Fntu100%2F.cagefs%2Ftmp&view_file=%2Fhome%2Fntu100%2F.cagefs%2Ftmp%2FphpEK9pEi HTTP/2" 200 25591 "https://ntu100.vpsttt.vn/?path=%2Fhome%2Fntu100%2F.cagefs%2Ftmp&view_file=%2Fhome%2Fntu100%2F.cagefs%2Ftmp%2FphpvdZNHB" "Mozilla/5.0 AppleWebKit/537.36 (KHTML, like Gecko; compatible; GPTBot/1.3; +https://openai.com/gptbot)"
74.7.241.49 - - [18/Apr/2026:21:15:08 +0700] "GET /?path=%2Fhome%2Fntu100%2F.cagefs%2Ftmp&view_file=%2Fhome%2Fntu100%2F.cagefs%2Ftmp%2FphpOHiouW HTTP/2" 200 25576 "https://ntu100.vpsttt.vn/?path=%2Fhome%2Fntu100%2F.cagefs%2Ftmp&view_file=%2Fhome%2Fntu100%2F.cagefs%2Ftmp%2FphpgFoDmH" "Mozilla/5.0 AppleWebKit/537.36 (KHTML, like Gecko; compatible; GPTBot/1.3; +https://openai.com/gptbot)"
74.7.241.49 - - [18/Apr/2026:21:15:14 +0700] "GET /?path=%2Fhome%2Fntu100%2F.cagefs%2Ftmp&view_file=%2Fhome%2Fntu100%2F.cagefs%2Ftmp%2FphpC8lhMB HTTP/2" 200 25588 "https://ntu100.vpsttt.vn/?path=%2Fhome%2Fntu100%2F.cagefs%2Ftmp&view_file=%2Fhome%2Fntu100%2F.cagefs%2Ftmp%2FphpvdZNHB" "Mozilla/5.0 AppleWebKit/537.36 (KHTML, like Gecko; compatible; GPTBot/1.3; +https://openai.com/gptbot)"
74.7.241.49 - - [18/Apr/2026:21:15:19 +0700] "GET /?path=%2Fhome%2Fntu100%2F.cagefs%2Ftmp&view_file=%2Fhome%2Fntu100%2F.cagefs%2Ftmp%2Fphp0dnvqV HTTP/2" 200 25599 "https://ntu100.vpsttt.vn/?path=%2Fhome%2Fntu100%2F.cagefs%2Ftmp&view_file=%2Fhome%2Fntu100%2F.cagefs%2Ftmp%2FphpbUm5zX" "Mozilla/5.0 AppleWebKit/537.36 (KHTML, like Gecko; compatible; GPTBot/1.3; +https://openai.com/gptbot)"
74.7.241.49 - - [18/Apr/2026:21:15:24 +0700] "GET /?path=%2Fhome%2Fntu100%2F.cagefs%2Ftmp&view_file=%2Fhome%2Fntu100%2F.cagefs%2Ftmp%2FphpYLxut0 HTTP/2" 200 25578 "https://ntu100.vpsttt.vn/?path=%2Fhome%2Fntu100%2F.cagefs%2Ftmp&view_file=%2Fhome%2Fntu100%2F.cagefs%2Ftmp%2FphpvPQ0qk" "Mozilla/5.0 AppleWebKit/537.36 (KHTML, like Gecko; compatible; GPTBot/1.3; +https://openai.com/gptbot)"
74.7.241.49 - - [18/Apr/2026:21:15:29 +0700] "GET /?path=%2Fhome%2Fntu100%2F.cagefs%2Ftmp&view_file=%2Fhome%2Fntu100%2F.cagefs%2Ftmp%2Fphpvrw2Pt HTTP/2" 200 25586 "https://ntu100.vpsttt.vn/?path=%2Fhome%2Fntu100%2F.cagefs%2Ftmp&view_file=%2Fhome%2Fntu100%2F.cagefs%2Ftmp%2FphpnYs9Dh" "Mozilla/5.0 AppleWebKit/537.36 (KHTML, like Gecko; compatible; GPTBot/1.3; +https://openai.com/gptbot)"
74.7.241.49 - - [18/Apr/2026:21:15:34 +0700] "GET /?path=%2Fhome%2Fntu100%2F.cagefs%2Ftmp&view_file=%2Fhome%2Fntu100%2F.cagefs%2Ftmp%2FphpIQ5apf HTTP/2" 200 25590 "https://ntu100.vpsttt.vn/?path=%2Fhome%2Fntu100%2F.cagefs%2Ftmp&view_file=%2Fhome%2Fntu100%2F.cagefs%2Ftmp%2FphpnYs9Dh" "Mozilla/5.0 AppleWebKit/537.36 (KHTML, like Gecko; compatible; GPTBot/1.3; +https://openai.com/gptbot)"
74.7.241.49 - - [18/Apr/2026:21:15:39 +0700] "GET /?path=%2Fhome%2Fntu100%2F.cagefs%2Ftmp&view_file=%2Fhome%2Fntu100%2F.cagefs%2Ftmp%2FphpwetoyQ HTTP/2" 200 25578 "https://ntu100.vpsttt.vn/?path=%2Fhome%2Fntu100%2F.cagefs%2Ftmp&view_file=%2Fhome%2Fntu100%2F.cagefs%2Ftmp%2Fphp6HeAfs" "Mozilla/5.0 AppleWebKit/537.36 (KHTML, like Gecko; compatible; GPTBot/1.3; +https://openai.com/gptbot)"
74.7.241.49 - - [18/Apr/2026:21:15:46 +0700] "GET /?path=%2Fhome%2Fntu100%2F.cagefs%2Ftmp&view_file=%2Fhome%2Fntu100%2F.cagefs%2Ftmp%2Fphpe1ohUC HTTP/2" 200 25583 "https://ntu100.vpsttt.vn/?path=%2Fhome%2Fntu100%2F.cagefs%2Ftmp&view_file=%2Fhome%2Fntu100%2F.cagefs%2Ftmp%2FphpcCwJ2E" "Mozilla/5.0 AppleWebKit/537.36 (KHTML, like Gecko; compatible; GPTBot/1.3; +https://openai.com/gptbot)"
74.7.241.49 - - [18/Apr/2026:21:15:51 +0700] "GET /?path=%2Fhome%2Fntu100%2F.cagefs%2Ftmp&view_file=%2Fhome%2Fntu100%2F.cagefs%2Ftmp%2FphphPnt1m HTTP/2" 200 25594 "https://ntu100.vpsttt.vn/?path=%2Fhome%2Fntu100%2F.cagefs%2Ftmp&view_file=%2Fhome%2Fntu100%2F.cagefs%2Ftmp%2FphpfxKGKl" "Mozilla/5.0 AppleWebKit/537.36 (KHTML, like Gecko; compatible; GPTBot/1.3; +https://openai.com/gptbot)"
74.7.241.51 - - [18/Apr/2026:21:15:36 +0700] "GET /index.php?path=%2Fhome%2Fntu100%2F.cagefs%2Ftmp&view_file=%2Fhome%2Fntu100%2F.cagefs%2Ftmp%2FphpFd0lci HTTP/2" 200 1593 "https://www.ntu100.vpsttt.vn/index.php?path=%2Fhome%2Fntu100%2F.cagefs%2Ftmp&view_file=%2Fhome%2Fntu100%2F.cagefs%2Ftmp%2FphpC1AJko" "Mozilla/5.0 AppleWebKit/537.36 (KHTML, like Gecko; compatible; GPTBot/1.3; +https://openai.com/gptbot)"
74.7.241.51 - - [18/Apr/2026:21:15:40 +0700] "GET /index.php?path=%2Fhome%2Fntu100%2F.cagefs%2Ftmp&view_file=%2Fhome%2Fntu100%2F.cagefs%2Ftmp%2FphpMGGQIg HTTP/2" 200 1593 "https://www.ntu100.vpsttt.vn/index.php?path=%2Fhome%2Fntu100%2F.cagefs%2Ftmp&view_file=%2Fhome%2Fntu100%2F.cagefs%2Ftmp%2FphpnnMNKK" "Mozilla/5.0 AppleWebKit/537.36 (KHTML, like Gecko; compatible; GPTBot/1.3; +https://openai.com/gptbot)"
74.7.241.51 - - [18/Apr/2026:21:15:46 +0700] "GET /index.php?path=%2Fhome%2Fntu100%2F.cagefs%2Ftmp&view_file=%2Fhome%2Fntu100%2F.cagefs%2Ftmp%2Fphpjuhz3k HTTP/2" 200 1597 "https://www.ntu100.vpsttt.vn/index.php?path=%2Fhome%2Fntu100%2F.cagefs%2Ftmp&view_file=%2Fhome%2Fntu100%2F.cagefs%2Ftmp%2FphpVlHH5I" "Mozilla/5.0 AppleWebKit/537.36 (KHTML, like Gecko; compatible; GPTBot/1.3; +https://openai.com/gptbot)"
74.7.241.51 - - [18/Apr/2026:21:15:50 +0700] "GET /index.php?path=%2Fhome%2Fntu100%2F.cagefs%2Ftmp&view_file=%2Fhome%2Fntu100%2F.cagefs%2Ftmp%2FphpqK6qmI HTTP/2" 200 1593 "https://www.ntu100.vpsttt.vn/index.php?path=%2Fhome%2Fntu100%2F.cagefs%2Ftmp&view_file=%2Fhome%2Fntu100%2F.cagefs%2Ftmp%2FphpVlHH5I" "Mozilla/5.0 AppleWebKit/537.36 (KHTML, like Gecko; compatible; GPTBot/1.3; +https://openai.com/gptbot)"
74.7.241.51 - - [18/Apr/2026:21:15:54 +0700] "GET /index.php?path=%2Fhome%2Fntu100%2F.cagefs%2Ftmp&view_file=%2Fhome%2Fntu100%2F.cagefs%2Ftmp%2FphpjS4Ka3 HTTP/2" 200 1596 "https://www.ntu100.vpsttt.vn/index.php?path=%2Fhome%2Fntu100%2F.cagefs%2Ftmp&view_file=%2Fhome%2Fntu100%2F.cagefs%2Ftmp%2FphpW6mOJb" "Mozilla/5.0 AppleWebKit/537.36 (KHTML, like Gecko; compatible; GPTBot/1.3; +https://openai.com/gptbot)"
74.7.241.51 - - [18/Apr/2026:21:15:57 +0700] "GET /index.php?path=%2Fhome%2Fntu100%2F.cagefs%2Ftmp&view_file=%2Fhome%2Fntu100%2F.cagefs%2Ftmp%2FphpRrvpwX HTTP/2" 200 1593 "https://www.ntu100.vpsttt.vn/index.php?path=%2Fhome%2Fntu100%2F.cagefs%2Ftmp&view_file=%2Fhome%2Fntu100%2F.cagefs%2Ftmp%2FphpFMQ9kh" "Mozilla/5.0 AppleWebKit/537.36 (KHTML, like Gecko; compatible; GPTBot/1.3; +https://openai.com/gptbot)"
74.7.241.51 - - [18/Apr/2026:21:16:02 +0700] "GET /index.php?path=%2Fhome%2Fntu100%2F.cagefs%2Ftmp&view_file=%2Fhome%2Fntu100%2F.cagefs%2Ftmp%2Fphpglzw4x HTTP/2" 200 1595 "https://www.ntu100.vpsttt.vn/index.php?path=%2Fhome%2Fntu100%2F.cagefs%2Ftmp&view_file=%2Fhome%2Fntu100%2F.cagefs%2Ftmp%2FphpFMQ9kh" "Mozilla/5.0 AppleWebKit/537.36 (KHTML, like Gecko; compatible; GPTBot/1.3; +https://openai.com/gptbot)"
74.7.241.51 - - [18/Apr/2026:21:16:06 +0700] "GET /index.php?path=%2Fhome%2Fntu100%2F.cagefs%2Ftmp&view_file=%2Fhome%2Fntu100%2F.cagefs%2Ftmp%2FphpDwdHQH HTTP/2" 200 1594 "https://www.ntu100.vpsttt.vn/index.php?path=%2Fhome%2Fntu100%2F.cagefs%2Ftmp&view_file=%2Fhome%2Fntu100%2F.cagefs%2Ftmp%2FphpkpU26T" "Mozilla/5.0 AppleWebKit/537.36 (KHTML, like Gecko; compatible; GPTBot/1.3; +https://openai.com/gptbot)"
74.7.241.51 - - [18/Apr/2026:21:16:10 +0700] "GET /index.php?path=%2Fhome%2Fntu100%2F.cagefs%2Ftmp&view_file=%2Fhome%2Fntu100%2F.cagefs%2Ftmp%2Fphp2oU9Zg HTTP/2" 200 1596 "https://www.ntu100.vpsttt.vn/index.php?path=%2Fhome%2Fntu100%2F.cagefs%2Ftmp&view_file=%2Fhome%2Fntu100%2F.cagefs%2Ftmp%2FphpRnwL5C" "Mozilla/5.0 AppleWebKit/537.36 (KHTML, like Gecko; compatible; GPTBot/1.3; +https://openai.com/gptbot)"
74.7.242.9 - - [18/Apr/2026:21:15:46 +0700] "GET /?path=%2Fhome%2Fntu100%2F.cagefs%2Ftmp&view_file=%2Fhome%2Fntu100%2F.cagefs%2Ftmp%2FphpTvtSwY HTTP/2" 200 25578 "https://mail.ntu100.vpsttt.vn/?path=%2Fhome%2Fntu100%2F.cagefs%2Ftmp&view_file=%2Fhome%2Fntu100%2F.cagefs%2Ftmp%2FphpG5YOfv" "Mozilla/5.0 AppleWebKit/537.36 (KHTML, like Gecko; compatible; GPTBot/1.3; +https://openai.com/gptbot)"
74.7.242.9 - - [18/Apr/2026:21:15:51 +0700] "GET /?path=%2Fhome%2Fntu100%2F.cagefs%2Ftmp&view_file=%2Fhome%2Fntu100%2F.cagefs%2Ftmp%2Fphpivsjbb HTTP/2" 200 25602 "https://mail.ntu100.vpsttt.vn/?path=%2Fhome%2Fntu100%2F.cagefs%2Ftmp&view_file=%2Fhome%2Fntu100%2F.cagefs%2Ftmp%2FphpchuEI0" "Mozilla/5.0 AppleWebKit/537.36 (KHTML, like Gecko; compatible; GPTBot/1.3; +https://openai.com/gptbot)"
74.7.242.9 - - [18/Apr/2026:21:15:56 +0700] "GET /?path=%2Fhome%2Fntu100%2F.cagefs%2Ftmp&view_file=%2Fhome%2Fntu100%2F.cagefs%2Ftmp%2FphprXQDq6 HTTP/2" 200 25590 "https://mail.ntu100.vpsttt.vn/?path=%2Fhome%2Fntu100%2F.cagefs%2Ftmp&view_file=%2Fhome%2Fntu100%2F.cagefs%2Ftmp%2FphpKBnifr" "Mozilla/5.0 AppleWebKit/537.36 (KHTML, like Gecko; compatible; GPTBot/1.3; +https://openai.com/gptbot)"
74.7.242.9 - - [18/Apr/2026:21:16:02 +0700] "GET /?path=%2Fhome%2Fntu100%2F.cagefs%2Ftmp&view_file=%2Fhome%2Fntu100%2F.cagefs%2Ftmp%2FphpToO8MR HTTP/2" 200 25598 "https://mail.ntu100.vpsttt.vn/?path=%2Fhome%2Fntu100%2F.cagefs%2Ftmp&view_file=%2Fhome%2Fntu100%2F.cagefs%2Ftmp%2FphpxefYJ7" "Mozilla/5.0 AppleWebKit/537.36 (KHTML, like Gecko; compatible; GPTBot/1.3; +https://openai.com/gptbot)"
74.7.242.9 - - [18/Apr/2026:21:16:06 +0700] "GET /?path=%2Fhome%2Fntu100%2F.cagefs%2Ftmp&view_file=%2Fhome%2Fntu100%2F.cagefs%2Ftmp%2FphpTVpggu HTTP/2" 200 25567 "https://mail.ntu100.vpsttt.vn/?path=%2Fhome%2Fntu100%2F.cagefs%2Ftmp&view_file=%2Fhome%2Fntu100%2F.cagefs%2Ftmp%2FphpkTxWsQ" "Mozilla/5.0 AppleWebKit/537.36 (KHTML, like Gecko; compatible; GPTBot/1.3; +https://openai.com/gptbot)"
74.7.242.9 - - [18/Apr/2026:21:16:12 +0700] "GET /?path=%2Fhome%2Fntu100%2F.cagefs%2Ftmp&view_file=%2Fhome%2Fntu100%2F.cagefs%2Ftmp%2FphpyNPuU8 HTTP/2" 200 25596 "https://mail.ntu100.vpsttt.vn/?path=%2Fhome%2Fntu100%2F.cagefs%2Ftmp&view_file=%2Fhome%2Fntu100%2F.cagefs%2Ftmp%2FphpGgyBzW" "Mozilla/5.0 AppleWebKit/537.36 (KHTML, like Gecko; compatible; GPTBot/1.3; +https://openai.com/gptbot)"
74.7.242.9 - - [18/Apr/2026:21:16:17 +0700] "GET /?path=%2Fhome%2Fntu100%2F.cagefs%2Ftmp&view_file=%2Fhome%2Fntu100%2F.cagefs%2Ftmp%2FphpPFFx2f HTTP/2" 200 25595 "https://mail.ntu100.vpsttt.vn/?path=%2Fhome%2Fntu100%2F.cagefs%2Ftmp&view_file=%2Fhome%2Fntu100%2F.cagefs%2Ftmp%2FphpdP2LsU" "Mozilla/5.0 AppleWebKit/537.36 (KHTML, like Gecko; compatible; GPTBot/1.3; +https://openai.com/gptbot)"
74.7.242.9 - - [18/Apr/2026:21:16:22 +0700] "GET /?path=%2Fhome%2Fntu100%2F.cagefs%2Ftmp&view_file=%2Fhome%2Fntu100%2F.cagefs%2Ftmp%2FphpAFIWWT HTTP/2" 200 25567 "https://mail.ntu100.vpsttt.vn/?path=%2Fhome%2Fntu100%2F.cagefs%2Ftmp&view_file=%2Fhome%2Fntu100%2F.cagefs%2Ftmp%2FphpWJtMwA" "Mozilla/5.0 AppleWebKit/537.36 (KHTML, like Gecko; compatible; GPTBot/1.3; +https://openai.com/gptbot)"
74.7.242.9 - - [18/Apr/2026:21:16:27 +0700] "GET /?path=%2Fhome%2Fntu100%2F.cagefs%2Ftmp&view_file=%2Fhome%2Fntu100%2F.cagefs%2Ftmp%2FphpZgeEXh HTTP/2" 200 25593 "https://mail.ntu100.vpsttt.vn/?path=%2Fhome%2Fntu100%2F.cagefs%2Ftmp&view_file=%2Fhome%2Fntu100%2F.cagefs%2Ftmp%2FphpNXmaZK" "Mozilla/5.0 AppleWebKit/537.36 (KHTML, like Gecko; compatible; GPTBot/1.3; +https://openai.com/gptbot)"
74.7.242.9 - - [18/Apr/2026:21:16:32 +0700] "GET /?path=%2Fhome%2Fntu100%2F.cagefs%2Ftmp&view_file=%2Fhome%2Fntu100%2F.cagefs%2Ftmp%2FphpB1kjhu HTTP/2" 200 25575 "https://mail.ntu100.vpsttt.vn/?path=%2Fhome%2Fntu100%2F.cagefs%2Ftmp&view_file=%2Fhome%2Fntu100%2F.cagefs%2Ftmp%2Fphp0JsYzt" "Mozilla/5.0 AppleWebKit/537.36 (KHTML, like Gecko; compatible; GPTBot/1.3; +https://openai.com/gptbot)"
74.7.241.49 - - [18/Apr/2026:21:15:56 +0700] "GET /?path=%2Fhome%2Fntu100%2F.cagefs%2Ftmp&view_file=%2Fhome%2Fntu100%2F.cagefs%2Ftmp%2FphpJREiKC HTTP/2" 200 25590 "https://ntu100.vpsttt.vn/?path=%2Fhome%2Fntu100%2F.cagefs%2Ftmp&view_file=%2Fhome%2Fntu100%2F.cagefs%2Ftmp%2FphpvPQ0qk" "Mozilla/5.0 AppleWebKit/537.36 (KHTML, like Gecko; compatible; GPTBot/1.3; +https://openai.com/gptbot)"
74.7.241.49 - - [18/Apr/2026:21:16:01 +0700] "GET /?path=%2Fhome%2Fntu100%2F.cagefs%2Ftmp&view_file=%2Fhome%2Fntu100%2F.cagefs%2Ftmp%2FphpY3dNOh HTTP/2" 200 25568 "https://ntu100.vpsttt.vn/?path=%2Fhome%2Fntu100%2F.cagefs%2Ftmp&view_file=%2Fhome%2Fntu100%2F.cagefs%2Ftmp%2FphpEK9pEi" "Mozilla/5.0 AppleWebKit/537.36 (KHTML, like Gecko; compatible; GPTBot/1.3; +https://openai.com/gptbot)"
74.7.241.49 - - [18/Apr/2026:21:16:06 +0700] "GET /?path=%2Fhome%2Fntu100%2F.cagefs%2Ftmp&view_file=%2Fhome%2Fntu100%2F.cagefs%2Ftmp%2FphpYzOyNx HTTP/2" 200 25583 "https://ntu100.vpsttt.vn/?path=%2Fhome%2Fntu100%2F.cagefs%2Ftmp&view_file=%2Fhome%2Fntu100%2F.cagefs%2Ftmp%2Fphprhwl9s" "Mozilla/5.0 AppleWebKit/537.36 (KHTML, like Gecko; compatible; GPTBot/1.3; +https://openai.com/gptbot)"
74.7.241.49 - - [18/Apr/2026:21:16:11 +0700] "GET /?path=%2Fhome%2Fntu100%2F.cagefs%2Ftmp&view_file=%2Fhome%2Fntu100%2F.cagefs%2Ftmp%2Fphpn2hEkW HTTP/2" 200 25555 "https://ntu100.vpsttt.vn/?path=%2Fhome%2Fntu100%2F.cagefs%2Ftmp&view_file=%2Fhome%2Fntu100%2F.cagefs%2Ftmp%2FphpC8lhMB" "Mozilla/5.0 AppleWebKit/537.36 (KHTML, like Gecko; compatible; GPTBot/1.3; +https://openai.com/gptbot)"
74.7.241.49 - - [18/Apr/2026:21:16:16 +0700] "GET /?path=%2Fhome%2Fntu100%2F.cagefs%2Ftmp&view_file=%2Fhome%2Fntu100%2F.cagefs%2Ftmp%2FphpwAuy1j HTTP/2" 200 25593 "https://ntu100.vpsttt.vn/?path=%2Fhome%2Fntu100%2F.cagefs%2Ftmp&view_file=%2Fhome%2Fntu100%2F.cagefs%2Ftmp%2FphpC8lhMB" "Mozilla/5.0 AppleWebKit/537.36 (KHTML, like Gecko; compatible; GPTBot/1.3; +https://openai.com/gptbot)"
74.7.241.49 - - [18/Apr/2026:21:16:21 +0700] "GET /?path=%2Fhome%2Fntu100%2F.cagefs%2Ftmp&view_file=%2Fhome%2Fntu100%2F.cagefs%2Ftmp%2Fphp5zLblH HTTP/2" 200 25567 "https://ntu100.vpsttt.vn/?path=%2Fhome%2Fntu100%2F.cagefs%2Ftmp&view_file=%2Fhome%2Fntu100%2F.cagefs%2Ftmp%2FphpYLxut0" "Mozilla/5.0 AppleWebKit/537.36 (KHTML, like Gecko; compatible; GPTBot/1.3; +https://openai.com/gptbot)"
74.7.241.49 - - [18/Apr/2026:21:16:26 +0700] "GET /?path=%2Fhome%2Fntu100%2F.cagefs%2Ftmp&view_file=%2Fhome%2Fntu100%2F.cagefs%2Ftmp%2FphpkspVVc HTTP/2" 200 25578 "https://ntu100.vpsttt.vn/?path=%2Fhome%2Fntu100%2F.cagefs%2Ftmp&view_file=%2Fhome%2Fntu100%2F.cagefs%2Ftmp%2Fphpvrw2Pt" "Mozilla/5.0 AppleWebKit/537.36 (KHTML, like Gecko; compatible; GPTBot/1.3; +https://openai.com/gptbot)"
74.7.241.49 - - [18/Apr/2026:21:16:31 +0700] "GET /?path=%2Fhome%2Fntu100%2F.cagefs%2Ftmp&view_file=%2Fhome%2Fntu100%2F.cagefs%2Ftmp%2FphpSEvsao HTTP/2" 200 25587 "https://ntu100.vpsttt.vn/?path=%2Fhome%2Fntu100%2F.cagefs%2Ftmp&view_file=%2Fhome%2Fntu100%2F.cagefs%2Ftmp%2FphpIQ5apf" "Mozilla/5.0 AppleWebKit/537.36 (KHTML, like Gecko; compatible; GPTBot/1.3; +https://openai.com/gptbot)"
74.7.241.49 - - [18/Apr/2026:21:16:37 +0700] "GET /?path=%2Fhome%2Fntu100%2F.cagefs%2Ftmp&view_file=%2Fhome%2Fntu100%2F.cagefs%2Ftmp%2FphpZY1Icm HTTP/2" 200 25592 "https://ntu100.vpsttt.vn/?path=%2Fhome%2Fntu100%2F.cagefs%2Ftmp&view_file=%2Fhome%2Fntu100%2F.cagefs%2Ftmp%2Fphpvrw2Pt" "Mozilla/5.0 AppleWebKit/537.36 (KHTML, like Gecko; compatible; GPTBot/1.3; +https://openai.com/gptbot)"
74.7.241.49 - - [18/Apr/2026:21:16:43 +0700] "GET /?path=%2Fhome%2Fntu100%2F.cagefs%2Ftmp&view_file=%2Fhome%2Fntu100%2F.cagefs%2Ftmp%2FphpIFeBmX HTTP/2" 200 25564 "https://ntu100.vpsttt.vn/?path=%2Fhome%2Fntu100%2F.cagefs%2Ftmp&view_file=%2Fhome%2Fntu100%2F.cagefs%2Ftmp%2Fphpe1ohUC" "Mozilla/5.0 AppleWebKit/537.36 (KHTML, like Gecko; compatible; GPTBot/1.3; +https://openai.com/gptbot)"
74.7.241.51 - - [18/Apr/2026:21:16:15 +0700] "GET /index.php?path=%2Fhome%2Fntu100%2F.cagefs%2Ftmp&view_file=%2Fhome%2Fntu100%2F.cagefs%2Ftmp%2Fphpx9HniY HTTP/2" 200 1597 "https://www.ntu100.vpsttt.vn/index.php?path=%2Fhome%2Fntu100%2F.cagefs%2Ftmp&view_file=%2Fhome%2Fntu100%2F.cagefs%2Ftmp%2FphpLaYFKb" "Mozilla/5.0 AppleWebKit/537.36 (KHTML, like Gecko; compatible; GPTBot/1.3; +https://openai.com/gptbot)"
74.7.241.51 - - [18/Apr/2026:21:16:19 +0700] "GET /index.php?path=%2Fhome%2Fntu100%2F.cagefs%2Ftmp&view_file=%2Fhome%2Fntu100%2F.cagefs%2Ftmp%2FphpJzvsMV HTTP/2" 200 1593 "https://www.ntu100.vpsttt.vn/index.php?path=%2Fhome%2Fntu100%2F.cagefs%2Ftmp&view_file=%2Fhome%2Fntu100%2F.cagefs%2Ftmp%2FphpOTXJBa" "Mozilla/5.0 AppleWebKit/537.36 (KHTML, like Gecko; compatible; GPTBot/1.3; +https://openai.com/gptbot)"
74.7.241.51 - - [18/Apr/2026:21:16:22 +0700] "GET /index.php?path=%2Fhome%2Fntu100%2F.cagefs%2Ftmp&view_file=%2Fhome%2Fntu100%2F.cagefs%2Ftmp%2Fphps7gqhZ HTTP/2" 200 1595 "https://www.ntu100.vpsttt.vn/index.php?path=%2Fhome%2Fntu100%2F.cagefs%2Ftmp&view_file=%2Fhome%2Fntu100%2F.cagefs%2Ftmp%2FphpFd0lci" "Mozilla/5.0 AppleWebKit/537.36 (KHTML, like Gecko; compatible; GPTBot/1.3; +https://openai.com/gptbot)"
74.7.241.51 - - [18/Apr/2026:21:16:27 +0700] "GET /index.php?path=%2Fhome%2Fntu100%2F.cagefs%2Ftmp&view_file=%2Fhome%2Fntu100%2F.cagefs%2Ftmp%2Fphpcz1d7c HTTP/2" 200 1595 "https://www.ntu100.vpsttt.vn/index.php?path=%2Fhome%2Fntu100%2F.cagefs%2Ftmp&view_file=%2Fhome%2Fntu100%2F.cagefs%2Ftmp%2FphpMGGQIg" "Mozilla/5.0 AppleWebKit/537.36 (KHTML, like Gecko; compatible; GPTBot/1.3; +https://openai.com/gptbot)"
74.7.241.51 - - [18/Apr/2026:21:16:31 +0700] "GET /index.php?path=%2Fhome%2Fntu100%2F.cagefs%2Ftmp&view_file=%2Fhome%2Fntu100%2F.cagefs%2Ftmp%2FphpzlqpCD HTTP/2" 200 1597 "https://www.ntu100.vpsttt.vn/index.php?path=%2Fhome%2Fntu100%2F.cagefs%2Ftmp&view_file=%2Fhome%2Fntu100%2F.cagefs%2Ftmp%2Fphpjuhz3k" "Mozilla/5.0 AppleWebKit/537.36 (KHTML, like Gecko; compatible; GPTBot/1.3; +https://openai.com/gptbot)"
74.7.241.51 - - [18/Apr/2026:21:16:35 +0700] "GET /index.php?path=%2Fhome%2Fntu100%2F.cagefs%2Ftmp&view_file=%2Fhome%2Fntu100%2F.cagefs%2Ftmp%2Fphp7nkTnd HTTP/2" 200 1592 "https://www.ntu100.vpsttt.vn/index.php?path=%2Fhome%2Fntu100%2F.cagefs%2Ftmp&view_file=%2Fhome%2Fntu100%2F.cagefs%2Ftmp%2FphpMGGQIg" "Mozilla/5.0 AppleWebKit/537.36 (KHTML, like Gecko; compatible; GPTBot/1.3; +https://openai.com/gptbot)"
74.7.241.51 - - [18/Apr/2026:21:16:40 +0700] "GET /index.php?path=%2Fhome%2Fntu100%2F.cagefs%2Ftmp&view_file=%2Fhome%2Fntu100%2F.cagefs%2Ftmp%2FphpB9EnQY HTTP/2" 200 1595 "https://www.ntu100.vpsttt.vn/index.php?path=%2Fhome%2Fntu100%2F.cagefs%2Ftmp&view_file=%2Fhome%2Fntu100%2F.cagefs%2Ftmp%2FphpqK6qmI" "Mozilla/5.0 AppleWebKit/537.36 (KHTML, like Gecko; compatible; GPTBot/1.3; +https://openai.com/gptbot)"
74.7.241.51 - - [18/Apr/2026:21:16:45 +0700] "GET /index.php?path=%2Fhome%2Fntu100%2F.cagefs%2Ftmp&view_file=%2Fhome%2Fntu100%2F.cagefs%2Ftmp%2FphpZeMrCF HTTP/2" 200 1592 "https://www.ntu100.vpsttt.vn/index.php?path=%2Fhome%2Fntu100%2F.cagefs%2Ftmp&view_file=%2Fhome%2Fntu100%2F.cagefs%2Ftmp%2FphpRrvpwX" "Mozilla/5.0 AppleWebKit/537.36 (KHTML, like Gecko; compatible; GPTBot/1.3; +https://openai.com/gptbot)"
74.7.241.51 - - [18/Apr/2026:21:16:50 +0700] "GET /index.php?path=%2Fhome%2Fntu100%2F.cagefs%2Ftmp&view_file=%2Fhome%2Fntu100%2F.cagefs%2Ftmp%2Fphp2GRNI1 HTTP/2" 200 1593 "https://www.ntu100.vpsttt.vn/index.php?path=%2Fhome%2Fntu100%2F.cagefs%2Ftmp&view_file=%2Fhome%2Fntu100%2F.cagefs%2Ftmp%2Fphpglzw4x" "Mozilla/5.0 AppleWebKit/537.36 (KHTML, like Gecko; compatible; GPTBot/1.3; +https://openai.com/gptbot)"
74.7.242.9 - - [18/Apr/2026:21:16:37 +0700] "GET /?path=%2Fhome%2Fntu100%2F.cagefs%2Ftmp&view_file=%2Fhome%2Fntu100%2F.cagefs%2Ftmp%2Fphpj5DgEA HTTP/2" 200 25600 "https://mail.ntu100.vpsttt.vn/?path=%2Fhome%2Fntu100%2F.cagefs%2Ftmp&view_file=%2Fhome%2Fntu100%2F.cagefs%2Ftmp%2FphpkTxWsQ" "Mozilla/5.0 AppleWebKit/537.36 (KHTML, like Gecko; compatible; GPTBot/1.3; +https://openai.com/gptbot)"
103.178.235.9 - - [18/Apr/2026:21:16:42 +0700] "POST /wp-admin/admin-ajax.php?action=async_litespeed&nonce=WGhkcKtyUSHfdGxYg0tvX34eZcYMHXjR&litespeed_type=imgoptm HTTP/1.1" 200 3175 "-" "WordPress/6.9.4; https://ntu100.vpsttt.vn"
74.7.242.9 - - [18/Apr/2026:21:16:44 +0700] "GET /?path=%2Fhome%2Fntu100%2F.cagefs%2Ftmp&view_file=%2Fhome%2Fntu100%2F.cagefs%2Ftmp%2FphplTeYSH HTTP/2" 200 25587 "https://mail.ntu100.vpsttt.vn/?path=%2Fhome%2Fntu100%2F.cagefs%2Ftmp&view_file=%2Fhome%2Fntu100%2F.cagefs%2Ftmp%2Fphp5ePFWc" "Mozilla/5.0 AppleWebKit/537.36 (KHTML, like Gecko; compatible; GPTBot/1.3; +https://openai.com/gptbot)"
74.7.242.9 - - [18/Apr/2026:21:16:49 +0700] "GET /?path=%2Fhome%2Fntu100%2F.cagefs%2Ftmp&view_file=%2Fhome%2Fntu100%2F.cagefs%2Ftmp%2FphpS6rUzH HTTP/2" 200 25586 "https://mail.ntu100.vpsttt.vn/?path=%2Fhome%2Fntu100%2F.cagefs%2Ftmp&view_file=%2Fhome%2Fntu100%2F.cagefs%2Ftmp%2Fphpivsjbb" "Mozilla/5.0 AppleWebKit/537.36 (KHTML, like Gecko; compatible; GPTBot/1.3; +https://openai.com/gptbot)"
